{"id":112,"date":"2018-04-17T16:51:01","date_gmt":"2018-04-17T19:51:01","guid":{"rendered":"https:\/\/wp.ufpel.edu.br\/essete7\/?page_id=112"},"modified":"2018-05-14T15:27:17","modified_gmt":"2018-05-14T18:27:17","slug":"a-cidade-santa-maria","status":"publish","type":"page","link":"https:\/\/wp.ufpel.edu.br\/essete7\/a-cidade-santa-maria\/","title":{"rendered":"A cidade de Santa Maria"},"content":{"rendered":"<p style=\"text-align: justify\"><span style=\"color: #000000;font-size: 14pt\">Com quase 280 mil habitantes, segundo estimativas do Instituto Brasileiro de Geografia e Estat\u00edstica (IBGE, 2015), Santa Maria \u00e9 considerada uma cidade media e de grande influ\u00eancia na regi\u00e3o central do estado. \u00c9 a 5<sup>a <\/sup>cidade mais populosa do Rio Grande do Sul e, isoladamente, a maior de sua regi\u00e3o.<\/span><\/p>\n<p style=\"text-align: justify\"><span style=\"color: #000000;font-size: 14pt\">Santa Maria \u00e9 considerada cidade universit\u00e1ria gra\u00e7as \u00e0 Universidade Federal de Santa Maria, criada por Jos\u00e9 Mariano da Rocha Filho. Al\u00e9m da UFSM, \u00a0possui mais sete institui\u00e7\u00f5es de ensino superior.<\/span><\/p>\n<p style=\"text-align: justify\"><span style=\"font-size: 14pt\"><span style=\"color: #000000\">Com rela\u00e7\u00e3o ao turismo, a Secretaria Municipal de Turismo disponibiliza \u00d4nibus Tur\u00edsticos com dois itiner\u00e1rios, possibilitando visitar o centro hist\u00f3rico do munic\u00edpio e regi\u00e3o. Ainda, turismo de aventura, paleontol\u00f3gico, religioso e rural podem ser feitos e maiores informa\u00e7\u00f5es podem ser obtidas em<\/span> <a href=\"http:\/\/www.santamaria.rs.gov.br\/turismo\">www.santamaria.rs.gov.br\/turismo<\/a>.<\/span><\/p>\n<p><img loading=\"lazy\" decoding=\"async\" class=\"wp-image-114 size-medium aligncenter\" src=\"https:\/\/wp.ufpel.edu.br\/essete7\/files\/2018\/04\/1-Av.-Rio-Barnco-Noturna-400x268.jpg\" alt=\"\" width=\"400\" height=\"268\" srcset=\"https:\/\/wp.ufpel.edu.br\/essete7\/files\/2018\/04\/1-Av.-Rio-Barnco-Noturna-400x268.jpg 400w, https:\/\/wp.ufpel.edu.br\/essete7\/files\/2018\/04\/1-Av.-Rio-Barnco-Noturna-768x515.jpg 768w, https:\/\/wp.ufpel.edu.br\/essete7\/files\/2018\/04\/1-Av.-Rio-Barnco-Noturna-272x182.jpg 272w, https:\/\/wp.ufpel.edu.br\/essete7\/files\/2018\/04\/1-Av.-Rio-Barnco-Noturna.jpg 800w\" sizes=\"auto, (max-width: 400px) 100vw, 400px\" \/><\/p>\n<p style=\"text-align: center\">Av. Rio Branco &#8211; Arquivo Secretaria de Turismo<\/p>\n<p style=\"text-align: center\"><img loading=\"lazy\" decoding=\"async\" class=\"aligncenter size-medium wp-image-115\" src=\"https:\/\/wp.ufpel.edu.br\/essete7\/files\/2018\/04\/2-Av.-Rio-Branco-400x266.jpg\" alt=\"\" width=\"400\" height=\"266\" srcset=\"https:\/\/wp.ufpel.edu.br\/essete7\/files\/2018\/04\/2-Av.-Rio-Branco-400x266.jpg 400w, https:\/\/wp.ufpel.edu.br\/essete7\/files\/2018\/04\/2-Av.-Rio-Branco-768x510.jpg 768w, https:\/\/wp.ufpel.edu.br\/essete7\/files\/2018\/04\/2-Av.-Rio-Branco-272x182.jpg 272w, https:\/\/wp.ufpel.edu.br\/essete7\/files\/2018\/04\/2-Av.-Rio-Branco.jpg 800w\" sizes=\"auto, (max-width: 400px) 100vw, 400px\" \/><\/p>\n<p style=\"text-align: center\">Av. Rio Branco &#8211; Arquivo Secretaria de Turismo <img loading=\"lazy\" decoding=\"async\" class=\"aligncenter size-medium wp-image-116\" src=\"https:\/\/wp.ufpel.edu.br\/essete7\/files\/2018\/04\/3-Bas\u00edlica-da-Medianeira-Jo\u00e3o-Vilnei-400x268.jpg\" alt=\"\" width=\"400\" height=\"268\" srcset=\"https:\/\/wp.ufpel.edu.br\/essete7\/files\/2018\/04\/3-Bas\u00edlica-da-Medianeira-Jo\u00e3o-Vilnei-400x268.jpg 400w, https:\/\/wp.ufpel.edu.br\/essete7\/files\/2018\/04\/3-Bas\u00edlica-da-Medianeira-Jo\u00e3o-Vilnei-768x514.jpg 768w, https:\/\/wp.ufpel.edu.br\/essete7\/files\/2018\/04\/3-Bas\u00edlica-da-Medianeira-Jo\u00e3o-Vilnei-1024x685.jpg 1024w, https:\/\/wp.ufpel.edu.br\/essete7\/files\/2018\/04\/3-Bas\u00edlica-da-Medianeira-Jo\u00e3o-Vilnei-272x182.jpg 272w\" sizes=\"auto, (max-width: 400px) 100vw, 400px\" \/><\/p>\n<p style=\"text-align: center\">Bas\u00edlica Nossa Senhora Medianeira &#8211; Jo\u00e3o Vilnei <img loading=\"lazy\" decoding=\"async\" class=\"aligncenter size-medium wp-image-117\" src=\"https:\/\/wp.ufpel.edu.br\/essete7\/files\/2018\/04\/4-Catedral-Metropolitana-267x400.jpg\" alt=\"\" width=\"267\" height=\"400\" srcset=\"https:\/\/wp.ufpel.edu.br\/essete7\/files\/2018\/04\/4-Catedral-Metropolitana-267x400.jpg 267w, https:\/\/wp.ufpel.edu.br\/essete7\/files\/2018\/04\/4-Catedral-Metropolitana-768x1152.jpg 768w, https:\/\/wp.ufpel.edu.br\/essete7\/files\/2018\/04\/4-Catedral-Metropolitana-683x1024.jpg 683w, https:\/\/wp.ufpel.edu.br\/essete7\/files\/2018\/04\/4-Catedral-Metropolitana.jpg 1728w\" sizes=\"auto, (max-width: 267px) 100vw, 267px\" \/><\/p>\n<p style=\"text-align: center\">Catedral Metropolitana &#8211; Arquivo Secretaria de Turismo <img loading=\"lazy\" decoding=\"async\" class=\"aligncenter size-medium wp-image-118\" src=\"https:\/\/wp.ufpel.edu.br\/essete7\/files\/2018\/04\/5-Locomotiva-400x300.jpg\" alt=\"\" width=\"400\" height=\"300\" srcset=\"https:\/\/wp.ufpel.edu.br\/essete7\/files\/2018\/04\/5-Locomotiva-400x300.jpg 400w, https:\/\/wp.ufpel.edu.br\/essete7\/files\/2018\/04\/5-Locomotiva-768x576.jpg 768w, https:\/\/wp.ufpel.edu.br\/essete7\/files\/2018\/04\/5-Locomotiva-1024x768.jpg 1024w, https:\/\/wp.ufpel.edu.br\/essete7\/files\/2018\/04\/5-Locomotiva.jpg 2048w\" sizes=\"auto, (max-width: 400px) 100vw, 400px\" \/><\/p>\n<p style=\"text-align: center\">Locomotiva &#8211; Arquivo Secretaria de Turismo <img loading=\"lazy\" decoding=\"async\" class=\"aligncenter size-medium wp-image-119\" src=\"https:\/\/wp.ufpel.edu.br\/essete7\/files\/2018\/04\/6-Painel-Eduardo-Kobra-Jo\u00e3o-Vilnei-400x268.jpg\" alt=\"\" width=\"400\" height=\"268\" srcset=\"https:\/\/wp.ufpel.edu.br\/essete7\/files\/2018\/04\/6-Painel-Eduardo-Kobra-Jo\u00e3o-Vilnei-400x268.jpg 400w, https:\/\/wp.ufpel.edu.br\/essete7\/files\/2018\/04\/6-Painel-Eduardo-Kobra-Jo\u00e3o-Vilnei-768x514.jpg 768w, https:\/\/wp.ufpel.edu.br\/essete7\/files\/2018\/04\/6-Painel-Eduardo-Kobra-Jo\u00e3o-Vilnei-1024x685.jpg 1024w, https:\/\/wp.ufpel.edu.br\/essete7\/files\/2018\/04\/6-Painel-Eduardo-Kobra-Jo\u00e3o-Vilnei-272x182.jpg 272w\" sizes=\"auto, (max-width: 400px) 100vw, 400px\" \/><\/p>\n<p style=\"text-align: center\">Painel Eduardo Kobra \/ \u00a0Biblioteca Municipal &#8211; Jo\u00e3o Vilnei <img loading=\"lazy\" decoding=\"async\" class=\"aligncenter size-medium wp-image-120\" src=\"https:\/\/wp.ufpel.edu.br\/essete7\/files\/2018\/04\/7-Planet\u00e1rio-400x300.jpg\" alt=\"\" width=\"400\" height=\"300\" srcset=\"https:\/\/wp.ufpel.edu.br\/essete7\/files\/2018\/04\/7-Planet\u00e1rio-400x300.jpg 400w, https:\/\/wp.ufpel.edu.br\/essete7\/files\/2018\/04\/7-Planet\u00e1rio-768x576.jpg 768w, https:\/\/wp.ufpel.edu.br\/essete7\/files\/2018\/04\/7-Planet\u00e1rio-1024x768.jpg 1024w\" sizes=\"auto, (max-width: 400px) 100vw, 400px\" \/><\/p>\n<p style=\"text-align: center\">Planet\u00e1rio &#8211; Arquivo Secretaria de Turismo<\/p>\n<p style=\"text-align: center\"><img loading=\"lazy\" decoding=\"async\" class=\"aligncenter size-medium wp-image-121\" src=\"https:\/\/wp.ufpel.edu.br\/essete7\/files\/2018\/04\/8-Pra\u00e7a-Saldanha-Marinho-Maria-Luiza-Guerra-265x400.jpg\" alt=\"\" width=\"265\" height=\"400\" srcset=\"https:\/\/wp.ufpel.edu.br\/essete7\/files\/2018\/04\/8-Pra\u00e7a-Saldanha-Marinho-Maria-Luiza-Guerra-265x400.jpg 265w, https:\/\/wp.ufpel.edu.br\/essete7\/files\/2018\/04\/8-Pra\u00e7a-Saldanha-Marinho-Maria-Luiza-Guerra-768x1158.jpg 768w, https:\/\/wp.ufpel.edu.br\/essete7\/files\/2018\/04\/8-Pra\u00e7a-Saldanha-Marinho-Maria-Luiza-Guerra-679x1024.jpg 679w, https:\/\/wp.ufpel.edu.br\/essete7\/files\/2018\/04\/8-Pra\u00e7a-Saldanha-Marinho-Maria-Luiza-Guerra.jpg 1496w\" sizes=\"auto, (max-width: 265px) 100vw, 265px\" \/><\/p>\n<p style=\"text-align: center\">Pra\u00e7a Saldanha Marinho &#8211; Maria Luiza Guerra<\/p>\n<p style=\"text-align: center\"><img loading=\"lazy\" decoding=\"async\" class=\"aligncenter size-medium wp-image-122\" src=\"https:\/\/wp.ufpel.edu.br\/essete7\/files\/2018\/04\/9-Santa-Maria-Felipe-Pires-393x400.jpg\" alt=\"\" width=\"393\" height=\"400\" srcset=\"https:\/\/wp.ufpel.edu.br\/essete7\/files\/2018\/04\/9-Santa-Maria-Felipe-Pires-393x400.jpg 393w, https:\/\/wp.ufpel.edu.br\/essete7\/files\/2018\/04\/9-Santa-Maria-Felipe-Pires-768x781.jpg 768w, https:\/\/wp.ufpel.edu.br\/essete7\/files\/2018\/04\/9-Santa-Maria-Felipe-Pires-1007x1024.jpg 1007w, https:\/\/wp.ufpel.edu.br\/essete7\/files\/2018\/04\/9-Santa-Maria-Felipe-Pires.jpg 1912w\" sizes=\"auto, (max-width: 393px) 100vw, 393px\" \/><\/p>\n<p style=\"text-align: center\">Vista de Santa Maria &#8211; Felipe Pires<\/p>\n<p style=\"text-align: center\"><img loading=\"lazy\" decoding=\"async\" class=\"aligncenter size-medium wp-image-123\" src=\"https:\/\/wp.ufpel.edu.br\/essete7\/files\/2018\/04\/10-Schoenstatt-400x300.jpg\" alt=\"\" width=\"400\" height=\"300\" srcset=\"https:\/\/wp.ufpel.edu.br\/essete7\/files\/2018\/04\/10-Schoenstatt-400x300.jpg 400w, https:\/\/wp.ufpel.edu.br\/essete7\/files\/2018\/04\/10-Schoenstatt-768x576.jpg 768w, https:\/\/wp.ufpel.edu.br\/essete7\/files\/2018\/04\/10-Schoenstatt-1024x768.jpg 1024w\" sizes=\"auto, (max-width: 400px) 100vw, 400px\" \/><\/p>\n<p style=\"text-align: center\">Santu\u00e1rio de Schoenstatt &#8211; Arquivo Secretaria de Turismo <img loading=\"lazy\" decoding=\"async\" class=\"aligncenter size-medium wp-image-124\" src=\"https:\/\/wp.ufpel.edu.br\/essete7\/files\/2018\/04\/11-Theatro-Treze-de-Maio-400x300.jpg\" alt=\"\" width=\"400\" height=\"300\" srcset=\"https:\/\/wp.ufpel.edu.br\/essete7\/files\/2018\/04\/11-Theatro-Treze-de-Maio-400x300.jpg 400w, https:\/\/wp.ufpel.edu.br\/essete7\/files\/2018\/04\/11-Theatro-Treze-de-Maio-768x576.jpg 768w, https:\/\/wp.ufpel.edu.br\/essete7\/files\/2018\/04\/11-Theatro-Treze-de-Maio-1024x768.jpg 1024w, https:\/\/wp.ufpel.edu.br\/essete7\/files\/2018\/04\/11-Theatro-Treze-de-Maio.jpg 1600w\" sizes=\"auto, (max-width: 400px) 100vw, 400px\" \/><\/p>\n<p style=\"text-align: center\">Theatro Treze de Maio &#8211; Aquivo Secretaria de Turismo<\/p>\n<p style=\"text-align: center\"><img loading=\"lazy\" decoding=\"async\" class=\"aligncenter size-medium wp-image-125\" src=\"https:\/\/wp.ufpel.edu.br\/essete7\/files\/2018\/04\/12-Turismo-de-Aventura-266x400.jpg\" alt=\"\" width=\"266\" height=\"400\" srcset=\"https:\/\/wp.ufpel.edu.br\/essete7\/files\/2018\/04\/12-Turismo-de-Aventura-266x400.jpg 266w, https:\/\/wp.ufpel.edu.br\/essete7\/files\/2018\/04\/12-Turismo-de-Aventura.jpg 532w\" sizes=\"auto, (max-width: 266px) 100vw, 266px\" \/><\/p>\n<p style=\"text-align: center\">Turismo de Aventura &#8211; Arquivo Secretaria de Turismo<\/p>\n<p style=\"text-align: center\"><img loading=\"lazy\" decoding=\"async\" class=\"aligncenter size-medium wp-image-126\" src=\"https:\/\/wp.ufpel.edu.br\/essete7\/files\/2018\/04\/13-Vila-Belga-Felipe-Pires-400x265.jpg\" alt=\"\" width=\"400\" height=\"265\" srcset=\"https:\/\/wp.ufpel.edu.br\/essete7\/files\/2018\/04\/13-Vila-Belga-Felipe-Pires-400x265.jpg 400w, https:\/\/wp.ufpel.edu.br\/essete7\/files\/2018\/04\/13-Vila-Belga-Felipe-Pires-768x509.jpg 768w, https:\/\/wp.ufpel.edu.br\/essete7\/files\/2018\/04\/13-Vila-Belga-Felipe-Pires-1024x678.jpg 1024w\" sizes=\"auto, (max-width: 400px) 100vw, 400px\" \/><\/p>\n<p style=\"text-align: center\">Vila Belga &#8211; Felipe Pires<\/p>\n","protected":false},"excerpt":{"rendered":"<p>Com quase 280 mil habitantes, segundo estimativas do Instituto Brasileiro de Geografia e Estat\u00edstica (IBGE, 2015), Santa Maria \u00e9 considerada uma cidade media e de grande influ\u00eancia na regi\u00e3o central do estado. \u00c9 a 5a cidade mais populosa do Rio Grande do Sul e, isoladamente, a maior de sua regi\u00e3o. Santa Maria \u00e9 considerada cidade [&hellip;]<\/p>\n","protected":false},"author":848,"featured_media":0,"parent":0,"menu_order":0,"comment_status":"closed","ping_status":"closed","template":"","meta":{"footnotes":""},"class_list":["post-112","page","type-page","status-publish","hentry","post"],"_links":{"self":[{"href":"https:\/\/wp.ufpel.edu.br\/essete7\/wp-json\/wp\/v2\/pages\/112","targetHints":{"allow":["GET"]}}],"collection":[{"href":"https:\/\/wp.ufpel.edu.br\/essete7\/wp-json\/wp\/v2\/pages"}],"about":[{"href":"https:\/\/wp.ufpel.edu.br\/essete7\/wp-json\/wp\/v2\/types\/page"}],"author":[{"embeddable":true,"href":"https:\/\/wp.ufpel.edu.br\/essete7\/wp-json\/wp\/v2\/users\/848"}],"replies":[{"embeddable":true,"href":"https:\/\/wp.ufpel.edu.br\/essete7\/wp-json\/wp\/v2\/comments?post=112"}],"version-history":[{"count":5,"href":"https:\/\/wp.ufpel.edu.br\/essete7\/wp-json\/wp\/v2\/pages\/112\/revisions"}],"predecessor-version":[{"id":539,"href":"https:\/\/wp.ufpel.edu.br\/essete7\/wp-json\/wp\/v2\/pages\/112\/revisions\/539"}],"wp:attachment":[{"href":"https:\/\/wp.ufpel.edu.br\/essete7\/wp-json\/wp\/v2\/media?parent=112"}],"curies":[{"name":"wp","href":"https:\/\/api.w.org\/{rel}","templated":true}]}}