{"id":584,"date":"2025-03-14T16:47:44","date_gmt":"2025-03-14T19:47:44","guid":{"rendered":"https:\/\/wp.ufpel.edu.br\/esporte\/?page_id=584"},"modified":"2025-04-04T14:11:45","modified_gmt":"2025-04-04T17:11:45","slug":"2024-2","status":"publish","type":"page","link":"https:\/\/wp.ufpel.edu.br\/esporte\/2024-2\/","title":{"rendered":"2024"},"content":{"rendered":"\n<ul class=\"wp-block-list\">\n<li>Alunos da UFPel representar\u00e3o a universidade nos Jogos Universit\u00e1rios Brasileiros (JUBs) <a href=\"https:\/\/wp.ufpel.edu.br\/esporte\/2024\/10\/01\/alunos-da-ufpel-representarao-a-universidade-nos-jogos-universitarios-brasileiros-jubs\/\" data-type=\"link\" data-id=\"https:\/\/wp.ufpel.edu.br\/esporte\/2024\/10\/01\/alunos-da-ufpel-representarao-a-universidade-nos-jogos-universitarios-brasileiros-jubs\/\">Veja mais clicando aqui!<\/a> Publicado em&nbsp;01\/10\/2024<\/li>\n<\/ul>\n\n\n<div class=\"wp-block-image\">\n<figure class=\"aligncenter size-full is-resized\"><img loading=\"lazy\" decoding=\"async\" width=\"400\" height=\"300\" src=\"https:\/\/wp.ufpel.edu.br\/esporte\/files\/2025\/03\/foto2024.jpeg\" alt=\"\" class=\"wp-image-632\" style=\"width:404px;height:auto\"\/><\/figure>\n<\/div>\n\n\n<p><\/p>\n\n\n\n<ul class=\"wp-block-list\">\n<li>UFPel marca presen\u00e7a nos Jogos Universit\u00e1rios Ga\u00fachos com projeto de T\u00eanis de Mesa <a href=\"https:\/\/ccs2.ufpel.edu.br\/wp\/2024\/08\/05\/ufpel-marca-presenca-nos-jogos-universitarios-gauchos-com-projeto-de-tenis-de-mesa\/\" data-type=\"link\" data-id=\"https:\/\/ccs2.ufpel.edu.br\/wp\/2024\/08\/05\/ufpel-marca-presenca-nos-jogos-universitarios-gauchos-com-projeto-de-tenis-de-mesa\/\">Veja mais clicando aqui!<\/a> Publicado em 05\/08\/2024<\/li>\n<\/ul>\n\n\n<div class=\"wp-block-image\">\n<figure class=\"aligncenter is-resized\"><img decoding=\"async\" src=\"https:\/\/ccs2.ufpel.edu.br\/wp\/wp-content\/uploads\/2024\/08\/Screenshot_5.png\" alt=\"\" class=\"wp-image-125507\" style=\"width:403px;height:auto\"\/><\/figure>\n<\/div>\n\n\n<p><\/p>\n\n\n\n<ul class=\"wp-block-list\">\n<li>Projeto de fisioterapia esportiva auxilia atletas no JUGs 2024 <a href=\"https:\/\/wp.ufpel.edu.br\/esporte\/2024\/08\/03\/projeto-de-fisioterapia-esportiva-auxilia-atletas-no-jugs-2024\/\" data-type=\"link\" data-id=\"https:\/\/wp.ufpel.edu.br\/esporte\/2024\/08\/03\/projeto-de-fisioterapia-esportiva-auxilia-atletas-no-jugs-2024\/\">Veja mais clicando aqui!<\/a> Publicado em&nbsp;03\/08\/2024<\/li>\n<\/ul>\n\n\n<style>.kb-image584_e17523-d8.kb-image-is-ratio-size, .kb-image584_e17523-d8 .kb-image-is-ratio-size{max-width:343px;width:100%;}.wp-block-kadence-column > .kt-inside-inner-col > .kb-image584_e17523-d8.kb-image-is-ratio-size, .wp-block-kadence-column > .kt-inside-inner-col > .kb-image584_e17523-d8 .kb-image-is-ratio-size{align-self:unset;}.kb-image584_e17523-d8 figure{max-width:343px;}.kb-image584_e17523-d8 .image-is-svg, .kb-image584_e17523-d8 .image-is-svg img{width:100%;}.kb-image584_e17523-d8 .kb-image-has-overlay:after{opacity:0.3;}<\/style>\n<div class=\"wp-block-kadence-image kb-image584_e17523-d8\"><figure class=\"aligncenter size-full\"><img loading=\"lazy\" decoding=\"async\" width=\"738\" height=\"856\" src=\"https:\/\/wp.ufpel.edu.br\/esporte\/files\/2025\/03\/fisio-2024.jpeg\" alt=\"\" class=\"kb-img wp-image-631\" srcset=\"https:\/\/wp.ufpel.edu.br\/esporte\/files\/2025\/03\/fisio-2024.jpeg 738w, https:\/\/wp.ufpel.edu.br\/esporte\/files\/2025\/03\/fisio-2024-345x400.jpeg 345w\" sizes=\"auto, (max-width: 738px) 100vw, 738px\" \/><\/figure><\/div>\n\n\n\n<p><\/p>\n\n\n\n<ul class=\"wp-block-list\">\n<li>Equipes de basquete masculino e feminino da UFPel em prepara\u00e7\u00e3o para o JUGs <a href=\"https:\/\/ccs2.ufpel.edu.br\/wp\/2024\/08\/01\/equipes-de-basquete-masculino-e-feminino-da-ufpel-em-preparacao-para-o-jugs\/\" data-type=\"link\" data-id=\"https:\/\/ccs2.ufpel.edu.br\/wp\/2024\/08\/01\/equipes-de-basquete-masculino-e-feminino-da-ufpel-em-preparacao-para-o-jugs\/\">Veja mais clicando aqui!<\/a> Publicado em 01\/08\/2024<\/li>\n<\/ul>\n\n\n\n<figure class=\"wp-block-gallery has-nested-images columns-default is-cropped wp-block-gallery-1 is-layout-flex wp-block-gallery-is-layout-flex\">\n<figure class=\"wp-block-image size-large\"><img loading=\"lazy\" decoding=\"async\" width=\"400\" height=\"287\" data-id=\"642\" src=\"https:\/\/wp.ufpel.edu.br\/esporte\/files\/2025\/04\/1.jpg\" alt=\"\" class=\"wp-image-642\"\/><\/figure>\n\n\n\n<figure class=\"wp-block-image size-large\"><img loading=\"lazy\" decoding=\"async\" width=\"400\" height=\"266\" data-id=\"641\" src=\"https:\/\/wp.ufpel.edu.br\/esporte\/files\/2025\/04\/2.jpg\" alt=\"\" class=\"wp-image-641\"\/><\/figure>\n<\/figure>\n\n\n\n<p><\/p>\n\n\n\n<ul class=\"wp-block-list\">\n<li>Equipes de voleibol entram na reta final de prepara\u00e7\u00e3o para os JUGs <a href=\"https:\/\/ccs2.ufpel.edu.br\/wp\/2024\/07\/16\/equipes-de-voleibol-entram-na-reta-final-de-preparacao-para-os-jugs\/\" data-type=\"link\" data-id=\"https:\/\/ccs2.ufpel.edu.br\/wp\/2024\/07\/16\/equipes-de-voleibol-entram-na-reta-final-de-preparacao-para-os-jugs\/\">Veja mais clicando aqui! <\/a>Publicado em 16\/07\/2024<\/li>\n<\/ul>\n\n\n\n<figure class=\"wp-block-gallery has-nested-images columns-default is-cropped wp-block-gallery-2 is-layout-flex wp-block-gallery-is-layout-flex\">\n<figure class=\"wp-block-image size-large\"><img loading=\"lazy\" decoding=\"async\" width=\"400\" height=\"327\" data-id=\"643\" src=\"https:\/\/wp.ufpel.edu.br\/esporte\/files\/2025\/04\/3.png\" alt=\"\" class=\"wp-image-643\"\/><\/figure>\n\n\n\n<figure class=\"wp-block-image size-large\"><img loading=\"lazy\" decoding=\"async\" width=\"400\" height=\"327\" data-id=\"644\" src=\"https:\/\/wp.ufpel.edu.br\/esporte\/files\/2025\/04\/4.png\" alt=\"\" class=\"wp-image-644\"\/><\/figure>\n<\/figure>\n\n\n\n<p><\/p>\n\n\n\n<ul class=\"wp-block-list\">\n<li>Equipes de handebol da UFPel se preparam para mais um JUGs <a href=\"https:\/\/ccs2.ufpel.edu.br\/wp\/2024\/07\/04\/equipes-de-handebol-da-ufpel-se-preparam-para-mais-um-jugs\/\" data-type=\"link\" data-id=\"https:\/\/ccs2.ufpel.edu.br\/wp\/2024\/07\/04\/equipes-de-handebol-da-ufpel-se-preparam-para-mais-um-jugs\/\">Veja mais clicando aqui!<\/a> Publicado em 04\/07\/2024<\/li>\n<\/ul>\n\n\n\n<figure class=\"wp-block-gallery has-nested-images columns-default is-cropped wp-block-gallery-3 is-layout-flex wp-block-gallery-is-layout-flex\">\n<figure class=\"wp-block-image size-large\"><img loading=\"lazy\" decoding=\"async\" width=\"400\" height=\"301\" data-id=\"645\" src=\"https:\/\/wp.ufpel.edu.br\/esporte\/files\/2025\/04\/5.jpg\" alt=\"\" class=\"wp-image-645\"\/><\/figure>\n\n\n\n<figure class=\"wp-block-image size-large\"><img loading=\"lazy\" decoding=\"async\" width=\"400\" height=\"300\" data-id=\"646\" src=\"https:\/\/wp.ufpel.edu.br\/esporte\/files\/2025\/04\/6.jpg\" alt=\"\" class=\"wp-image-646\"\/><\/figure>\n<\/figure>\n\n\n\n<p><br><\/p>\n\n\n\n<p><\/p>\n","protected":false},"excerpt":{"rendered":"","protected":false},"author":1253,"featured_media":0,"parent":0,"menu_order":0,"comment_status":"closed","ping_status":"closed","template":"","meta":{"footnotes":""},"class_list":["post-584","page","type-page","status-publish","hentry"],"_links":{"self":[{"href":"https:\/\/wp.ufpel.edu.br\/esporte\/wp-json\/wp\/v2\/pages\/584","targetHints":{"allow":["GET"]}}],"collection":[{"href":"https:\/\/wp.ufpel.edu.br\/esporte\/wp-json\/wp\/v2\/pages"}],"about":[{"href":"https:\/\/wp.ufpel.edu.br\/esporte\/wp-json\/wp\/v2\/types\/page"}],"author":[{"embeddable":true,"href":"https:\/\/wp.ufpel.edu.br\/esporte\/wp-json\/wp\/v2\/users\/1253"}],"replies":[{"embeddable":true,"href":"https:\/\/wp.ufpel.edu.br\/esporte\/wp-json\/wp\/v2\/comments?post=584"}],"version-history":[{"count":8,"href":"https:\/\/wp.ufpel.edu.br\/esporte\/wp-json\/wp\/v2\/pages\/584\/revisions"}],"predecessor-version":[{"id":662,"href":"https:\/\/wp.ufpel.edu.br\/esporte\/wp-json\/wp\/v2\/pages\/584\/revisions\/662"}],"wp:attachment":[{"href":"https:\/\/wp.ufpel.edu.br\/esporte\/wp-json\/wp\/v2\/media?parent=584"}],"curies":[{"name":"wp","href":"https:\/\/api.w.org\/{rel}","templated":true}]}}