{"id":24,"date":"2018-02-07T08:23:41","date_gmt":"2018-02-07T10:23:41","guid":{"rendered":"https:\/\/wp.ufpel.edu.br\/especializacaoesef\/?page_id=24"},"modified":"2021-07-29T20:15:53","modified_gmt":"2021-07-29T23:15:53","slug":"estrutura-curricular","status":"publish","type":"page","link":"https:\/\/wp.ufpel.edu.br\/especializacaoesef\/estrutura-curricular\/","title":{"rendered":"Disciplinas"},"content":{"rendered":"<p><strong>Disciplinas Obrigat\u00f3rias, Cr\u00e9ditos, Carga Hor\u00e1ria e Professores:<\/strong><\/p>\n<ul>\n<li>D001022 &#8211; <a href=\"https:\/\/wp.ufpel.edu.br\/especializacaoesef\/files\/2018\/05\/Metodologia-da-Pesquisa-Aplicada-a-Educa\u00e7\u00e3o-F\u00edsica.pdf\">Metodologia da Pesquisa Aplicada a Educa\u00e7\u00e3o F\u00edsica<\/a> (02 cr\u00e9ditos &#8211; 34h\/a) &#8211; Prof\u00aa Mari\u00e2ngela Afonso<\/li>\n<li>D001019 &#8211;\u00a0<a href=\"https:\/\/wp.ufpel.edu.br\/especializacaoesef\/files\/2018\/05\/Organiza\u00e7\u00e3o-do-Trabalho-Pedag\u00f3gico-na-Educa\u00e7\u00e3o-F\u00edsica.pdf\">Organiza\u00e7\u00e3o do Trabalho Pedag\u00f3gico na Educa\u00e7\u00e3o F\u00edsica<\/a>\u00a0(02 cr\u00e9ditos &#8211; 34h\/a) &#8211; Prof. Giovani Frizzo<\/li>\n<li>D001250 &#8211;\u00a0<a href=\"https:\/\/wp.ufpel.edu.br\/especializacaoesef\/files\/2018\/05\/Metodologia-do-Ensino-da-Dan\u00e7a-na-Escola.pdf\">Metodologia do Ensino da Dan\u00e7a na Escola<\/a> (02 cr\u00e9ditos &#8211; 34h\/a) &#8211; Prof\u00aa. Anie Coutinho e Marcelo Silva da Silva<\/li>\n<li>D001016 &#8211;\u00a0<a href=\"https:\/\/wp.ufpel.edu.br\/especializacaoesef\/files\/2018\/05\/Metodologia-do-Ensino-das-Lutas-na-Escola.pdf\">Metodologia do Ensino das Lutas na Escola<\/a>\u00a0(02 cr\u00e9ditos &#8211; 34h\/a) &#8211; Prof. Eduardo Merino<\/li>\n<li>D001017 &#8211;\u00a0<a href=\"https:\/\/wp.ufpel.edu.br\/especializacaoesef\/files\/2018\/05\/Metodologia-do-Ensino-dos-Esportes-na-Escola.pdf\">Metodologia do Ensino dos Esportes na Escola<\/a> (02 cr\u00e9ditos &#8211; 34h\/a) &#8211; Prof. Eraldo Pinheiro, M\u00e1rio Renato de Azevedo e Jo\u00e3o Gilberto Giusti<\/li>\n<li>D001018 &#8211;\u00a0<a href=\"https:\/\/wp.ufpel.edu.br\/especializacaoesef\/files\/2018\/05\/Metodologia-do-Ensino-dos-Jogos-na-Escola.pdf\">Metodologia do Ensino dos Jogos na Escola<\/a>\u00a0(02 cr\u00e9ditos &#8211; 34h\/a) &#8211;\u00a0Prof. Luiz Fernando Veronez<\/li>\n<li>D001015 &#8211;\u00a0<a href=\"https:\/\/wp.ufpel.edu.br\/especializacaoesef\/files\/2018\/05\/Metodologia-do-Ensino-da-Gin\u00e1stica-na-Escola.pdf\">Metodologia do Ensino da Gin\u00e1stica na Escola<\/a>\u00a0(02 cr\u00e9ditos &#8211; 34h\/a) &#8211; Prof\u00aa Andrize Costa<\/li>\n<li>D001020 &#8211;\u00a0<a href=\"https:\/\/wp.ufpel.edu.br\/especializacaoesef\/files\/2018\/05\/Processo-Inclusivo-e-a-Educa\u00e7\u00e3o-F\u00edsica-Adaptada.pdf\">Processo Inclusivo e a Educa\u00e7\u00e3o F\u00edsica Adaptada<\/a>\u00a0(02 cr\u00e9ditos &#8211; 34h\/a) &#8211; Prof. Alexandre Marques e Fernanda Teixeira<\/li>\n<li>D001021 &#8211;\u00a0<a href=\"https:\/\/wp.ufpel.edu.br\/especializacaoesef\/files\/2018\/05\/Semin\u00e1rio-de-Monografia-e-Estudos-Orientados.pdf\">Semin\u00e1rio de Monografia e Estudos Orientados<\/a>\u00a0(03 cr\u00e9ditos &#8211; 51h\/a) &#8211; Prof. Luiz Fernando Veronez<\/li>\n<\/ul>\n<p>&nbsp;<\/p>\n<p><strong>Disciplinas Optativas, Cr\u00e9ditos, Carga Hor\u00e1ria e Professores:<\/strong><\/p>\n<ul>\n<li>D001024 &#8211;\u00a0<a href=\"https:\/\/wp.ufpel.edu.br\/especializacaoesef\/files\/2018\/05\/Pesquisa-Qualitativa-M\u00e9todos-e-Procedimentos.pdf\">Pesquisa Qualitativa &#8211; M\u00e9todos e Procedimentos<\/a>\u00a0(02 cr\u00e9ditos &#8211; 34h\/a) &#8211;\u00a0Prof. Luiz Fernando Veronez e Franciele Ilha<\/li>\n<li>D001025 &#8211;\u00a0<a href=\"https:\/\/wp.ufpel.edu.br\/especializacaoesef\/files\/2018\/05\/Pesquisa-Quantitativa-M\u00e9todos-e-Procedimentos.pdf\">Pesquisa Quantitativa &#8211; M\u00e9todos e Procedimentos<\/a>\u00a0(02 cr\u00e9ditos &#8211; 34h\/a) &#8211; Prof\u00aa. Cristine Alberton<\/li>\n<li>D001023 &#8211;\u00a0<a href=\"https:\/\/wp.ufpel.edu.br\/especializacaoesef\/files\/2018\/05\/Estudos-Sobre-Gest\u00e3o-Escolar-e-Pol\u00edticas-Educacionais.pdf\">Estudos Sobre Gest\u00e3o Escolar e Pol\u00edticas Educacionais<\/a>\u00a0(02 cr\u00e9ditos &#8211; 34h\/a) &#8211; Prof\u00aa Valdelaine Mendes<\/li>\n<li>D001026 &#8211;\u00a0<a href=\"https:\/\/wp.ufpel.edu.br\/especializacaoesef\/files\/2018\/05\/Promo\u00e7\u00e3o-da-Sa\u00fade-na-Escola.pdf\">Promo\u00e7\u00e3o da Sa\u00fade na Escola<\/a>\u00a0(02 cr\u00e9ditos &#8211; 34h\/a) &#8211; Prof. Airton Rombaldi<\/li>\n<li>D001027 &#8211;\u00a0<a href=\"https:\/\/wp.ufpel.edu.br\/especializacaoesef\/files\/2018\/05\/Educa\u00e7\u00e3o-F\u00edsica-e-Sociedade.pdf\">Educa\u00e7\u00e3o F\u00edsica e Sociedade<\/a>\u00a0(02 cr\u00e9ditos &#8211; 34h\/a) &#8211; Prof\u00aa. Adriana Cavalli e Marcelo Cavalli<\/li>\n<\/ul>\n","protected":false},"excerpt":{"rendered":"<p>Disciplinas Obrigat\u00f3rias, Cr\u00e9ditos, Carga Hor\u00e1ria e Professores: D001022 &#8211; Metodologia da Pesquisa Aplicada a Educa\u00e7\u00e3o F\u00edsica (02 cr\u00e9ditos &#8211; 34h\/a) &#8211; Prof\u00aa Mari\u00e2ngela Afonso D001019 &#8211;\u00a0Organiza\u00e7\u00e3o do Trabalho Pedag\u00f3gico na Educa\u00e7\u00e3o F\u00edsica\u00a0(02 cr\u00e9ditos &#8211; 34h\/a) &#8211; Prof. Giovani Frizzo D001250 &#8211;\u00a0Metodologia do Ensino da Dan\u00e7a na Escola (02 cr\u00e9ditos &#8211; 34h\/a) &#8211; Prof\u00aa. Anie Coutinho [&hellip;]<\/p>\n","protected":false},"author":822,"featured_media":0,"parent":0,"menu_order":4,"comment_status":"closed","ping_status":"closed","template":"","meta":{"footnotes":""},"class_list":["post-24","page","type-page","status-publish","hentry"],"_links":{"self":[{"href":"https:\/\/wp.ufpel.edu.br\/especializacaoesef\/wp-json\/wp\/v2\/pages\/24","targetHints":{"allow":["GET"]}}],"collection":[{"href":"https:\/\/wp.ufpel.edu.br\/especializacaoesef\/wp-json\/wp\/v2\/pages"}],"about":[{"href":"https:\/\/wp.ufpel.edu.br\/especializacaoesef\/wp-json\/wp\/v2\/types\/page"}],"author":[{"embeddable":true,"href":"https:\/\/wp.ufpel.edu.br\/especializacaoesef\/wp-json\/wp\/v2\/users\/822"}],"replies":[{"embeddable":true,"href":"https:\/\/wp.ufpel.edu.br\/especializacaoesef\/wp-json\/wp\/v2\/comments?post=24"}],"version-history":[{"count":15,"href":"https:\/\/wp.ufpel.edu.br\/especializacaoesef\/wp-json\/wp\/v2\/pages\/24\/revisions"}],"predecessor-version":[{"id":362,"href":"https:\/\/wp.ufpel.edu.br\/especializacaoesef\/wp-json\/wp\/v2\/pages\/24\/revisions\/362"}],"wp:attachment":[{"href":"https:\/\/wp.ufpel.edu.br\/especializacaoesef\/wp-json\/wp\/v2\/media?parent=24"}],"curies":[{"name":"wp","href":"https:\/\/api.w.org\/{rel}","templated":true}]}}