{"id":128,"date":"2013-08-20T17:14:49","date_gmt":"2013-08-20T20:14:49","guid":{"rendered":"https:\/\/wp.ufpel.edu.br\/especializacaoemartesvisuais\/?page_id=128"},"modified":"2024-07-31T10:15:25","modified_gmt":"2024-07-31T13:15:25","slug":"editais","status":"publish","type":"page","link":"https:\/\/wp.ufpel.edu.br\/especializacaoemartesvisuais\/editais\/","title":{"rendered":"Editais"},"content":{"rendered":"<p><strong>Sele\u00e7\u00e3o para aluno regular 2024-1<\/strong><\/p>\n<p><a href=\"https:\/\/wp.ufpel.edu.br\/especializacaoemartesvisuais\/files\/2024\/07\/SEI_23110.044651_2023_64.pdf\">Edital de Sele\u00e7\u00e3o<\/a><\/p>\n<p>&nbsp;<\/p>\n<p><strong>Sele\u00e7\u00e3o para Aluno Especial 2023-2<\/strong><\/p>\n<p><a href=\"https:\/\/wp.ufpel.edu.br\/especializacaoemartesvisuais\/files\/2023\/08\/SEI_23110.027566_2023_31.pdf\">Edital de Sele\u00e7\u00e3o aluno Especial<\/a><\/p>\n<p>&nbsp;<\/p>\n<p><strong>Sele\u00e7\u00e3o para aluno regular 2023-1<br \/>\n<\/strong><\/p>\n<p><a href=\"https:\/\/wp.ufpel.edu.br\/especializacaoemartesvisuais\/files\/2023\/08\/SEI_23110.032240_2021_64.pdf\">Edital<\/a><\/p>\n<p>&nbsp;<\/p>\n<p><strong>Sele\u00e7\u00e3o para aluno regular 2022-1<\/strong><\/p>\n<p>As inscri\u00e7\u00f5es ao Exame de Sele\u00e7\u00e3o para cursar disciplinas regulares e\/ou optativas como aluno do Curso de Especializa\u00e7\u00e3o em Artes da UFPel estavam abertas entre os dias 21 de janeiro e 14\u00a0 de fevereiro de 2022, conforme os editais abaixo:<\/p>\n<p><a href=\"https:\/\/wp.ufpel.edu.br\/especializacaoemartesvisuais\/files\/2022\/06\/SEI_23110.032240_2021_64.pdf\">Edital<\/a><\/p>\n<p><a href=\"https:\/\/wp.ufpel.edu.br\/especializacaoemartesvisuais\/files\/2022\/06\/Prorrogacao-SEI_23110.032240_2021_64.pdf\">Edital de Prorroga\u00e7\u00e3o<\/a><\/p>\n<p><strong>Sele\u00e7\u00e3o para aluno regular 2021-1<\/strong><\/p>\n<p>As inscri\u00e7\u00f5es ao Exame de Sele\u00e7\u00e3o para cursar disciplinas regulares e\/ou optativas como aluno do Curso de Especializa\u00e7\u00e3o em Artes da UFPel estavam abertas entre os dias 17 e 28\u00a0 de fevereiro de 2021, conforme os editais abaixo:<\/p>\n<p><a href=\"https:\/\/wp.ufpel.edu.br\/especializacaoemartesvisuais\/files\/2020\/12\/Edital-Selecao-Aluno-Regular-2021-1.pdf\">Edital<\/a><\/p>\n<p><a href=\"https:\/\/wp.ufpel.edu.br\/especializacaoemartesvisuais\/files\/2021\/03\/Edital-Selecao-2021-1_Prorrogacao.pdf\">Edital de Prorroga\u00e7\u00e3o<\/a><\/p>\n<p><strong>Sele\u00e7\u00e3o para aluno regular 2020-1<\/strong><\/p>\n<p>As inscri\u00e7\u00f5es ao Exame de Sele\u00e7\u00e3o para cursar disciplinas regulares e\/ou optativas como aluno regular do Curso de Especializa\u00e7\u00e3o em Artes da UFPel estavam abertas entre os dias 03 a 14 de fevereiro de 2020, conforme os editais abaixo:<\/p>\n<p><a href=\"https:\/\/wp.ufpel.edu.br\/especializacaoemartesvisuais\/files\/2020\/02\/SEI_23110.054587_2019_43_EDITAL.pdf\">Edital<\/a><\/p>\n<p><a href=\"https:\/\/wp.ufpel.edu.br\/especializacaoemartesvisuais\/files\/2020\/02\/SEI_23110.054587_2019_43-Edital-Retifica\u00e7\u00e3o-1.pdf\">Edital de Retifica\u00e7\u00e3o<\/a><\/p>\n<p>&nbsp;<\/p>\n<p><strong>Sele\u00e7\u00e3o para aluno especial 2019\/1<\/strong><\/p>\n<p>As inscri\u00e7\u00f5es ao Exame de Sele\u00e7\u00e3o para cursar disciplinas regulares e\/ou optativas como aluno especial do Curso de Especializa\u00e7\u00e3o em Artes da UFPel estar\u00e3o abertas nos dias 13 e 14 de mar\u00e7o de 2019. As inscri\u00e7\u00f5es ser\u00e3o realizadas exclusivamente pelo e-mail: posgraduacao.artes@gmail.com<\/p>\n<p><a href=\"https:\/\/wp.ufpel.edu.br\/especializacaoemartesvisuais\/files\/2019\/03\/Edital-de-sele%C3%A7%C3%A3o-32-2019-Especializa%C3%A7%C3%A3o-em-Artes-Aluno-Especial.pdf\">Edital-de-sele\u00e7\u00e3o-32-2019-Especializa\u00e7\u00e3o-em-Artes-Aluno-Especial<\/a><\/p>\n<p>&nbsp;<\/p>\n<p><strong>SELE\u00c7\u00c3O DE ALUNO REGULAR \u2013 2019\/1\u00ba<\/strong><\/p>\n<p>As inscri\u00e7\u00f5es ao Exame de Sele\u00e7\u00e3o para o Curso de Especializa\u00e7\u00e3o em Artes da UFPel estar\u00e3o abertas no per\u00edodo de 17 a 25 de janeiro de 2019. As inscri\u00e7\u00f5es ser\u00e3o realizadas exclusivamente por e-mail: posgraduacao.artes@gmail.com<\/p>\n<p>Mais informa\u00e7\u00f5es no arquivo:<\/p>\n<p><a href=\"https:\/\/wp.ufpel.edu.br\/especializacaoemartesvisuais\/files\/2019\/01\/Edital-de-sele%C3%A7%C3%A3o-02-2019-Especializa%C3%A7%C3%A3o-em-Artes.pdf\">Edital-de-sele\u00e7\u00e3o-02-2019-Especializa\u00e7\u00e3o-em-Artes<\/a><\/p>\n<p><a href=\"https:\/\/wp.ufpel.edu.br\/especializacaoemartesvisuais\/files\/2019\/01\/Declara%C3%A7%C3%A3o-de-Etnia.docx\">Declara\u00e7\u00e3o-de-Etnia<\/a><\/p>\n<p>&nbsp;<\/p>\n<p>&nbsp;<\/p>\n<p><strong>Exame de Sele\u00e7\u00e3o para aluno especial 2018\/1<\/strong><\/p>\n<p>As inscri\u00e7\u00f5es ao Exame de Sele\u00e7\u00e3o para cursar disciplinas regulares e\/ou optativas como aluno especial do Curso de Especializa\u00e7\u00e3o em Artes da UFPel estar\u00e3o abertas nos dias 05 a 09 de mar\u00e7o de 2018. As inscri\u00e7\u00f5es ser\u00e3o realizadas exclusivamente pelo e-mail: posgraduacao.artes@gmail.com<\/p>\n<p><a href=\"https:\/\/wp.ufpel.edu.br\/especializacaoemartesvisuais\/files\/2018\/02\/EDITAL-PGA-ALUNO-ESPECIAL-2018-1-final.pdf\">EDITAL PGA &#8211; ALUNO ESPECIAL 2018-1 &#8211; final<\/a><\/p>\n<p>&nbsp;<\/p>\n<p><strong>EDITAL ALUNO REGULAR 2018-1<\/strong><\/p>\n<p>As inscri\u00e7\u00f5es ao Exame de Sele\u00e7\u00e3o para o Curso de Especializa\u00e7\u00e3o em Artes da UFPel estar\u00e3o abertas no per\u00edodo de 26 de fevereiro a 02 de mar\u00e7o de 2018. As inscri\u00e7\u00f5es ser\u00e3o realizadas exclusivamente por e-mail: posgraduacao.artes@gmail.com . Mais informa\u00e7\u00f5es no arquivo:<\/p>\n<p><a href=\"https:\/\/wp.ufpel.edu.br\/especializacaoemartesvisuais\/files\/2017\/12\/Edital-de-sele\u00e7\u00e3o-149-Curso-de-Especializa\u00e7\u00e3o-em-Artes-Aluno-Regular.pdf\">Edital-de-sele\u00e7\u00e3o-149-Curso-de-Especializa\u00e7\u00e3o-em-Artes-Aluno-Regular<\/a><\/p>\n<p>&nbsp;<\/p>\n<p>&nbsp;<\/p>\n<p><strong>EDITAL PARA SELE\u00c7\u00c3O DE ALUNO ESPECIAL<\/strong> <strong> \u2013 2017\/2\u00ba<\/strong><\/p>\n<p>As inscri\u00e7\u00f5es ao Exame de Sele\u00e7\u00e3o para cursar disciplinas regulares e\/ou optativas como aluno especial do Curso de Especializa\u00e7\u00e3o em Artes da UFPel estar\u00e3o abertas no per\u00edodo de 04 a 06 de setembro de 2017, das 9:00 \u00e0s 12:00 horas, na Secretaria do Curso. Mais informa\u00e7\u00f5es no Edital 87\/2017.<\/p>\n<p><a href=\"https:\/\/wp.ufpel.edu.br\/especializacaoemartesvisuais\/files\/2017\/08\/Edital-de-sele\u00e7\u00e3o-087-Especializa\u00e7\u00e3o-em-Artes-Aluno-Especial.pdf\">Edital-de-sele\u00e7\u00e3o-087-Especializa\u00e7\u00e3o-em-Artes-Aluno-Especial<\/a><\/p>\n<p>&nbsp;<\/p>\n<p>&nbsp;<\/p>\n<p><strong>EDITAL PARA SELE\u00c7\u00c3O DE ALUNO ESPECIAL \u2013 2017\/1\u00ba<\/strong><\/p>\n<p>As inscri\u00e7\u00f5es ao Exame de Sele\u00e7\u00e3o para cursar disciplinas regulares e\/ou optativas como aluno especial do Curso de Especializa\u00e7\u00e3o em Artes da UFPel estar\u00e3o abertas no per\u00edodo de 17 a 21 de abril de 2017, de segunda a sexta-feira, das 9:00 \u00e0s 12:00 horas, na Secretaria do Curso. Mais informa\u00e7\u00f5es no Edital 23\/2017.<\/p>\n<p><a href=\"https:\/\/wp.ufpel.edu.br\/especializacaoemartesvisuais\/files\/2013\/08\/Edital-de-Aluno-Especial-023-Especializa\u00e7\u00e3o-em-Artes.pdf\">Edital-de-Aluno-Especial-023-Especializa\u00e7\u00e3o-em-Artes<\/a><\/p>\n<p>&nbsp;<\/p>\n<p><strong>EDITAL ALUNO REGULAR 2017-1<\/strong><\/p>\n<p>As inscri\u00e7\u00f5es ao Exame de Sele\u00e7\u00e3o para o Curso de Especializa\u00e7\u00e3o em Artes da UFPel estar\u00e3o abertas no per\u00edodo de 28 de novembro a 01 de dezembro de 2016, de segunda a quinta-feira das 16 \u00e0s 19 horas, na Secretaria do Curso, sala 320 do pr\u00e9dio do Centro de Artes, localizado na Rua Alberto Rosa, n\u00ba 62, Pelotas, RS.<\/p>\n<p><a href=\"https:\/\/wp.ufpel.edu.br\/especializacaoemartesvisuais\/files\/2016\/11\/Edital-Sele\u00e7\u00e3o-Aluno-Regular-120-CPG-Artes.pdf\">edital-selecao-aluno-regular-120-cpg-artes<\/a><\/p>\n<p>&nbsp;<\/p>\n<p><strong>EDITAL PARA SELE\u00c7\u00c3O DE ALUNO ESPECIAL 2016-2<\/strong><\/p>\n<p>As inscri\u00e7\u00f5es ao Exame de Sele\u00e7\u00e3o para cursar disciplinas regulares e\/ou optativas como aluno especial do Curso de Especializa\u00e7\u00e3o em Artes da UFPel estar\u00e3o abertas no per\u00edodo de 01 a 10 de AGOSTO de 2016, de segundas a sextas-feiras das 9:00 \u00e0s 12:00 horas, na Secretaria do Curso.<br \/>\n<a href=\"https:\/\/wp.ufpel.edu.br\/especializacaoemartesvisuais\/files\/2016\/07\/Edital-de-Aluno-Especial-064-PPG-Artes.pdf\">Edital-de-Aluno-Especial-064-PPG-Artes<\/a><br \/>\n<a href=\"https:\/\/wp.ufpel.edu.br\/especializacaoemartesvisuais\/files\/2013\/06\/INSCRI%C3%87%C3%83O-ALUNO-ESPECIAL.doc\">INSCRI\u00c7\u00c3O ALUNO ESPECIAL<\/a><\/p>\n<p>&nbsp;<\/p>\n<p><strong>EDITAL PARA SELE\u00c7\u00c3O DE ALUNO ESPECIAL 2016-1<\/strong><\/p>\n<p>As inscri\u00e7\u00f5es ao Exame de Sele\u00e7\u00e3o para cursar disciplinas regulares e\/ou optativas como aluno especial do Curso de Especializa\u00e7\u00e3o em Artes da UFPel estar\u00e3o abertas no per\u00edodo de 01 a 11 de mar\u00e7o de 2016, de segundas a sextas-feiras das 9:00 \u00e0s 12:00 horas, na Secretaria do Curso.<\/p>\n<p><a href=\"https:\/\/wp.ufpel.edu.br\/especializacaoemartesvisuais\/files\/2016\/02\/Edital-de-Sele\u00e7\u00e3o-de-Aluno-Especial-005-CPG-Artes.pdf\" rel=\"\">Edital-de-Sele\u00e7\u00e3o-de-Aluno-Especial-005-CPG-Artes<\/a><\/p>\n<p>&nbsp;<\/p>\n<p><strong>EDITAL ALUNO REGULAR 2016-1<\/strong><\/p>\n<p>As inscri\u00e7\u00f5es ao Exame de Sele\u00e7\u00e3o para o Curso de Especializa\u00e7\u00e3o em Artes da UFPel estar\u00e3o abertas no per\u00edodo de 11 de novembro a 20 de novembro de 2015, de segunda a quinta-feira das 14h \u00e0s 17h e nas sextas-feiras das 9h \u00e0s 11h30, na Secretaria do Curso, sala 320 do pr\u00e9dio do Centro de Artes, localizado na Rua Alberto Rosa, n\u00ba 62, Pelotas, RS.<\/p>\n<p><a href=\"https:\/\/wp.ufpel.edu.br\/especializacaoemartesvisuais\/files\/2015\/11\/Edital-Sele\u00e7\u00e3o-Aluno-Regular-123-CPG-Artes.pdf\">Edital Sele\u00e7\u00e3o Aluno Regular 123 CPG-Artes<\/a><\/p>\n<p>&nbsp;<\/p>\n<p><strong>EDITAL PARA SELE\u00c7\u00c3O DE ALUNO ESPECIAL 2015-1<\/strong><\/p>\n<p>As inscri\u00e7\u00f5es ao Exame de Sele\u00e7\u00e3o para cursar disciplinas regulares e\/ou optativas como aluno especial do Curso de Especializa\u00e7\u00e3o em Artes da UFPel estar\u00e3o abertas no per\u00edodo de 23 a 27 de fevereiro de 2015, de segundas a sextas-feiras das 9:00 \u00e0s 12:00 horas, e no per\u00edodo de 2 a 6 de mar\u00e7o de 2015, de segunda \u00e0 quinta-feira, das 14 \u00e0s 18 horas, e sexta-feira, das 9 \u00e0s 12 horas, na Secretaria do Curso.<br \/>\nO edital para sele\u00e7\u00e3o de aluno especial do Curso de Especializa\u00e7\u00e3o em Artes encontra-se no link abaixo:<\/p>\n<p><a href=\"https:\/\/wp.ufpel.edu.br\/especializacaoemartesvisuais\/files\/2015\/02\/EDITAL-PGA-ALUNO-ESPECIAL-2015-1.pdf\">EDITAL PGA &#8211; ALUNO ESPECIAL 2015-1<\/a><\/p>\n<p>&nbsp;<\/p>\n<p><strong>EDITAL ALUNO REGULAR 2015-1<\/strong><\/p>\n<p>As inscri\u00e7\u00f5es ao Exame de Sele\u00e7\u00e3o para o Curso de Especializa\u00e7\u00e3o em Artes estar\u00e3o abertas no per\u00edodo de 11 de novembro a 21 de novembro de 2014, de segunda a quinta-feira das 14h \u00e0s 17h e nas sextas-feiras das 9h \u00e0s 11h30 e dever\u00e3o ser feitas na Secretaria do Curso, sala 320 do pr\u00e9dio do Centro de Artes, localizado na Rua Alberto Rosa, n\u00ba 62, Pelotas, RS. Outras informa\u00e7\u00f5es no arquivo:<\/p>\n<p><a href=\"https:\/\/wp.ufpel.edu.br\/especializacaoemartesvisuais\/files\/2013\/08\/EDITAL-PGA-ALUNO-REGULAR-2015-1.pdf\">EDITAL PGA &#8211; ALUNO REGULAR 2015-1<\/a><\/p>\n<p>&nbsp;<\/p>\n<p><strong>EDITAL ALUNO ESPECIAL PGA 2014-2\u00ba<\/strong><\/p>\n<p>As inscri\u00e7\u00f5es ao Exame de Sele\u00e7\u00e3o para cursar disciplinas regulares e\/ou optativas como aluno especial do Curso de Especializa\u00e7\u00e3o em Artes da UFPel estar\u00e3o abertas no per\u00edodo de 04 a 09 de agosto de 2014, de segunda \u00e0 sexta-feira, das 9 \u00e0s 12 horas, na Secretaria do Curso, na sala 320, do Centro de Artes, localizado na rua Alberto Rosa, n\u00ba 62, Pelotas, RS. Os interessados em cursarem disciplinas regulares e\/ou optativas, como aluno especial do Curso de Especializa\u00e7\u00e3o em Artes, poder\u00e3o solicitar inscri\u00e7\u00e3o em 2 disciplinas oferecidas no 2\u00ba semestre de 2014.<br \/>\nOutras informa\u00e7\u00f5es no arquivo <a href=\"https:\/\/wp.ufpel.edu.br\/especializacaoemartesvisuais\/files\/2013\/08\/EDITAL-ALUNO-ESPECIAL-PGA-2014-2.pdf\">EDITAL ALUNO ESPECIAL PGA 2014-2<\/a><\/p>\n<p>&nbsp;<\/p>\n<p>&nbsp;<\/p>\n<p><strong>EDITAIS 2014-1\u00ba<\/strong><\/p>\n<p><a href=\"https:\/\/wp.ufpel.edu.br\/especializacaoemartesvisuais\/files\/2013\/08\/EDITAL-PGA-ALUNO-REGULAR-2014-1.pdf\">EDITAL PGA &#8211; ALUNO REGULAR 2014-1<\/a><\/p>\n<p><a href=\"https:\/\/wp.ufpel.edu.br\/especializacaoemartesvisuais\/files\/2013\/08\/EDITAL-PGA-ALUNO-ESPECIAL-2014-1.pdf\">EDITAL PGA &#8211; ALUNO ESPECIAL 2014-1<\/a><\/p>\n<p>&nbsp;<\/p>\n<p><strong>EDITAL ALUNO ESPECIAL PGA 2013-2\u00ba<\/strong><\/p>\n<p>As inscri\u00e7\u00f5es ao Exame de Sele\u00e7\u00e3o para cursar disciplinas regulares e\/ou optativas como aluno especial do Curso de Especializa\u00e7\u00e3o em Artes da UFPel estar\u00e3o abertas no per\u00edodo de 30 de setembro a 04 de outubro de 2013, de segunda \u00e0 sexta-feira, das 9h \u00e0s 13 h. Outras informa\u00e7\u00f5es no arquivo <a href=\"https:\/\/wp.ufpel.edu.br\/especializacaoemartesvisuais\/files\/2013\/08\/EDITAL-ALUNO-ESPECIAL-PGA-2013-2-retificado.pdf\">EDITAL ALUNO ESPECIAL PGA 2013-2 &#8211; retificado<\/a><\/p>\n<p>ATEN\u00c7\u00c3O:\u00a0 o Edital foi retificado com nova conta corrente e exclus\u00e3o de disciplinas optativas.<\/p>\n<p>&nbsp;<\/p>\n<p><strong>EDITAIS 2013-1\u00ba<\/strong><\/p>\n<p><a href=\"https:\/\/wp.ufpel.edu.br\/especializacaoemartesvisuais\/files\/2013\/08\/EDITAL-ALUNO-ESPECIAL.2013-1.pdf\">EDITAL ALUNO ESPECIAL.2013-1<\/a><\/p>\n<p><a href=\"https:\/\/wp.ufpel.edu.br\/especializacaoemartesvisuais\/files\/2013\/08\/EDITAL-PGA-2013.pdf\">EDITAL PGA 2013<\/a><\/p>\n","protected":false},"excerpt":{"rendered":"<p>Sele\u00e7\u00e3o para aluno regular 2024-1 Edital de Sele\u00e7\u00e3o &nbsp; Sele\u00e7\u00e3o para Aluno Especial 2023-2 Edital de Sele\u00e7\u00e3o aluno Especial &nbsp; Sele\u00e7\u00e3o para aluno regular 2023-1 Edital &nbsp; Sele\u00e7\u00e3o para aluno regular 2022-1 As inscri\u00e7\u00f5es ao Exame de Sele\u00e7\u00e3o para cursar disciplinas regulares e\/ou optativas como aluno do Curso de Especializa\u00e7\u00e3o em Artes da UFPel estavam [&hellip;]<\/p>\n","protected":false},"author":281,"featured_media":0,"parent":0,"menu_order":1,"comment_status":"closed","ping_status":"closed","template":"","meta":{"footnotes":""},"class_list":["post-128","page","type-page","status-publish","hentry"],"_links":{"self":[{"href":"https:\/\/wp.ufpel.edu.br\/especializacaoemartesvisuais\/wp-json\/wp\/v2\/pages\/128","targetHints":{"allow":["GET"]}}],"collection":[{"href":"https:\/\/wp.ufpel.edu.br\/especializacaoemartesvisuais\/wp-json\/wp\/v2\/pages"}],"about":[{"href":"https:\/\/wp.ufpel.edu.br\/especializacaoemartesvisuais\/wp-json\/wp\/v2\/types\/page"}],"author":[{"embeddable":true,"href":"https:\/\/wp.ufpel.edu.br\/especializacaoemartesvisuais\/wp-json\/wp\/v2\/users\/281"}],"replies":[{"embeddable":true,"href":"https:\/\/wp.ufpel.edu.br\/especializacaoemartesvisuais\/wp-json\/wp\/v2\/comments?post=128"}],"version-history":[{"count":27,"href":"https:\/\/wp.ufpel.edu.br\/especializacaoemartesvisuais\/wp-json\/wp\/v2\/pages\/128\/revisions"}],"predecessor-version":[{"id":1446,"href":"https:\/\/wp.ufpel.edu.br\/especializacaoemartesvisuais\/wp-json\/wp\/v2\/pages\/128\/revisions\/1446"}],"wp:attachment":[{"href":"https:\/\/wp.ufpel.edu.br\/especializacaoemartesvisuais\/wp-json\/wp\/v2\/media?parent=128"}],"curies":[{"name":"wp","href":"https:\/\/api.w.org\/{rel}","templated":true}]}}