{"id":144,"date":"2017-10-09T10:58:15","date_gmt":"2017-10-09T13:58:15","guid":{"rendered":"https:\/\/wp.ufpel.edu.br\/especializacaoeducacaofae\/?page_id=144"},"modified":"2025-04-29T15:43:26","modified_gmt":"2025-04-29T18:43:26","slug":"frequencia-e-atestados-medicos","status":"publish","type":"page","link":"https:\/\/wp.ufpel.edu.br\/especializacaoeducacaofae\/frequencia-e-atestados-medicos\/","title":{"rendered":"FREQU\u00caNCIA E ATESTADOS M\u00c9DICOS"},"content":{"rendered":"<ul>\n<li><strong>Em nenhuma hip\u00f3tese existe a possibilidade de abono de faltas, mas orienta-se a justific\u00e1-las quando necess\u00e1rio.<\/strong><\/li>\n<\/ul>\n<p>A frequ\u00eancia \u00e9 obrigat\u00f3ria em todas as atividades curriculares (te\u00f3ricas e pr\u00e1ticas) propostas nos planos de ensino. Mesmo que o aluno obtenha boas notas no decorrer de uma disciplina, ele ser\u00e1 automaticamente reprovado se n\u00e3o tiver o m\u00ednimo de 75% de presen\u00e7a nas aulas e atividades programadas pelo professor.<\/p>\n<p>A justificativa para faltas por motivo de doen\u00e7a ou outros n\u00e3o poder\u00e1 exceder o limite m\u00e1ximo de faltas previsto para o semestre, ou seja, 25%. H\u00e1 situa\u00e7\u00f5es previstas em lei nas quais o aluno pode ausentar-se das aulas, desde que realize exerc\u00edcios domiciliares.<\/p>\n<ul>\n<li class=\"K3KsMc\">\n<div class=\"zMgcWd dSKvsb\" data-il=\"\">\n<div data-crb-p=\"\">\n<div class=\"xFTqob\">\n<div class=\"Gur8Ad\"><span data-huuid=\"5133280903000480541\"><strong>Atestados de at\u00e9 3 dias:<\/strong><\/span><\/div>\n<div class=\"vM0jzc\"><span data-huuid=\"5133280903000478282\">Justificam a falta, mas n\u00e3o a abonam. <\/span><span data-huuid=\"5133280903000480119\"><span data-huuid=\"5133280903000480119\">Permitem solicitar agendamento de segunda chamada para avalia\u00e7\u00f5es.<span class=\"pjBG2e\" data-cid=\"05a3079c-d59f-4fe4-9f0c-7c38043a6208\"><span class=\"UV3uM\">\u00a0<\/span><\/span><\/span><\/span><\/p>\n<div class=\"NPrrbc\" data-cid=\"05a3079c-d59f-4fe4-9f0c-7c38043a6208\" data-uuids=\"5133280903000480541,5133280903000478282,5133280903000480119\">\n<div class=\"BMebGe btku5b fCrZyc LwdV0e FR7ZSc OJeuxf\" tabindex=\"0\" role=\"button\" aria-label=\"Mostrar links relacionados\" data-hveid=\"CCMQAQ\" data-ved=\"2ahUKEwiI6Iqz8P2MAxVYK7kGHbrFMx0Q3fYKegQIIxAB\">\n<div class=\"niO4u\">\n<div class=\"kHtcsd\"><\/div>\n<\/div>\n<\/div>\n<\/div>\n<\/div>\n<\/div>\n<\/div>\n<\/div>\n<\/li>\n<li class=\"K3KsMc\">\n<div class=\"zMgcWd dSKvsb\" data-il=\"\">\n<div data-crb-p=\"\">\n<div class=\"xFTqob\">\n<div class=\"Gur8Ad\"><span data-huuid=\"5133280903000479697\"><strong>Atestados acima de 3 dias:<\/strong><\/span><\/div>\n<div class=\"vM0jzc\"><span data-huuid=\"5133280903000481534\"><span data-huuid=\"5133280903000481534\">Podem ser avaliados pela per\u00edcia m\u00e9dica da UFPel para concess\u00e3o de regime de exerc\u00edcios domiciliares.<span class=\"pjBG2e\" data-cid=\"0054faeb-b6af-4e72-adaa-e3b851b41ad0\"><span class=\"UV3uM\">\u00a0<\/span><\/span><\/span><\/span><\/p>\n<div class=\"NPrrbc\" data-cid=\"0054faeb-b6af-4e72-adaa-e3b851b41ad0\" data-uuids=\"5133280903000479697,5133280903000481534\">\n<div class=\"BMebGe btku5b fCrZyc LwdV0e FR7ZSc OJeuxf\" tabindex=\"0\" role=\"button\" aria-label=\"Mostrar links relacionados\" data-hveid=\"CCAQAQ\" data-ved=\"2ahUKEwiI6Iqz8P2MAxVYK7kGHbrFMx0Q3fYKegQIIBAB\">\n<div class=\"niO4u\">\n<div class=\"kHtcsd\"><\/div>\n<\/div>\n<\/div>\n<\/div>\n<\/div>\n<\/div>\n<\/div>\n<\/div>\n<\/li>\n<li class=\"K3KsMc\">\n<div class=\"zMgcWd dSKvsb\" data-il=\"\">\n<div data-crb-p=\"\">\n<div class=\"xFTqob\">\n<div class=\"Gur8Ad\"><span data-huuid=\"5133280903000481112\"><strong>Como solicitar exerc\u00edcios domiciliares:<\/strong><\/span><\/div>\n<div class=\"vM0jzc\"><span data-huuid=\"5133280903000478853\">A solicita\u00e7\u00e3o deve ser feita via sistema acad\u00eamico (COBALTO), no menu &#8220;Aluno &gt; Cadastro &gt; Solicita\u00e7\u00e3o de exerc\u00edcios domiciliares&#8221;.<span class=\"pjBG2e\" data-cid=\"3a331756-ae9c-4db7-b40d-75dcccbbf0bf\"><span class=\"UV3uM\">\u00a0<\/span><\/span><\/span><\/div>\n<\/div>\n<\/div>\n<\/div>\n<\/li>\n<\/ul>\n<p><strong>Se\u00e7\u00e3o de Per\u00edcia M\u00e9dic<\/strong>a: Rua Gomes Carneiro, 1, 2\u00ba andar &#8211; 206, Centro &#8211; CEP 96010-610<br \/>\nPelotas, RS<\/p>\n<div><strong>E-mail\u00a0<\/strong><em>Per\u00edcia M\u00e9dica<\/em>: pericia.medica@ufpel.edu.br<\/div>\n<div><strong>Telefone\u00a0<\/strong><em>Per\u00edcia M\u00e9dica<\/em>: (53) 3284-3985<\/div>\n<p>&nbsp;<\/p>\n","protected":false},"excerpt":{"rendered":"<p>Em nenhuma hip\u00f3tese existe a possibilidade de abono de faltas, mas orienta-se a justific\u00e1-las quando necess\u00e1rio. A frequ\u00eancia \u00e9 obrigat\u00f3ria em todas as atividades curriculares (te\u00f3ricas e pr\u00e1ticas) propostas nos planos de ensino. Mesmo que o aluno obtenha boas notas no decorrer de uma disciplina, ele ser\u00e1 automaticamente reprovado se n\u00e3o tiver o m\u00ednimo de [&hellip;]<\/p>\n","protected":false},"author":758,"featured_media":0,"parent":0,"menu_order":0,"comment_status":"closed","ping_status":"closed","template":"","meta":{"jetpack_post_was_ever_published":false,"footnotes":""},"class_list":["post-144","page","type-page","status-publish","hentry"],"jetpack_sharing_enabled":true,"jetpack_shortlink":"https:\/\/wp.me\/P8Srom-2k","jetpack-related-posts":[],"_links":{"self":[{"href":"https:\/\/wp.ufpel.edu.br\/especializacaoeducacaofae\/wp-json\/wp\/v2\/pages\/144","targetHints":{"allow":["GET"]}}],"collection":[{"href":"https:\/\/wp.ufpel.edu.br\/especializacaoeducacaofae\/wp-json\/wp\/v2\/pages"}],"about":[{"href":"https:\/\/wp.ufpel.edu.br\/especializacaoeducacaofae\/wp-json\/wp\/v2\/types\/page"}],"author":[{"embeddable":true,"href":"https:\/\/wp.ufpel.edu.br\/especializacaoeducacaofae\/wp-json\/wp\/v2\/users\/758"}],"replies":[{"embeddable":true,"href":"https:\/\/wp.ufpel.edu.br\/especializacaoeducacaofae\/wp-json\/wp\/v2\/comments?post=144"}],"version-history":[{"count":3,"href":"https:\/\/wp.ufpel.edu.br\/especializacaoeducacaofae\/wp-json\/wp\/v2\/pages\/144\/revisions"}],"predecessor-version":[{"id":844,"href":"https:\/\/wp.ufpel.edu.br\/especializacaoeducacaofae\/wp-json\/wp\/v2\/pages\/144\/revisions\/844"}],"wp:attachment":[{"href":"https:\/\/wp.ufpel.edu.br\/especializacaoeducacaofae\/wp-json\/wp\/v2\/media?parent=144"}],"curies":[{"name":"wp","href":"https:\/\/api.w.org\/{rel}","templated":true}]}}