{"id":136,"date":"2017-10-09T10:22:38","date_gmt":"2017-10-09T13:22:38","guid":{"rendered":"https:\/\/wp.ufpel.edu.br\/especializacaoeducacaofae\/?page_id=136"},"modified":"2017-10-09T10:42:06","modified_gmt":"2017-10-09T13:42:06","slug":"aproveitamento-de-creditos","status":"publish","type":"page","link":"https:\/\/wp.ufpel.edu.br\/especializacaoeducacaofae\/aproveitamento-de-creditos\/","title":{"rendered":"APROVEITAMENTO DE CR\u00c9DITOS"},"content":{"rendered":"<p>Todo aluno que cursar, ou j\u00e1 tiver cursado anteriormente, uma ou mais disciplinas de P\u00f3s-gradua\u00e7\u00e3o em outras institui\u00e7\u00f5es ou na pr\u00f3pria UFPeL, e que tiver seu conte\u00fado igual ou semelhante ao de alguma disciplina do Curso de Especializa\u00e7\u00e3o em Educa\u00e7\u00e3o tem direito a solicitar o Aproveitamento de Cr\u00e9ditos.<\/p>\n<p>Para solicit\u00e1-lo o discente dever\u00e1 entregar na secretaria do Colegiado do Curso o Formul\u00e1rio para Solicita\u00e7\u00e3o de Aproveitamento, e juntar ao seu pedido c\u00f3pia do hist\u00f3rico escolar, e o conte\u00fado program\u00e1tico das disciplinas cursadas que contemplem seu pedido.<\/p>\n<p>Para obter o aproveitamento, a atividade curricular cursada dever\u00e1 ter carga hor\u00e1ria equivalente ou superior \u00e0 disciplina a ser dispensada.<\/p>\n<p>O pedido ser\u00e1 avaliado pela Comiss\u00e3o Coordenadora do Curso, e as solicita\u00e7\u00f5es deferidas ser\u00e3o registradas no hist\u00f3rico do aluno como DSP (dispensado).<\/p>\n<p>Formul\u00e1rio Aproveitamento de Cr\u00e9ditos<\/p>\n<p>FONTE: Regimento do Curso de Especializa\u00e7\u00e3o em Educa\u00e7\u00e3o<\/p>\n<p>&nbsp;<\/p>\n","protected":false},"excerpt":{"rendered":"<p>Todo aluno que cursar, ou j\u00e1 tiver cursado anteriormente, uma ou mais disciplinas de P\u00f3s-gradua\u00e7\u00e3o em outras institui\u00e7\u00f5es ou na pr\u00f3pria UFPeL, e que tiver seu conte\u00fado igual ou semelhante ao de alguma disciplina do Curso de Especializa\u00e7\u00e3o em Educa\u00e7\u00e3o tem direito a solicitar o Aproveitamento de Cr\u00e9ditos. Para solicit\u00e1-lo o discente dever\u00e1 entregar na [&hellip;]<\/p>\n","protected":false},"author":758,"featured_media":0,"parent":0,"menu_order":0,"comment_status":"closed","ping_status":"closed","template":"","meta":{"jetpack_post_was_ever_published":false,"footnotes":""},"class_list":["post-136","page","type-page","status-publish","hentry"],"jetpack_sharing_enabled":true,"jetpack_shortlink":"https:\/\/wp.me\/P8Srom-2c","jetpack-related-posts":[],"_links":{"self":[{"href":"https:\/\/wp.ufpel.edu.br\/especializacaoeducacaofae\/wp-json\/wp\/v2\/pages\/136","targetHints":{"allow":["GET"]}}],"collection":[{"href":"https:\/\/wp.ufpel.edu.br\/especializacaoeducacaofae\/wp-json\/wp\/v2\/pages"}],"about":[{"href":"https:\/\/wp.ufpel.edu.br\/especializacaoeducacaofae\/wp-json\/wp\/v2\/types\/page"}],"author":[{"embeddable":true,"href":"https:\/\/wp.ufpel.edu.br\/especializacaoeducacaofae\/wp-json\/wp\/v2\/users\/758"}],"replies":[{"embeddable":true,"href":"https:\/\/wp.ufpel.edu.br\/especializacaoeducacaofae\/wp-json\/wp\/v2\/comments?post=136"}],"version-history":[{"count":3,"href":"https:\/\/wp.ufpel.edu.br\/especializacaoeducacaofae\/wp-json\/wp\/v2\/pages\/136\/revisions"}],"predecessor-version":[{"id":140,"href":"https:\/\/wp.ufpel.edu.br\/especializacaoeducacaofae\/wp-json\/wp\/v2\/pages\/136\/revisions\/140"}],"wp:attachment":[{"href":"https:\/\/wp.ufpel.edu.br\/especializacaoeducacaofae\/wp-json\/wp\/v2\/media?parent=136"}],"curies":[{"name":"wp","href":"https:\/\/api.w.org\/{rel}","templated":true}]}}