{"id":131,"date":"2017-10-09T10:07:32","date_gmt":"2017-10-09T13:07:32","guid":{"rendered":"https:\/\/wp.ufpel.edu.br\/especializacaoeducacaofae\/?page_id=131"},"modified":"2025-02-04T12:15:35","modified_gmt":"2025-02-04T15:15:35","slug":"corpo-docente","status":"publish","type":"page","link":"https:\/\/wp.ufpel.edu.br\/especializacaoeducacaofae\/corpo-docente\/","title":{"rendered":"CORPO DOCENTE"},"content":{"rendered":"<p>Clique nos nomes para acessar o Curr\u00edculo Lattes dos professores.<\/p>\n<table class=\"aligncenter\" style=\"height: 1143px; width: 726px;\" border=\"1\" width=\"726\" cellspacing=\"0\" cellpadding=\"0\">\n<tbody>\n<tr style=\"height: 88px;\">\n<td style=\"height: 88px; width: 247px; text-align: left;\" valign=\"top\">\n<p align=\"center\"><b>Nome<\/b><\/p>\n<\/td>\n<td style=\"height: 88px; width: 146px; text-align: left;\" valign=\"top\">\n<p align=\"center\"><b>Departamento<\/b><\/p>\n<\/td>\n<td style=\"height: 88px; width: 207px; text-align: left;\" valign=\"top\">\n<p align=\"center\"><b>Cargo<\/b><\/p>\n<\/td>\n<td style=\"height: 88px; width: 114px; text-align: left;\" valign=\"top\">\n<p align=\"center\"><b>Titula\u00e7\u00e3o<\/b><\/p>\n<\/td>\n<\/tr>\n<tr style=\"height: 75px;\">\n<td style=\"height: 75px; width: 247px;\"><a href=\"http:\/\/lattes.cnpq.br\/7571571217332694\" target=\"_blank\" rel=\"noopener noreferrer\">\u00a0Aline Accorssi<\/a><\/td>\n<td style=\"text-align: center; height: 75px; width: 146px;\">Fundamentos da Educa\u00e7\u00e3o<\/td>\n<td style=\"text-align: center; height: 75px; width: 207px;\">\u00a0Professor Adjunto<\/td>\n<td style=\"text-align: center; height: 75px; width: 114px;\">Doutorado<\/td>\n<\/tr>\n<tr style=\"height: 88px;\">\n<td style=\"height: 88px; width: 247px;\"><a href=\"http:\/\/lattes.cnpq.br\/0972060154028532\">Caroline Terra de Oliveira<\/a><\/td>\n<td style=\"text-align: center; height: 88px; width: 146px;\">Ensino<\/td>\n<td style=\"height: 88px; width: 207px;\">\n<p align=\"center\">\u00a0\u00a0\u00a0\u00a0\u00a0\u00a0\u00a0\u00a0\u00a0 Professor Adjunto<\/p>\n<\/td>\n<td style=\"height: 88px; width: 114px;\">\n<p align=\"center\">\u00a0\u00a0\u00a0 Doutorado<\/p>\n<\/td>\n<\/tr>\n<tr style=\"height: 73px;\">\n<td style=\"width: 247px; height: 73px;\"><a href=\"http:\/\/lattes.cnpq.br\/3147425109706294\">Diana Paula Salom\u00e3o de Freitas<\/a><\/td>\n<td style=\"width: 146px; text-align: left; height: 73px;\">\u00a0 \u00a0 \u00a0 \u00a0 Ensino<\/td>\n<td style=\"width: 207px; height: 73px;\">\n<p align=\"center\">\u00a0 \u00a0 \u00a0 \u00a0 Professor Associado<\/p>\n<\/td>\n<td style=\"width: 114px; height: 73px;\">\n<p align=\"center\">\u00a0 \u00a0 Doutorado<\/p>\n<\/td>\n<\/tr>\n<tr style=\"height: 75px;\">\n<td style=\"height: 75px; width: 247px;\" valign=\"top\"><a href=\"http:\/\/lattes.cnpq.br\/7579469475921540\">\u00a0Dirlei de Azambuja Pereira<\/a><\/td>\n<td style=\"text-align: center; height: 75px; width: 146px;\" valign=\"top\">Fundamentos da Educa\u00e7\u00e3o<\/td>\n<td style=\"text-align: center; height: 75px; width: 207px;\" valign=\"top\">Professor \u00a0Adjunto<\/td>\n<td style=\"text-align: center; height: 75px; width: 114px;\" valign=\"top\">Doutorado<\/td>\n<\/tr>\n<tr style=\"height: 38px;\">\n<td style=\"height: 38px; width: 247px;\" valign=\"top\">\n<p><a href=\"http:\/\/lattes.cnpq.br\/3902097869731480\">Edson Ponick<\/a><\/p>\n<p>&nbsp;<\/td>\n<td style=\"text-align: center; height: 38px; width: 146px;\" valign=\"top\">Ensino<\/td>\n<td style=\"text-align: center; height: 38px; width: 207px;\" valign=\"top\">Professor \u00a0Adjunto<\/td>\n<td style=\"text-align: center; height: 38px; width: 114px;\" valign=\"top\">Doutorado<\/td>\n<\/tr>\n<tr style=\"height: 92px;\">\n<td style=\"width: 247px; height: 92px;\">\n<p><a href=\"http:\/\/lattes.cnpq.br\/1814729352827890\">Elisa dos Santos Vanti<\/a><\/p>\n<p>&nbsp;<\/td>\n<td style=\"text-align: center; width: 146px; height: 92px;\">Ensino<\/td>\n<td style=\"text-align: center; width: 207px; height: 92px;\">Professor Associado<\/td>\n<td style=\"text-align: center; width: 114px; height: 92px;\">Doutorado<\/td>\n<\/tr>\n<tr style=\"height: 88px;\">\n<td style=\"height: 88px; width: 247px;\"><a href=\"http:\/\/lattes.cnpq.br\/2328191426989790\">Gilsenira de Alcino Rangel<\/a><\/td>\n<td style=\"text-align: center; height: 88px; width: 146px;\">Ensino<\/td>\n<td style=\"height: 88px; width: 207px; text-align: center; vertical-align: middle;\">\n<p align=\"center\">\u00a0\u00a0\u00a0\u00a0\u00a0\u00a0 Professor Titular<\/p>\n<\/td>\n<td style=\"height: 88px; width: 114px;\">\n<p align=\"center\">\u00a0 Doutorado<\/p>\n<\/td>\n<\/tr>\n<tr style=\"height: 88px;\">\n<td style=\"height: 88px; width: 247px;\"><a href=\"http:\/\/lattes.cnpq.br\/0501305200912745\">Helenara Plaszewski <\/a><\/td>\n<td style=\"text-align: center; height: 88px; width: 146px;\">Ensino<\/td>\n<td style=\"height: 88px; width: 207px;\">\n<p align=\"center\">\u00a0\u00a0\u00a0\u00a0\u00a0\u00a0 Professor Associado<\/p>\n<\/td>\n<td style=\"height: 88px; width: 114px;\">\n<p align=\"center\">\u00a0\u00a0 Doutorado<\/p>\n<\/td>\n<\/tr>\n<tr style=\"height: 115px;\">\n<td style=\"width: 247px; height: 115px;\">\n<p><a href=\"http:\/\/lattes.cnpq.br\/6562983888169274\">Heloisa Helena Duval de Azevedo<\/a><\/p>\n<p>&nbsp;<\/td>\n<td style=\"width: 146px; height: 115px;\">Fundamentos da Educa\u00e7\u00e3o<\/td>\n<td style=\"width: 207px; height: 115px;\">\u00a0\u00a0\u00a0\u00a0\u00a0\u00a0 Professor Associado<\/td>\n<td style=\"width: 114px; height: 115px;\">\u00a0\u00a0\u00a0 Doutorado<\/td>\n<\/tr>\n<tr style=\"height: 75px;\">\n<td style=\"height: 75px; width: 247px;\" valign=\"top\"><a href=\"http:\/\/lattes.cnpq.br\/4713898341526908\">Rose Adriana Andrade de Miranda<\/a><\/td>\n<td style=\"text-align: center; height: 75px; width: 146px;\" valign=\"top\">Fundamentos da Educa\u00e7\u00e3o<\/td>\n<td style=\"text-align: center; height: 75px; width: 207px;\" valign=\"top\">Professor \u00a0Adjunto<\/td>\n<td style=\"text-align: center; height: 75px; width: 114px;\" valign=\"top\">Mestrado<\/td>\n<\/tr>\n<\/tbody>\n<\/table>\n<p>&nbsp;<\/p>\n","protected":false},"excerpt":{"rendered":"<p>Clique nos nomes para acessar o Curr\u00edculo Lattes dos professores. Nome Departamento Cargo Titula\u00e7\u00e3o \u00a0Aline Accorssi Fundamentos da Educa\u00e7\u00e3o \u00a0Professor Adjunto Doutorado Caroline Terra de Oliveira Ensino \u00a0\u00a0\u00a0\u00a0\u00a0\u00a0\u00a0\u00a0\u00a0 Professor Adjunto \u00a0\u00a0\u00a0 Doutorado Diana Paula Salom\u00e3o de Freitas \u00a0 \u00a0 \u00a0 \u00a0 Ensino \u00a0 \u00a0 \u00a0 \u00a0 Professor Associado \u00a0 \u00a0 Doutorado \u00a0Dirlei de Azambuja Pereira [&hellip;]<\/p>\n","protected":false},"author":758,"featured_media":0,"parent":0,"menu_order":0,"comment_status":"closed","ping_status":"closed","template":"","meta":{"jetpack_post_was_ever_published":false,"footnotes":""},"class_list":["post-131","page","type-page","status-publish","hentry"],"jetpack_sharing_enabled":true,"jetpack_shortlink":"https:\/\/wp.me\/P8Srom-27","jetpack-related-posts":[],"_links":{"self":[{"href":"https:\/\/wp.ufpel.edu.br\/especializacaoeducacaofae\/wp-json\/wp\/v2\/pages\/131","targetHints":{"allow":["GET"]}}],"collection":[{"href":"https:\/\/wp.ufpel.edu.br\/especializacaoeducacaofae\/wp-json\/wp\/v2\/pages"}],"about":[{"href":"https:\/\/wp.ufpel.edu.br\/especializacaoeducacaofae\/wp-json\/wp\/v2\/types\/page"}],"author":[{"embeddable":true,"href":"https:\/\/wp.ufpel.edu.br\/especializacaoeducacaofae\/wp-json\/wp\/v2\/users\/758"}],"replies":[{"embeddable":true,"href":"https:\/\/wp.ufpel.edu.br\/especializacaoeducacaofae\/wp-json\/wp\/v2\/comments?post=131"}],"version-history":[{"count":10,"href":"https:\/\/wp.ufpel.edu.br\/especializacaoeducacaofae\/wp-json\/wp\/v2\/pages\/131\/revisions"}],"predecessor-version":[{"id":770,"href":"https:\/\/wp.ufpel.edu.br\/especializacaoeducacaofae\/wp-json\/wp\/v2\/pages\/131\/revisions\/770"}],"wp:attachment":[{"href":"https:\/\/wp.ufpel.edu.br\/especializacaoeducacaofae\/wp-json\/wp\/v2\/media?parent=131"}],"curies":[{"name":"wp","href":"https:\/\/api.w.org\/{rel}","templated":true}]}}