{"id":35,"date":"2024-08-05T13:31:08","date_gmt":"2024-08-05T16:31:08","guid":{"rendered":"https:\/\/wp.ufpel.edu.br\/especializacaoartes\/?page_id=35"},"modified":"2025-04-16T08:48:04","modified_gmt":"2025-04-16T11:48:04","slug":"procedimentos-e-formularios","status":"publish","type":"page","link":"https:\/\/wp.ufpel.edu.br\/especializacaoartes\/documentos\/procedimentos-e-formularios\/","title":{"rendered":"Arquivos e Formul\u00e1rios"},"content":{"rendered":"<p>Composi\u00e7\u00e3o e Agendamento Banca de Defesa (<a href=\"https:\/\/wp.ufpel.edu.br\/especializacaoartes\/files\/2024\/08\/COMPOSICAO-DE-BANCA.doc\">clique aqui<\/a>)<\/p>\n<p>Formul\u00e1rio Aproveitamento de Cr\u00e9ditos (<a href=\"https:\/\/wp.ufpel.edu.br\/especializacaoartes\/files\/2024\/08\/af02b6e020.doc\">clique aqui<\/a>)<\/p>\n<p>Formul\u00e1rio de Prorroga\u00e7\u00e3o Tempo de Curso (<a href=\"https:\/\/wp.ufpel.edu.br\/especializacaoartes\/files\/2024\/09\/Prorrogacao-de-Curso.doc\">clique aqui<\/a>)<\/p>\n<p>Termo de Autoriza\u00e7\u00e3o Publica\u00e7\u00e3o TCC (<a href=\"https:\/\/wp.ufpel.edu.br\/especializacaoartes\/files\/2024\/08\/Termo-tcc-e-especializacao.pdf\">clique aqui<\/a>)<\/p>\n<p>Manual de Normas para Trabalhos Acad\u00eamicos (<a href=\"https:\/\/wp.ufpel.edu.br\/especializacaoartes\/files\/2024\/08\/Manual-versao-final-novembro-1.pdf\">clique aqui<\/a>)\u00a0 || Template Elementos pr\u00e9 e p\u00f3s textuais (<a href=\"https:\/\/wp.ufpel.edu.br\/especializacaoartes\/files\/2024\/08\/Capa_Paginas_pre_e_pos-textuais_atualizado-1.docx\">clique aqui<\/a>)<\/p>\n<p>Regimento do Curso (<a href=\"https:\/\/wp.ufpel.edu.br\/especializacaoartes\/files\/2024\/08\/Novo-REGIMENTO-atualizacao-2024.pdf\">clique aqui<\/a>)<\/p>\n<p>Tutorial para Ficha catalogr\u00e1fica (<a href=\"https:\/\/wp.ufpel.edu.br\/especializacaoartes\/files\/2024\/08\/SOLICITACAO-DE-FICHA.pdf\">clique aqui<\/a>)<\/p>\n<p>&nbsp;<\/p>\n","protected":false},"excerpt":{"rendered":"<p>Composi\u00e7\u00e3o e Agendamento Banca de Defesa (clique aqui) Formul\u00e1rio Aproveitamento de Cr\u00e9ditos (clique aqui) Formul\u00e1rio de Prorroga\u00e7\u00e3o Tempo de Curso (clique aqui) Termo de Autoriza\u00e7\u00e3o Publica\u00e7\u00e3o TCC (clique aqui) Manual de Normas para Trabalhos Acad\u00eamicos (clique aqui)\u00a0 || Template Elementos pr\u00e9 e p\u00f3s textuais (clique aqui) Regimento do Curso (clique aqui) Tutorial para Ficha catalogr\u00e1fica [&hellip;]<\/p>\n","protected":false},"author":1383,"featured_media":0,"parent":32,"menu_order":1,"comment_status":"closed","ping_status":"closed","template":"","meta":{"footnotes":""},"class_list":["post-35","page","type-page","status-publish","hentry"],"_links":{"self":[{"href":"https:\/\/wp.ufpel.edu.br\/especializacaoartes\/wp-json\/wp\/v2\/pages\/35","targetHints":{"allow":["GET"]}}],"collection":[{"href":"https:\/\/wp.ufpel.edu.br\/especializacaoartes\/wp-json\/wp\/v2\/pages"}],"about":[{"href":"https:\/\/wp.ufpel.edu.br\/especializacaoartes\/wp-json\/wp\/v2\/types\/page"}],"author":[{"embeddable":true,"href":"https:\/\/wp.ufpel.edu.br\/especializacaoartes\/wp-json\/wp\/v2\/users\/1383"}],"replies":[{"embeddable":true,"href":"https:\/\/wp.ufpel.edu.br\/especializacaoartes\/wp-json\/wp\/v2\/comments?post=35"}],"version-history":[{"count":7,"href":"https:\/\/wp.ufpel.edu.br\/especializacaoartes\/wp-json\/wp\/v2\/pages\/35\/revisions"}],"predecessor-version":[{"id":221,"href":"https:\/\/wp.ufpel.edu.br\/especializacaoartes\/wp-json\/wp\/v2\/pages\/35\/revisions\/221"}],"up":[{"embeddable":true,"href":"https:\/\/wp.ufpel.edu.br\/especializacaoartes\/wp-json\/wp\/v2\/pages\/32"}],"wp:attachment":[{"href":"https:\/\/wp.ufpel.edu.br\/especializacaoartes\/wp-json\/wp\/v2\/media?parent=35"}],"curies":[{"name":"wp","href":"https:\/\/api.w.org\/{rel}","templated":true}]}}