{"id":173,"date":"2024-09-30T11:32:43","date_gmt":"2024-09-30T14:32:43","guid":{"rendered":"https:\/\/wp.ufpel.edu.br\/especializacaoartes\/?page_id=173"},"modified":"2024-09-30T11:32:43","modified_gmt":"2024-09-30T14:32:43","slug":"2020-2","status":"publish","type":"page","link":"https:\/\/wp.ufpel.edu.br\/especializacaoartes\/trabalhos-de-conclusao\/2020-2\/","title":{"rendered":"2020"},"content":{"rendered":"<p><strong>Andr\u00e9ia Cristina de Souza Lang Vilela.<\/strong> <a href=\"https:\/\/pergamum.ufpel.edu.br\/acervo\/122053\"><span class=\"f500 false\">M\u00fasica e inclus\u00e3o na educa\u00e7\u00e3o b\u00e1sica <\/span><span class=\"f500 l5\">[recurso eletr\u00f4nico] : <\/span><span class=\"f500 l5\">um levantamento da produ\u00e7\u00e3o difundida nos \u00faltimos dez anos nas revistas e anais de grande veicula\u00e7\u00e3o musical no contexto brasileiro.<\/span><\/a><\/p>\n<p><strong>Camila Porto Burgu\u00eaz. <\/strong><a href=\"https:\/\/pergamum.ufpel.edu.br\/acervo\/122059\"><span class=\"f500 false\">Arte como processo radical de enfrentamento <\/span><span class=\"f500 l5\">[recurso eletr\u00f4nico] : <\/span><span class=\"f500 l5\">reflex\u00f5es de uma mulher artista acerca da est\u00e9tica feminina nas artes visuais a partir do feminismo radical.<\/span><\/a><\/p>\n<p><strong>Camila Soares Bazzanella.<\/strong> <a href=\"https:\/\/pergamum.ufpel.edu.br\/acervo\/122060\"><span class=\"f500 false\">Ziness\u00e9rie Meia <\/span><span class=\"f500 l5\">[recurso eletr\u00f4nico] : <\/span><span class=\"f500 l5\">autopublica\u00e7\u00e3o e financiamento coletivo cont\u00ednuo.<\/span><\/a><\/p>\n<p><strong>Cesar Augusto Couto Bittencourt Junior.<\/strong> <span class=\"fontstyle0\">O corpo como linguagem para uma educa\u00e7\u00e3o libert\u00e1ria.\u00a0<\/span><\/p>\n<p><strong>Liber Daniel Bermud\u00e9z Medina.<\/strong> <a href=\"https:\/\/pergamum.ufpel.edu.br\/acervo\/122063\"><span class=\"f500 false\">Artes visuais, m\u00fasica e multiculturalismo na Am\u00e9rica Latina <\/span><span class=\"f500 l5\">[recurso eletr\u00f4nico].<\/span><\/a><\/p>\n<p><strong>Quezia Tabordes Gon\u00e7alves. <\/strong><a href=\"https:\/\/pergamum.ufpel.edu.br\/acervo\/122066\"><span class=\"f500 false\">M\u00fasica no Minist\u00e9rio Ide <\/span><span class=\"f500 l5\">[recurso eletr\u00f4nico] : <\/span><span class=\"f500 l5\">considera\u00e7\u00f5es sobre o ensino de m\u00fasica atrav\u00e9s da pr\u00e1tica em grupo.<\/span><\/a><\/p>\n<p><strong>Rafaela In\u00e1cio Jaques.<\/strong> <a href=\"https:\/\/pergamum.ufpel.edu.br\/acervo\/122067\"><span class=\"f500 false\">Fazer uma po\u00e7a <\/span><span class=\"f500 l5\">[recurso eletr\u00f4nico] : <\/span><span class=\"f500 l5\">concep\u00e7\u00f5es para cria\u00e7\u00e3o de uma publica\u00e7\u00e3o digital para mulheres.<\/span><\/a><\/p>\n<p><strong>Renan Silva do Espirito Santo. <\/strong><a href=\"https:\/\/pergamum.ufpel.edu.br\/acervo\/122068\"><span class=\"f500 false\">Educativo MALG <\/span><span class=\"f500 l5\">[recurso eletr\u00f4nico] : <\/span><span class=\"f500 l5\">an\u00e1lise e produ\u00e7\u00e3o de materiais educativos institucionais no Museu de Arte Leopoldo Gotuzzo.<\/span><\/a><\/p>\n<p><strong>Rodrigo dos Santos Xavier.<\/strong> <a href=\"https:\/\/pergamum.ufpel.edu.br\/acervo\/122080\"><span class=\"f500 false\">KAZOO <\/span><span class=\"f500 l5\">[recurso eletr\u00f4nico] : <\/span><span class=\"f500 l5\">um estudo sobre musicaliza\u00e7\u00e3o com 4\u00bas Anos de uma Escola Municipal da cidade de Pelotas RS.<\/span><\/a><\/p>\n<p>&nbsp;<\/p>\n","protected":false},"excerpt":{"rendered":"<p>Andr\u00e9ia Cristina de Souza Lang Vilela. M\u00fasica e inclus\u00e3o na educa\u00e7\u00e3o b\u00e1sica [recurso eletr\u00f4nico] : um levantamento da produ\u00e7\u00e3o difundida nos \u00faltimos dez anos nas revistas e anais de grande veicula\u00e7\u00e3o musical no contexto brasileiro. Camila Porto Burgu\u00eaz. Arte como processo radical de enfrentamento [recurso eletr\u00f4nico] : reflex\u00f5es de uma mulher artista acerca da est\u00e9tica [&hellip;]<\/p>\n","protected":false},"author":1383,"featured_media":0,"parent":89,"menu_order":4,"comment_status":"closed","ping_status":"closed","template":"","meta":{"footnotes":""},"class_list":["post-173","page","type-page","status-publish","hentry"],"_links":{"self":[{"href":"https:\/\/wp.ufpel.edu.br\/especializacaoartes\/wp-json\/wp\/v2\/pages\/173","targetHints":{"allow":["GET"]}}],"collection":[{"href":"https:\/\/wp.ufpel.edu.br\/especializacaoartes\/wp-json\/wp\/v2\/pages"}],"about":[{"href":"https:\/\/wp.ufpel.edu.br\/especializacaoartes\/wp-json\/wp\/v2\/types\/page"}],"author":[{"embeddable":true,"href":"https:\/\/wp.ufpel.edu.br\/especializacaoartes\/wp-json\/wp\/v2\/users\/1383"}],"replies":[{"embeddable":true,"href":"https:\/\/wp.ufpel.edu.br\/especializacaoartes\/wp-json\/wp\/v2\/comments?post=173"}],"version-history":[{"count":1,"href":"https:\/\/wp.ufpel.edu.br\/especializacaoartes\/wp-json\/wp\/v2\/pages\/173\/revisions"}],"predecessor-version":[{"id":175,"href":"https:\/\/wp.ufpel.edu.br\/especializacaoartes\/wp-json\/wp\/v2\/pages\/173\/revisions\/175"}],"up":[{"embeddable":true,"href":"https:\/\/wp.ufpel.edu.br\/especializacaoartes\/wp-json\/wp\/v2\/pages\/89"}],"wp:attachment":[{"href":"https:\/\/wp.ufpel.edu.br\/especializacaoartes\/wp-json\/wp\/v2\/media?parent=173"}],"curies":[{"name":"wp","href":"https:\/\/api.w.org\/{rel}","templated":true}]}}