{"id":151,"date":"2024-08-28T09:29:40","date_gmt":"2024-08-28T12:29:40","guid":{"rendered":"https:\/\/wp.ufpel.edu.br\/especializacaoartes\/?page_id=151"},"modified":"2024-08-28T09:30:00","modified_gmt":"2024-08-28T12:30:00","slug":"2022-2","status":"publish","type":"page","link":"https:\/\/wp.ufpel.edu.br\/especializacaoartes\/trabalhos-de-conclusao\/2022-2\/","title":{"rendered":"2022"},"content":{"rendered":"<p><strong>Bruno de Oliveira da Silva.<\/strong> <a href=\"https:\/\/pergamum.ufpel.edu.br\/acervo\/127400\"><em><span class=\"f500 false\">A\/r\/t\u00f3grafo viajante <\/span><span class=\"f500 l5\">[recurso eletr\u00f4nico] : <\/span><span class=\"f500 l5\">um conceito em constru\u00e7\u00e3o.<\/span><\/em><\/a><\/p>\n<p><strong>Cleison Rafael Goulart da Silva. <\/strong><a href=\"https:\/\/pergamum.ufpel.edu.br\/acervo\/127401\"><em>Atlas mnemosine e cultura visual:\u00a0oficina de imagens como proposta pedag\u00f3gica.<\/em><\/a><\/p>\n<p><strong>Eduardo dos Santos Costa. <\/strong><a href=\"https:\/\/pergamum.ufpel.edu.br\/acervo\/127402\"><em><span class=\"f500 false\">Arranjo direcionado <\/span><span class=\"f500 l5\">[recurso eletr\u00f4nico] : <\/span><span class=\"f500 l5\">o professor\/arranjador na constru\u00e7\u00e3o de um m\u00e9todo participativo.<\/span><\/em><\/a><\/p>\n<p><strong>Joana Schneider. <\/strong><em><span class=\"fontstyle0\">V\u00e3o-se os dedos e ficam os an\u00e9is: uma conversa sobre arte, morte e objetos<\/span><\/em><strong><br \/>\n<\/strong><\/p>\n<p><strong>Luccas Pires Soares. <\/strong><a href=\"https:\/\/pergamum.ufpel.edu.br\/acervo\/127417\"><em><span class=\"f500 false\">As trilhas sonoras do teatro musical brasileiro <\/span><span class=\"f500 l5\">[recurso eletr\u00f4nico] : <\/span><span class=\"f500 l5\">uma visita ao repert\u00f3rio gravado<\/span><\/em><\/a><\/p>\n<p><strong><span style=\"color: var(--cor-texto); font-family: var(--fonte-corpo);\">Vanessa Cristina Dias. <\/span><\/strong><a href=\"https:\/\/pergamum.ufpel.edu.br\/acervo\/127418\"><em><span style=\"color: var(--cor-texto); font-family: var(--fonte-corpo);\"><span class=\"f500 false\">A produ\u00e7\u00e3o da vida como obra de arte <\/span><\/span><span style=\"color: var(--cor-texto); font-family: var(--fonte-corpo);\"><span class=\"f500 l5\">[recurso eletr\u00f4nico] : <\/span><span class=\"f500 l5\">Paola Paredes e Laurence Philom\u00e8ne<\/span><\/span><\/em><\/a><\/p>\n","protected":false},"excerpt":{"rendered":"<p>Bruno de Oliveira da Silva. A\/r\/t\u00f3grafo viajante [recurso eletr\u00f4nico] : um conceito em constru\u00e7\u00e3o. Cleison Rafael Goulart da Silva. Atlas mnemosine e cultura visual:\u00a0oficina de imagens como proposta pedag\u00f3gica. Eduardo dos Santos Costa. Arranjo direcionado [recurso eletr\u00f4nico] : o professor\/arranjador na constru\u00e7\u00e3o de um m\u00e9todo participativo. Joana Schneider. V\u00e3o-se os dedos e ficam os an\u00e9is: [&hellip;]<\/p>\n","protected":false},"author":1383,"featured_media":0,"parent":89,"menu_order":1,"comment_status":"closed","ping_status":"closed","template":"","meta":{"footnotes":""},"class_list":["post-151","page","type-page","status-publish","hentry"],"_links":{"self":[{"href":"https:\/\/wp.ufpel.edu.br\/especializacaoartes\/wp-json\/wp\/v2\/pages\/151","targetHints":{"allow":["GET"]}}],"collection":[{"href":"https:\/\/wp.ufpel.edu.br\/especializacaoartes\/wp-json\/wp\/v2\/pages"}],"about":[{"href":"https:\/\/wp.ufpel.edu.br\/especializacaoartes\/wp-json\/wp\/v2\/types\/page"}],"author":[{"embeddable":true,"href":"https:\/\/wp.ufpel.edu.br\/especializacaoartes\/wp-json\/wp\/v2\/users\/1383"}],"replies":[{"embeddable":true,"href":"https:\/\/wp.ufpel.edu.br\/especializacaoartes\/wp-json\/wp\/v2\/comments?post=151"}],"version-history":[{"count":1,"href":"https:\/\/wp.ufpel.edu.br\/especializacaoartes\/wp-json\/wp\/v2\/pages\/151\/revisions"}],"predecessor-version":[{"id":153,"href":"https:\/\/wp.ufpel.edu.br\/especializacaoartes\/wp-json\/wp\/v2\/pages\/151\/revisions\/153"}],"up":[{"embeddable":true,"href":"https:\/\/wp.ufpel.edu.br\/especializacaoartes\/wp-json\/wp\/v2\/pages\/89"}],"wp:attachment":[{"href":"https:\/\/wp.ufpel.edu.br\/especializacaoartes\/wp-json\/wp\/v2\/media?parent=151"}],"curies":[{"name":"wp","href":"https:\/\/api.w.org\/{rel}","templated":true}]}}