{"id":156,"date":"2026-03-22T13:32:49","date_gmt":"2026-03-22T16:32:49","guid":{"rendered":"https:\/\/wp.ufpel.edu.br\/esferateatro\/?page_id=156"},"modified":"2026-03-22T13:32:49","modified_gmt":"2026-03-22T16:32:49","slug":"2024-2025-cafe-com-stanislavski-e-dagostini","status":"publish","type":"page","link":"https:\/\/wp.ufpel.edu.br\/esferateatro\/2024-2025-cafe-com-stanislavski-e-dagostini\/","title":{"rendered":"2024-2025  Caf\u00e9 com Stanislavski e D&#8217;Agostini"},"content":{"rendered":"<p>Foram realizados encontros quinzenais ao longo dos anos de 2024 e 2025, em que o grupo de estudo se debru\u00e7ou sobre o livro da pesquisadora ga\u00facha, Nair D&#8217;Agostini, brasileira respons\u00e1vel por introduzir no Brasil o pensamento e o legado do ator e diretor russo, Konstantin Stanislavski, que revolucionou a cena teatral no s\u00e9culo XX.<\/p>\n<p>A obra <em>Stanisl\u00e1vski e o M\u00e9todo de An\u00e1lise Ativa: a cria\u00e7\u00e3o do diretor e do ator<\/em> foi lida, discutida e debatida, com a presen\u00e7a da autora, generosamente comentou, esclareceu e possibilitou o\u00a0 apronfundamento de nossa compreens\u00e3o de conceitos chaves do Sistema de Stanislavski.<\/p>\n","protected":false},"excerpt":{"rendered":"<p>Foram realizados encontros quinzenais ao longo dos anos de 2024 e 2025, em que o grupo de estudo se debru\u00e7ou sobre o livro da pesquisadora ga\u00facha, Nair D&#8217;Agostini, brasileira respons\u00e1vel por introduzir no Brasil o pensamento e o legado do ator e diretor russo, Konstantin Stanislavski, que revolucionou a cena teatral no s\u00e9culo XX. A [&hellip;]<\/p>\n","protected":false},"author":1270,"featured_media":0,"parent":0,"menu_order":0,"comment_status":"closed","ping_status":"closed","template":"","meta":{"footnotes":""},"class_list":["post-156","page","type-page","status-publish","hentry"],"_links":{"self":[{"href":"https:\/\/wp.ufpel.edu.br\/esferateatro\/wp-json\/wp\/v2\/pages\/156","targetHints":{"allow":["GET"]}}],"collection":[{"href":"https:\/\/wp.ufpel.edu.br\/esferateatro\/wp-json\/wp\/v2\/pages"}],"about":[{"href":"https:\/\/wp.ufpel.edu.br\/esferateatro\/wp-json\/wp\/v2\/types\/page"}],"author":[{"embeddable":true,"href":"https:\/\/wp.ufpel.edu.br\/esferateatro\/wp-json\/wp\/v2\/users\/1270"}],"replies":[{"embeddable":true,"href":"https:\/\/wp.ufpel.edu.br\/esferateatro\/wp-json\/wp\/v2\/comments?post=156"}],"version-history":[{"count":1,"href":"https:\/\/wp.ufpel.edu.br\/esferateatro\/wp-json\/wp\/v2\/pages\/156\/revisions"}],"predecessor-version":[{"id":159,"href":"https:\/\/wp.ufpel.edu.br\/esferateatro\/wp-json\/wp\/v2\/pages\/156\/revisions\/159"}],"wp:attachment":[{"href":"https:\/\/wp.ufpel.edu.br\/esferateatro\/wp-json\/wp\/v2\/media?parent=156"}],"curies":[{"name":"wp","href":"https:\/\/api.w.org\/{rel}","templated":true}]}}