{"id":717,"date":"2013-12-11T08:45:08","date_gmt":"2013-12-11T10:45:08","guid":{"rendered":"https:\/\/wp.ufpel.edu.br\/esef\/?page_id=717"},"modified":"2020-02-17T10:30:04","modified_gmt":"2020-02-17T13:30:04","slug":"gpefe","status":"publish","type":"page","link":"https:\/\/wp.ufpel.edu.br\/esef\/laboratoriosgrupos-de-pesquisa\/gpefe\/","title":{"rendered":"GPEFE"},"content":{"rendered":"<p style=\"text-align: center\"><span style=\"font-size: large\"><strong>Grupo de Pesquisa em Educa\u00e7\u00e3o F\u00edsica e Educa\u00e7\u00e3o<\/strong><\/span><\/p>\n<p><strong><i>Descri\u00e7\u00e3o:<\/i><\/strong><\/p>\n<p>O Grupo de Pesquisa em Educa\u00e7\u00e3o F\u00edsica e Educa\u00e7\u00e3o tem como foco a forma\u00e7\u00e3o de professores de Educa\u00e7\u00e3o B\u00e1sica e Ensino Superior, suas identidades, saberes, trajet\u00f3ria, carreira, percurso, desenvolvimento e coer\u00eancia profissional.<\/p>\n<p>&nbsp;<\/p>\n<p><strong><i>Linhas de Pesquisa:<\/i>\u00a0\u00a0 <\/strong><\/p>\n<p>Ensino Superior<\/p>\n<p>Forma\u00e7\u00e3o Docente<\/p>\n<p>Pol\u00edticas P\u00fablicas de Forma\u00e7\u00e3o Docente<\/p>\n<p>&nbsp;<\/p>\n<p><strong><i>Docentes:<\/i><\/strong><\/p>\n<div>Docentes: Dra. Mari\u00e2ngela da Rosa Afonso e Dra. Franciele Roos da Silva Ilha<\/div>\n<div><\/div>\n<p><strong><i>Acad\u00eamicos:<\/i>\u00a0<\/strong><\/p>\n<div>\n<div>Jos\u00e9 Ant\u00f4nio Bicca Ribeiro (doutorado)<\/div>\n<div>Leontine Santos (doutorado)<\/div>\n<div>Patr\u00edcia Louzada (doutorado)<\/div>\n<div>Ivan Bremm de Oliveira (doutorado)<\/div>\n<div>Camila Ribeiro (mestrado)<\/div>\n<div>Juliana Diel de Arruda (mestrado)<\/div>\n<div>Vitor Tavares (mestrado)<\/div>\n<div>Tha\u00eds Bilhalva (gradua\u00e7\u00e3o)<\/div>\n<div><\/div>\n<div><em><strong>Colaboradores:<\/strong><\/em><\/div>\n<div>\n<div>Dra. Fabiana Montiel<\/div>\n<div>Dra. Roberta Azambuja<\/div>\n<div>Me. Maur\u00edcio Razzera<\/div>\n<div>Me. Ot\u00e1vio \u00c1vila Pereira<\/div>\n<div>Prof\u00aa. Simone Spotorno<\/div>\n<div>Prof \u00aa. Gabriela Diel de Arruda<\/div>\n<\/div>\n<div><\/div>\n<div><\/div>\n<p style=\"text-align: left\"><strong>Logotipo:<\/strong><\/p>\n<p style=\"text-align: left\"><a href=\"https:\/\/wp.ufpel.edu.br\/esef\/files\/2013\/12\/Sem-t\u00edtulo.jpg\"><img class=\"size-medium wp-image-718 alignleft\" src=\"https:\/\/wp.ufpel.edu.br\/esef\/files\/2013\/12\/Sem-t\u00edtulo-300x219.jpg\" alt=\"Sem t\u00edtulo\" width=\"300\" height=\"219\" srcset=\"https:\/\/wp.ufpel.edu.br\/esef\/files\/2013\/12\/Sem-t\u00edtulo-300x219.jpg 300w, https:\/\/wp.ufpel.edu.br\/esef\/files\/2013\/12\/Sem-t\u00edtulo.jpg 690w\" sizes=\"(max-width: 300px) 100vw, 300px\" \/><\/a><\/p>\n<\/div>\n","protected":false},"excerpt":{"rendered":"<p>Grupo de Pesquisa em Educa\u00e7\u00e3o F\u00edsica e Educa\u00e7\u00e3o Descri\u00e7\u00e3o: O Grupo de Pesquisa em Educa\u00e7\u00e3o F\u00edsica e Educa\u00e7\u00e3o tem como foco a forma\u00e7\u00e3o de professores de Educa\u00e7\u00e3o B\u00e1sica e Ensino Superior, suas identidades, saberes, trajet\u00f3ria, carreira, percurso, desenvolvimento e coer\u00eancia profissional. &nbsp; Linhas de Pesquisa:\u00a0\u00a0 Ensino Superior Forma\u00e7\u00e3o Docente Pol\u00edticas P\u00fablicas de Forma\u00e7\u00e3o Docente &nbsp; [&hellip;]<\/p>\n","protected":false},"author":289,"featured_media":0,"parent":17,"menu_order":0,"comment_status":"closed","ping_status":"closed","template":"","meta":{"footnotes":""},"class_list":["post-717","page","type-page","status-publish","hentry"],"_links":{"self":[{"href":"https:\/\/wp.ufpel.edu.br\/esef\/wp-json\/wp\/v2\/pages\/717","targetHints":{"allow":["GET"]}}],"collection":[{"href":"https:\/\/wp.ufpel.edu.br\/esef\/wp-json\/wp\/v2\/pages"}],"about":[{"href":"https:\/\/wp.ufpel.edu.br\/esef\/wp-json\/wp\/v2\/types\/page"}],"author":[{"embeddable":true,"href":"https:\/\/wp.ufpel.edu.br\/esef\/wp-json\/wp\/v2\/users\/289"}],"replies":[{"embeddable":true,"href":"https:\/\/wp.ufpel.edu.br\/esef\/wp-json\/wp\/v2\/comments?post=717"}],"version-history":[{"count":8,"href":"https:\/\/wp.ufpel.edu.br\/esef\/wp-json\/wp\/v2\/pages\/717\/revisions"}],"predecessor-version":[{"id":3393,"href":"https:\/\/wp.ufpel.edu.br\/esef\/wp-json\/wp\/v2\/pages\/717\/revisions\/3393"}],"up":[{"embeddable":true,"href":"https:\/\/wp.ufpel.edu.br\/esef\/wp-json\/wp\/v2\/pages\/17"}],"wp:attachment":[{"href":"https:\/\/wp.ufpel.edu.br\/esef\/wp-json\/wp\/v2\/media?parent=717"}],"curies":[{"name":"wp","href":"https:\/\/api.w.org\/{rel}","templated":true}]}}