{"id":5552,"date":"2026-02-09T16:43:47","date_gmt":"2026-02-09T19:43:47","guid":{"rendered":"https:\/\/wp.ufpel.edu.br\/esef\/?page_id=5552"},"modified":"2026-02-13T17:27:36","modified_gmt":"2026-02-13T20:27:36","slug":"laboratorios","status":"publish","type":"page","link":"https:\/\/wp.ufpel.edu.br\/esef\/laboratorios\/","title":{"rendered":"Laborat\u00f3rios"},"content":{"rendered":"<h1>EM CONSTRU\u00c7\u00c3O<\/h1>\n<h2><\/h2>\n<h2 style=\"text-align: center;\"><strong>LaBFex &#8211; Laborat\u00f3rio de Bioqu\u00edmica e Fisiologia do Exerc\u00edcio<\/strong><\/h2>\n<div>\n<p><b>Coordenadores<\/b><strong>:<\/strong><\/p>\n<p>Fabr\u00edcio Boscolo Del Vecchio (fabricioboscolo@gmail.com)<\/p>\n<p>&nbsp;<\/p>\n<\/div>\n<div>\n<p><strong>Linhas de Atua\u00e7\u00e3o<\/strong>:<\/p>\n<p>Atividade f\u00edsica relacionada \u00e0 sa\u00fade<\/p>\n<p>Metabolismo energ\u00e9tico relacionado \u00e0 sa\u00fade e ao desempenho<\/p>\n<\/div>\n<div>\n<p>&nbsp;<\/p>\n<p><strong><a href=\"https:\/\/wp.ufpel.edu.br\/esef\/files\/2026\/02\/Regulamento-LABFEX.pdf\" target=\"_blank\" rel=\"noopener\">Regimento LABFEX<\/a><\/strong><\/p>\n<\/div>\n<p><strong>Contato: <\/strong>@labfex_neurociencias<\/p>\n<p>&nbsp;<\/p>\n<h2 style=\"text-align: center;\"><strong>LabNeuro &#8211; Laborat\u00f3rio de Avalia\u00e7\u00e3o Neuromuscular<\/strong><\/h2>\n<p><strong>Coordenadoras:\u00a0<\/strong><\/p>\n<p>Prof\u00aa Dr\u00aa Cristine Lima Alberton (tinialberton@yahoo.com.br)<\/p>\n<p>Prof\u00aa Dr\u00aa Stephanie Santana Pinto (tetisantana@yahoo.com.br)<\/p>\n<p>&nbsp;<\/p>\n<p><strong>Linhas de Atua\u00e7\u00e3o<\/strong>:<\/p>\n<p>Exerc\u00edcio F\u00edsico para Promo\u00e7\u00e3o da Sa\u00fade<\/p>\n<p>Biomec\u00e2nica e Desempenho e Metabolismo Humano<\/p>\n<p>&nbsp;<\/p>\n<p><strong><a href=\"https:\/\/wp.ufpel.edu.br\/esef\/files\/2026\/02\/Regulamento-LabNeuro.pdf\" target=\"_blank\" rel=\"noopener\">Regimento LabNeuro<\/a><\/strong><\/p>\n<p><strong>Contatos: <\/strong>@labneuroufpel<\/p>\n<p>&nbsp;<\/p>\n<h2 style=\"text-align: center;\"><strong>LEECol<\/strong> &#8211; <strong>Laborat\u00f3rio de Estudos em Esporte Coletivo\u00a0<\/strong><\/h2>\n<p><strong>Coordenadores: <\/strong><\/p>\n<p>Prof. Dr. Eraldo dos Santos Pinheiro (esppoa@gmail.com)<\/p>\n<p>Prof. Dr. Gabriel Gustavo Bergmann (gabrielgbergmann@gmail.com)<\/p>\n<p>Prof. Dr. Mario Renato Azevedo J\u00fanior (marioazevedojr@terra.com.br)<\/p>\n<p>Prof. Dr. Gustavo Dias Ferreira (gusdiasferreira@gmail.com)<\/p>\n<p>&nbsp;<\/p>\n<p><strong>Linhas de Atua\u00e7\u00e3o<\/strong>:<\/p>\n<p>Exerc\u00edcio F\u00edsico para promo\u00e7\u00e3o de sa\u00fade<\/p>\n<p>Desempenho e Metabolismo Humano<\/p>\n<p>Forma\u00e7\u00e3o profissional e pr\u00e1tica pedag\u00f3gica em esportes e Educa\u00e7\u00e3o F\u00edsica inclusiva<\/p>\n<p>&nbsp;<\/p>\n<p><strong><a href=\"https:\/\/wp.ufpel.edu.br\/esef\/files\/2026\/02\/Regimento-LEECol.pdf\">Regimento LEECol<\/a><\/strong><\/p>\n<p><strong>Contato: @<\/strong>leecol.esef.ufpel<\/p>\n<p>&nbsp;<\/p>\n<h2 style=\"text-align: center;\"><strong>LEPEMA &#8211; Laborat\u00f3rio de Ensino, Pesquisa e Extens\u00e3o em Medidas e Avalia\u00e7\u00e3o<\/strong><\/h2>\n<p><strong>Coordenadora:<\/strong><\/p>\n<p>Profa. Dra. Fernanda de Souza Teixeira (fsout@unileon.es)<\/p>\n<p>&nbsp;<\/p>\n<p><strong>Linha de Atua\u00e7\u00e3o:<\/strong><\/p>\n<p>Atividades relacionadas aos Grupos de Pesquisa NEUROPHYS e GPEFE, e aos projetos de ensino, pesquisa e extens\u00e3o.<\/p>\n<p>Educa\u00e7\u00e3o F\u00edsica Hospitalar.<\/p>\n<p>Pr\u00e1ticas Integrativas e Complementares em Sa\u00fade e Promo\u00e7\u00e3o de Sa\u00fade (PICS SA\u00daDE).<\/p>\n<p>ADESP voleibol.<\/p>\n<p>Demandas dos projetos PEMA (Esclerose M\u00faltipla em A\u00e7\u00e3o e de PAFPNE (Programa de Atividade F\u00edsica para Pessoas com Necessidades Especiais).<\/p>\n<p>&nbsp;<\/p>\n<p><strong><a href=\"https:\/\/wp.ufpel.edu.br\/esef\/files\/2026\/02\/regimento-LEPEMA.pdf\">Regimento LEPEMA<\/a><\/strong><\/p>\n<p><strong>Contato: <\/strong>n\u00e3o possui rede social<\/p>\n<p>&nbsp;<\/p>\n<h2 style=\"text-align: center;\">LaCOM &#8211; Laborat\u00f3rio de Comportamento Motor<\/h2>\n<p><strong>Coordenadora:<\/strong><\/p>\n<p>Profa. Dra. Priscila Lopes Cardozo (priscila.cardozo@ufpel.edu.br)<\/p>\n<p>Prof. Dr. Rodolfo Novelino Benda (rodolfobenda@yahoo.com.br)<\/p>\n<p>&nbsp;<\/p>\n<p><strong>Linha de Atua\u00e7\u00e3o:<\/strong><\/p>\n<p align=\"justify\">Tem como foco as pesquisas em aprendizagem, desenvolvimento e controle motor, o processo de aquisi\u00e7\u00e3o de habilidades motoras, os seus mecanismos subjacentes, os fatores que o afetam e as mudan\u00e7as que ocorrem ao longo do ciclo de vida.<\/p>\n<p>&nbsp;<\/p>\n<p><strong><a href=\"https:\/\/wp.ufpel.edu.br\/esef\/files\/2026\/02\/Regimento-LACOM.pdf\">Regimento LaCOM<\/a><\/strong><\/p>\n<p>&nbsp;<\/p>\n<p><strong>Contato: @<\/strong>lacom.esef.ufpel<\/p>\n<p>&nbsp;<\/p>\n<p>demais laborat\u00f3rios<\/p>\n","protected":false},"excerpt":{"rendered":"<p>EM CONSTRU\u00c7\u00c3O LaBFex &#8211; Laborat\u00f3rio de Bioqu\u00edmica e Fisiologia do Exerc\u00edcio Coordenadores: Fabr\u00edcio Boscolo Del Vecchio (fabricioboscolo@gmail.com) &nbsp; Linhas de Atua\u00e7\u00e3o: Atividade f\u00edsica relacionada \u00e0 sa\u00fade Metabolismo energ\u00e9tico relacionado \u00e0 sa\u00fade e ao desempenho &nbsp; Regimento LABFEX Contato: @labfex_neurociencias &nbsp; LabNeuro &#8211; Laborat\u00f3rio de Avalia\u00e7\u00e3o Neuromuscular Coordenadoras:\u00a0 Prof\u00aa Dr\u00aa Cristine Lima Alberton (tinialberton@yahoo.com.br) Prof\u00aa Dr\u00aa [&hellip;]<\/p>\n","protected":false},"author":1496,"featured_media":0,"parent":0,"menu_order":0,"comment_status":"closed","ping_status":"closed","template":"","meta":{"footnotes":""},"class_list":["post-5552","page","type-page","status-publish","hentry"],"_links":{"self":[{"href":"https:\/\/wp.ufpel.edu.br\/esef\/wp-json\/wp\/v2\/pages\/5552","targetHints":{"allow":["GET"]}}],"collection":[{"href":"https:\/\/wp.ufpel.edu.br\/esef\/wp-json\/wp\/v2\/pages"}],"about":[{"href":"https:\/\/wp.ufpel.edu.br\/esef\/wp-json\/wp\/v2\/types\/page"}],"author":[{"embeddable":true,"href":"https:\/\/wp.ufpel.edu.br\/esef\/wp-json\/wp\/v2\/users\/1496"}],"replies":[{"embeddable":true,"href":"https:\/\/wp.ufpel.edu.br\/esef\/wp-json\/wp\/v2\/comments?post=5552"}],"version-history":[{"count":4,"href":"https:\/\/wp.ufpel.edu.br\/esef\/wp-json\/wp\/v2\/pages\/5552\/revisions"}],"predecessor-version":[{"id":5603,"href":"https:\/\/wp.ufpel.edu.br\/esef\/wp-json\/wp\/v2\/pages\/5552\/revisions\/5603"}],"wp:attachment":[{"href":"https:\/\/wp.ufpel.edu.br\/esef\/wp-json\/wp\/v2\/media?parent=5552"}],"curies":[{"name":"wp","href":"https:\/\/api.w.org\/{rel}","templated":true}]}}

Laboratórios

<h1>EM CONSTRUÇÃO</h1>
<h2></h2>
<h2 style="text-align: center;"><strong>LaBFex &#8211; Laboratório de Bioquímica e Fisiologia do Exercício</strong></h2>
<div>
<p><b>Coordenadores</b><strong>:</strong></p>
<p>Fabrício Boscolo Del Vecchio (fabricioboscolo@gmail.com)</p>
<p>&nbsp;</p>
</div>
<div>
<p><strong>Linhas de Atuação</strong>:</p>
<p>Atividade física relacionada à saúde</p>
<p>Metabolismo energético relacionado à saúde e ao desempenho</p>
</div>
<div>
<p>&nbsp;</p>
<p><strong><a href="https://wp.ufpel.edu.br/esef/files/2026/02/Regulamento-LABFEX.pdf" target="_blank" rel="noopener">Regimento LABFEX</a></strong></p>
</div>
<p><strong>Contato: </strong>@labfex_neurociencias</p>
<p>&nbsp;</p>
<h2 style="text-align: center;"><strong>LabNeuro &#8211; Laboratório de Avaliação Neuromuscular</strong></h2>
<p><strong>Coordenadoras: </strong></p>
<p>Profª Drª Cristine Lima Alberton (tinialberton@yahoo.com.br)</p>
<p>Profª Drª Stephanie Santana Pinto (tetisantana@yahoo.com.br)</p>
<p>&nbsp;</p>
<p><strong>Linhas de Atuação</strong>:</p>
<p>Exercício Físico para Promoção da Saúde</p>
<p>Biomecânica e Desempenho e Metabolismo Humano</p>
<p>&nbsp;</p>
<p><strong><a href="https://wp.ufpel.edu.br/esef/files/2026/02/Regulamento-LabNeuro.pdf" target="_blank" rel="noopener">Regimento LabNeuro</a></strong></p>
<p><strong>Contatos: </strong>@labneuroufpel</p>
<p>&nbsp;</p>
<h2 style="text-align: center;"><strong>LEECol</strong> &#8211; <strong>Laboratório de Estudos em Esporte Coletivo </strong></h2>
<p><strong>Coordenadores: </strong></p>
<p>Prof. Dr. Eraldo dos Santos Pinheiro (esppoa@gmail.com)</p>
<p>Prof. Dr. Gabriel Gustavo Bergmann (gabrielgbergmann@gmail.com)</p>
<p>Prof. Dr. Mario Renato Azevedo Júnior (marioazevedojr@terra.com.br)</p>
<p>Prof. Dr. Gustavo Dias Ferreira (gusdiasferreira@gmail.com)</p>
<p>&nbsp;</p>
<p><strong>Linhas de Atuação</strong>:</p>
<p>Exercício Físico para promoção de saúde</p>
<p>Desempenho e Metabolismo Humano</p>
<p>Formação profissional e prática pedagógica em esportes e Educação Física inclusiva</p>
<p>&nbsp;</p>
<p><strong><a href="https://wp.ufpel.edu.br/esef/files/2026/02/Regimento-LEECol.pdf">Regimento LEECol</a></strong></p>
<p><strong>Contato: @</strong>leecol.esef.ufpel</p>
<p>&nbsp;</p>
<h2 style="text-align: center;"><strong>LEPEMA &#8211; Laboratório de Ensino, Pesquisa e Extensão em Medidas e Avaliação</strong></h2>
<p><strong>Coordenadora:</strong></p>
<p>Profa. Dra. Fernanda de Souza Teixeira (fsout@unileon.es)</p>
<p>&nbsp;</p>
<p><strong>Linha de Atuação:</strong></p>
<p>Atividades relacionadas aos Grupos de Pesquisa NEUROPHYS e GPEFE, e aos projetos de ensino, pesquisa e extensão.</p>
<p>Educação Física Hospitalar.</p>
<p>Práticas Integrativas e Complementares em Saúde e Promoção de Saúde (PICS SAÚDE).</p>
<p>ADESP voleibol.</p>
<p>Demandas dos projetos PEMA (Esclerose Múltipla em Ação e de PAFPNE (Programa de Atividade Física para Pessoas com Necessidades Especiais).</p>
<p>&nbsp;</p>
<p><strong><a href="https://wp.ufpel.edu.br/esef/files/2026/02/regimento-LEPEMA.pdf">Regimento LEPEMA</a></strong></p>
<p><strong>Contato: </strong>não possui rede social</p>
<p>&nbsp;</p>
<h2 style="text-align: center;">LaCOM &#8211; Laboratório de Comportamento Motor</h2>
<p><strong>Coordenadora:</strong></p>
<p>Profa. Dra. Priscila Lopes Cardozo (priscila.cardozo@ufpel.edu.br)</p>
<p>Prof. Dr. Rodolfo Novelino Benda (rodolfobenda@yahoo.com.br)</p>
<p>&nbsp;</p>
<p><strong>Linha de Atuação:</strong></p>
<p align="justify">Tem como foco as pesquisas em aprendizagem, desenvolvimento e controle motor, o processo de aquisição de habilidades motoras, os seus mecanismos subjacentes, os fatores que o afetam e as mudanças que ocorrem ao longo do ciclo de vida.</p>
<p>&nbsp;</p>
<p><strong><a href="https://wp.ufpel.edu.br/esef/files/2026/02/Regimento-LACOM.pdf">Regimento LaCOM</a></strong></p>
<p>&nbsp;</p>
<p><strong>Contato: @</strong>lacom.esef.ufpel</p>
<p>&nbsp;</p>
<p>demais laboratórios</p>

<p>EM CONSTRUÇÃO LaBFex &#8211; Laboratório de Bioquímica e Fisiologia do Exercício Coordenadores: Fabrício Boscolo Del Vecchio (fabricioboscolo@gmail.com) &nbsp; Linhas de Atuação: Atividade física relacionada à saúde Metabolismo energético relacionado à saúde e ao desempenho &nbsp; Regimento LABFEX Contato: @labfex_neurociencias &nbsp; LabNeuro &#8211; Laboratório de Avaliação Neuromuscular Coordenadoras:  Profª Drª Cristine Lima Alberton (tinialberton@yahoo.com.br) Profª Drª [&hellip;]</p>
