{"id":5429,"date":"2025-08-27T09:32:37","date_gmt":"2025-08-27T12:32:37","guid":{"rendered":"https:\/\/wp.ufpel.edu.br\/esef\/?page_id=5429"},"modified":"2025-08-27T09:32:37","modified_gmt":"2025-08-27T12:32:37","slug":"40-simposio-2021","status":"publish","type":"page","link":"https:\/\/wp.ufpel.edu.br\/esef\/40-simposio-2021\/","title":{"rendered":"40 simp\u00f3sio &#8211; 2021"},"content":{"rendered":"<p>Informa\u00e7\u00f5es na Plataforma \u2013 <a href=\"https:\/\/www.sympla.com.br\/40-simposio-nacional-de-educacao-fisica__1319121\" target=\"_blank\" rel=\"noopener\" data-saferedirecturl=\"https:\/\/www.google.com\/url?q=https:\/\/www.sympla.com.br\/40-simposio-nacional-de-educacao-fisica__1319121&amp;source=gmail&amp;ust=1633528186171000&amp;usg=AFQjCNEFepP-JXaqBC55y8oaZ9MxcwpHIA\">https:\/\/www.sympla.com.br\/40-simposio-nacional-de-educacao-fisica__1319121<\/a><\/p>\n","protected":false},"excerpt":{"rendered":"<p>Informa\u00e7\u00f5es na Plataforma \u2013 https:\/\/www.sympla.com.br\/40-simposio-nacional-de-educacao-fisica__1319121<\/p>\n","protected":false},"author":1496,"featured_media":0,"parent":0,"menu_order":0,"comment_status":"closed","ping_status":"closed","template":"","meta":{"footnotes":""},"class_list":["post-5429","page","type-page","status-publish","hentry"],"_links":{"self":[{"href":"https:\/\/wp.ufpel.edu.br\/esef\/wp-json\/wp\/v2\/pages\/5429","targetHints":{"allow":["GET"]}}],"collection":[{"href":"https:\/\/wp.ufpel.edu.br\/esef\/wp-json\/wp\/v2\/pages"}],"about":[{"href":"https:\/\/wp.ufpel.edu.br\/esef\/wp-json\/wp\/v2\/types\/page"}],"author":[{"embeddable":true,"href":"https:\/\/wp.ufpel.edu.br\/esef\/wp-json\/wp\/v2\/users\/1496"}],"replies":[{"embeddable":true,"href":"https:\/\/wp.ufpel.edu.br\/esef\/wp-json\/wp\/v2\/comments?post=5429"}],"version-history":[{"count":1,"href":"https:\/\/wp.ufpel.edu.br\/esef\/wp-json\/wp\/v2\/pages\/5429\/revisions"}],"predecessor-version":[{"id":5431,"href":"https:\/\/wp.ufpel.edu.br\/esef\/wp-json\/wp\/v2\/pages\/5429\/revisions\/5431"}],"wp:attachment":[{"href":"https:\/\/wp.ufpel.edu.br\/esef\/wp-json\/wp\/v2\/media?parent=5429"}],"curies":[{"name":"wp","href":"https:\/\/api.w.org\/{rel}","templated":true}]}}

40 simpósio &#8211; 2021

<p>Informações na Plataforma – <a href="https://www.sympla.com.br/40-simposio-nacional-de-educacao-fisica__1319121" target="_blank" rel="noopener" data-saferedirecturl="https://www.google.com/url?q=https://www.sympla.com.br/40-simposio-nacional-de-educacao-fisica__1319121&amp;source=gmail&amp;ust=1633528186171000&amp;usg=AFQjCNEFepP-JXaqBC55y8oaZ9MxcwpHIA">https://www.sympla.com.br/40-simposio-nacional-de-educacao-fisica__1319121</a></p>

<p>Informações na Plataforma – https://www.sympla.com.br/40-simposio-nacional-de-educacao-fisica__1319121</p>
