{"id":5221,"date":"2025-02-17T08:43:05","date_gmt":"2025-02-17T11:43:05","guid":{"rendered":"https:\/\/wp.ufpel.edu.br\/esef\/?page_id=5221"},"modified":"2025-12-22T08:55:55","modified_gmt":"2025-12-22T11:55:55","slug":"anais","status":"publish","type":"page","link":"https:\/\/wp.ufpel.edu.br\/esef\/anais\/","title":{"rendered":"simp\u00f3sio 2025"},"content":{"rendered":"<p>Todas as informa\u00e7\u00f5es do evento de 2025 est\u00e3o dispon\u00edveis <a href=\"https:\/\/www.even3.com.br\/44-simposio-nacional-de-educacao-fisica-595794\/\" target=\"_blank\" rel=\"noopener\">AQUI<\/a>,<\/p>\n<p>&nbsp;<\/p>\n<p style=\"text-align: justify;\"><a href=\"https:\/\/wp.ufpel.edu.br\/esef\/files\/2025\/12\/Anais-44-SNEF-d.pdf\">ANAIS do 44\u00ba Simp\u00f3sio Nacional de Educa\u00e7\u00e3o F\u00edsica e 5\u00ba Encontro de Fisioterapia e IV Semin\u00e1rio Ga\u00facho de Comportamento Motor<\/a><\/p>\n","protected":false},"excerpt":{"rendered":"<p>Todas as informa\u00e7\u00f5es do evento de 2025 est\u00e3o dispon\u00edveis AQUI, &nbsp; ANAIS do 44\u00ba Simp\u00f3sio Nacional de Educa\u00e7\u00e3o F\u00edsica e 5\u00ba Encontro de Fisioterapia e IV Semin\u00e1rio Ga\u00facho de Comportamento Motor<\/p>\n","protected":false},"author":289,"featured_media":0,"parent":0,"menu_order":0,"comment_status":"closed","ping_status":"closed","template":"","meta":{"footnotes":""},"class_list":["post-5221","page","type-page","status-publish","hentry"],"_links":{"self":[{"href":"https:\/\/wp.ufpel.edu.br\/esef\/wp-json\/wp\/v2\/pages\/5221","targetHints":{"allow":["GET"]}}],"collection":[{"href":"https:\/\/wp.ufpel.edu.br\/esef\/wp-json\/wp\/v2\/pages"}],"about":[{"href":"https:\/\/wp.ufpel.edu.br\/esef\/wp-json\/wp\/v2\/types\/page"}],"author":[{"embeddable":true,"href":"https:\/\/wp.ufpel.edu.br\/esef\/wp-json\/wp\/v2\/users\/289"}],"replies":[{"embeddable":true,"href":"https:\/\/wp.ufpel.edu.br\/esef\/wp-json\/wp\/v2\/comments?post=5221"}],"version-history":[{"count":5,"href":"https:\/\/wp.ufpel.edu.br\/esef\/wp-json\/wp\/v2\/pages\/5221\/revisions"}],"predecessor-version":[{"id":5540,"href":"https:\/\/wp.ufpel.edu.br\/esef\/wp-json\/wp\/v2\/pages\/5221\/revisions\/5540"}],"wp:attachment":[{"href":"https:\/\/wp.ufpel.edu.br\/esef\/wp-json\/wp\/v2\/media?parent=5221"}],"curies":[{"name":"wp","href":"https:\/\/api.w.org\/{rel}","templated":true}]}}

simpósio 2025

<p>Todas as informações do evento de 2025 estão disponíveis <a href="https://www.even3.com.br/44-simposio-nacional-de-educacao-fisica-595794/" target="_blank" rel="noopener">AQUI</a>,</p>
<p>&nbsp;</p>
<p style="text-align: justify;"><a href="https://wp.ufpel.edu.br/esef/files/2025/12/Anais-44-SNEF-d.pdf">ANAIS do 44º Simpósio Nacional de Educação Física e 5º Encontro de Fisioterapia e IV Seminário Gaúcho de Comportamento Motor</a></p>

<p>Todas as informações do evento de 2025 estão disponíveis AQUI, &nbsp; ANAIS do 44º Simpósio Nacional de Educação Física e 5º Encontro de Fisioterapia e IV Seminário Gaúcho de Comportamento Motor</p>
