{"id":3198,"date":"2019-07-24T15:01:12","date_gmt":"2019-07-24T18:01:12","guid":{"rendered":"https:\/\/wp.ufpel.edu.br\/esef\/?page_id=3198"},"modified":"2020-03-10T11:05:45","modified_gmt":"2020-03-10T14:05:45","slug":"cor-di-danca","status":"publish","type":"page","link":"https:\/\/wp.ufpel.edu.br\/esef\/cor-di-danca\/","title":{"rendered":"COR-DI-DAN\u00c7A"},"content":{"rendered":"<p style=\"text-align: center\">\u00a0<span style=\"font-family: 'arial black', sans-serif;font-size: 14pt\">COR-DI-DAN\u00c7A &#8211; Corpo, Diversidade e Dan\u00e7a<\/span><\/p>\n<p>&nbsp;<\/p>\n<p style=\"text-align: justify\">O Grupo de Pesquisa tem por objetivo produzir conhecimento a partir de pesquisa coletiva que possa contribuir com o processo de consolida\u00e7\u00e3o de linhas de investiga\u00e7\u00e3o ligadas aos aspectos socioculturais, \u00e0 forma\u00e7\u00e3o profissional e \u00e0 pr\u00e1tica pedag\u00f3gica. Tais a\u00e7\u00f5es possibilitar\u00e3o interven\u00e7\u00f5es apropriadas na educa\u00e7\u00e3o formal e n\u00e3o formal, bem como subs\u00eddios ao ensino de gradua\u00e7\u00e3o. O grupo buscar\u00e1 identificar temas afetos \u00e0 dan\u00e7a e ao movimento por meio de an\u00e1lises que se voltem para a constru\u00e7\u00e3o de experi\u00eancias formativas que nos permitam transitar por diferentes campos, refletindo acerca de quest\u00f5es que envolvem a compreens\u00e3o dos diversos corpos dan\u00e7antes, produtores de discurso. Entende-se como relevante, por esses caminhos, considerar etnia, g\u00eanero e classe social bem como esses corpos s\u00e3o objetivados nos discursos musicais e gestuais na contemporaneidade por meio das pr\u00e1ticas dan\u00e7antes.<\/p>\n<p><strong>Projetos de extens\u00e3o:<\/strong><\/p>\n<p>LABORAT\u00d3RIO DE PR\u00c1TICAS DAN\u00c7ANTES<\/p>\n<p>EMPODERE-SE!<\/p>\n<p><strong>Equipe:<\/strong><\/p>\n<p><strong>Coordenadora \u2013\u00a0<\/strong>ELIANE REGINA CRESTANI TORTOLA\u00a0(<a href=\"mailto:eliane.tortola@ufpel.edu.br\" target=\"_blank\" rel=\"noopener noreferrer\">eliane.tortola@ufpel.edu.br<\/a>)<\/p>\n<p><strong>Professoras\/es colaboradoras\/es:<\/strong><\/p>\n<p>ELIANE RIBEIRO PARDO<\/p>\n<p>EDUARDO MERINO<\/p>\n<p>FRANCIELE ROOS DA SILVA ILHA<\/p>\n<p>LARISSA MICHELLE LARA (DEF\/UEM)<\/p>\n<p>PRISCILA LOPES CARDOZO<\/p>\n<p><strong>Acad\u00eamicos\/as:<\/strong><\/p>\n<p>BRUNO FERREIRA FREITAS<\/p>\n<p>CRISTOPHER DE SOUZA RODRIGUES<\/p>\n<p>EVELYN VITORIA MARINS MACHADO<\/p>\n<p>IASMIM LEGUISSANO DOS SANTOS<\/p>\n<p>JAQUELINE DO AMARAL BOANOVA<\/p>\n<p>J\u00c9SSICA URRUTIA PEREIRA<\/p>\n<p>KARLA PRUDENTE MOSQUEIRA<\/p>\n<p>L\u00d3REN ALVAREZ NUNES<\/p>\n<p>LUAN SANT&#8217;ANNA DE SOUZA<\/p>\n<p>NADINE MACIEL MADRUGA<\/p>\n<p>P\u00c2MELA SILVA CARDOZO<\/p>\n<p>SYLVIA VENSKE MACEDO<\/p>\n<p>Link do grupo no CNPq:\u00a0<a href=\"http:\/\/dgp.cnpq.br\/dgp\/espelhogrupo\/488117\" target=\"_blank\" rel=\"noopener noreferrer\" data-saferedirecturl=\"https:\/\/www.google.com\/url?q=http:\/\/dgp.cnpq.br\/dgp\/espelhogrupo\/488117&amp;source=gmail&amp;ust=1583924702406000&amp;usg=AFQjCNFIrkM-k3PzI7sK7g7jxXMRqu4C_w\">http:\/\/dgp.cnpq.br\/dgp\/espelhogrupo\/488117<\/a><\/p>\n<p>Links do grupo nas redes sociais:<\/p>\n<ul id=\"m_6265969532088047693yui_3_17_2_1_1583799750298_2401\">\n<li id=\"m_6265969532088047693yui_3_17_2_1_1583799750298_2400\"><span id=\"m_6265969532088047693yui_3_17_2_1_1583799750298_2399\"><strong id=\"m_6265969532088047693yui_3_17_2_1_1583799750298_2398\"><strong id=\"m_6265969532088047693yui_3_17_2_1_1583799750298_2397\">Instagram &#8211;\u00a0<a href=\"https:\/\/t.co\/e7MCMeaXQd?amp=1\" target=\"_blank\" rel=\"noopener noreferrer\" data-saferedirecturl=\"https:\/\/www.google.com\/url?q=https:\/\/t.co\/e7MCMeaXQd?amp%3D1&amp;source=gmail&amp;ust=1583924702406000&amp;usg=AFQjCNEJnVRfuMHlzXvZmLUY_O-S-_uveA\">instagram.com\/cor_di_danca\/\u00a0<\/a>\u00a0<\/strong><\/strong><\/span><\/li>\n<li><strong>Twitter &#8211;\u00a0\u00a0<a href=\"https:\/\/l.instagram.com\/?u=https%3A%2F%2Ftwitter.com%2Fcddesef&amp;e=ATMt4qk6cjEfjvFBx28xkAvC3XCGKzgx7QCgWSl9NYtSfJ_ZYSXaj6NSqvOhSrH8KuHXRcqGA1mktnZp5E_y4sz3kzWHCaTS&amp;s=1\" target=\"_blank\" rel=\"me nofollow noopener noreferrer\" data-saferedirecturl=\"https:\/\/www.google.com\/url?q=https:\/\/l.instagram.com\/?u%3Dhttps%253A%252F%252Ftwitter.com%252Fcddesef%26e%3DATMt4qk6cjEfjvFBx28xkAvC3XCGKzgx7QCgWSl9NYtSfJ_ZYSXaj6NSqvOhSrH8KuHXRcqGA1mktnZp5E_y4sz3kzWHCaTS%26s%3D1&amp;source=gmail&amp;ust=1583924702406000&amp;usg=AFQjCNENO4ni6ge47pKI0v9dZsbLoYlY8A\">twitter.com\/cddesef<\/a><\/strong><\/li>\n<li><strong>E-mail &#8211;\u00a0<a href=\"mailto:cordidanca@gmail.com\" target=\"_blank\" rel=\"noopener noreferrer\">cordidanca@gmail.com<\/a>\u00a0<\/strong><\/li>\n<\/ul>\n<p>Identidade visual:<\/p>\n<p><img class=\"CToWUd a6T aligncenter\" src=\"https:\/\/mail.google.com\/mail\/u\/0?ui=2&amp;ik=8e281751b8&amp;attid=0.1.1&amp;permmsgid=msg-f:1639884363640412765&amp;th=16c20a23e7811a5d&amp;view=fimg&amp;sz=s0-l75-ft&amp;attbid=ANGjdJ-tePyy63eSld0-q7WLVJlIxOSodAMIkFSmkymqyRwVLQV4kzehfK49CPZVpmPjdvLZB5mo245CeWq2SsKdBn1hf3u3DSPVRUvVD66YcAuORjI5b8o5bgT66nw&amp;disp=emb\" alt=\"\" width=\"247\" height=\"248\" data-image-whitelisted=\"\" \/><\/p>\n","protected":false},"excerpt":{"rendered":"<p>\u00a0COR-DI-DAN\u00c7A &#8211; Corpo, Diversidade e Dan\u00e7a &nbsp; O Grupo de Pesquisa tem por objetivo produzir conhecimento a partir de pesquisa coletiva que possa contribuir com o processo de consolida\u00e7\u00e3o de linhas de investiga\u00e7\u00e3o ligadas aos aspectos socioculturais, \u00e0 forma\u00e7\u00e3o profissional e \u00e0 pr\u00e1tica pedag\u00f3gica. Tais a\u00e7\u00f5es possibilitar\u00e3o interven\u00e7\u00f5es apropriadas na educa\u00e7\u00e3o formal e n\u00e3o formal, [&hellip;]<\/p>\n","protected":false},"author":289,"featured_media":0,"parent":0,"menu_order":0,"comment_status":"closed","ping_status":"closed","template":"","meta":{"footnotes":""},"class_list":["post-3198","page","type-page","status-publish","hentry"],"_links":{"self":[{"href":"https:\/\/wp.ufpel.edu.br\/esef\/wp-json\/wp\/v2\/pages\/3198","targetHints":{"allow":["GET"]}}],"collection":[{"href":"https:\/\/wp.ufpel.edu.br\/esef\/wp-json\/wp\/v2\/pages"}],"about":[{"href":"https:\/\/wp.ufpel.edu.br\/esef\/wp-json\/wp\/v2\/types\/page"}],"author":[{"embeddable":true,"href":"https:\/\/wp.ufpel.edu.br\/esef\/wp-json\/wp\/v2\/users\/289"}],"replies":[{"embeddable":true,"href":"https:\/\/wp.ufpel.edu.br\/esef\/wp-json\/wp\/v2\/comments?post=3198"}],"version-history":[{"count":6,"href":"https:\/\/wp.ufpel.edu.br\/esef\/wp-json\/wp\/v2\/pages\/3198\/revisions"}],"predecessor-version":[{"id":3416,"href":"https:\/\/wp.ufpel.edu.br\/esef\/wp-json\/wp\/v2\/pages\/3198\/revisions\/3416"}],"wp:attachment":[{"href":"https:\/\/wp.ufpel.edu.br\/esef\/wp-json\/wp\/v2\/media?parent=3198"}],"curies":[{"name":"wp","href":"https:\/\/api.w.org\/{rel}","templated":true}]}}

COR-DI-DANÇA

<p style="text-align: center"> <span style="font-family: 'arial black', sans-serif;font-size: 14pt">COR-DI-DANÇA &#8211; Corpo, Diversidade e Dança</span></p>
<p>&nbsp;</p>
<p style="text-align: justify">O Grupo de Pesquisa tem por objetivo produzir conhecimento a partir de pesquisa coletiva que possa contribuir com o processo de consolidação de linhas de investigação ligadas aos aspectos socioculturais, à formação profissional e à prática pedagógica. Tais ações possibilitarão intervenções apropriadas na educação formal e não formal, bem como subsídios ao ensino de graduação. O grupo buscará identificar temas afetos à dança e ao movimento por meio de análises que se voltem para a construção de experiências formativas que nos permitam transitar por diferentes campos, refletindo acerca de questões que envolvem a compreensão dos diversos corpos dançantes, produtores de discurso. Entende-se como relevante, por esses caminhos, considerar etnia, gênero e classe social bem como esses corpos são objetivados nos discursos musicais e gestuais na contemporaneidade por meio das práticas dançantes.</p>
<p><strong>Projetos de extensão:</strong></p>
<p>LABORATÓRIO DE PRÁTICAS DANÇANTES</p>
<p>EMPODERE-SE!</p>
<p><strong>Equipe:</strong></p>
<p><strong>Coordenadora – </strong>ELIANE REGINA CRESTANI TORTOLA (<a href="mailto:eliane.tortola@ufpel.edu.br" target="_blank" rel="noopener noreferrer">eliane.tortola@ufpel.edu.br</a>)</p>
<p><strong>Professoras/es colaboradoras/es:</strong></p>
<p>ELIANE RIBEIRO PARDO</p>
<p>EDUARDO MERINO</p>
<p>FRANCIELE ROOS DA SILVA ILHA</p>
<p>LARISSA MICHELLE LARA (DEF/UEM)</p>
<p>PRISCILA LOPES CARDOZO</p>
<p><strong>Acadêmicos/as:</strong></p>
<p>BRUNO FERREIRA FREITAS</p>
<p>CRISTOPHER DE SOUZA RODRIGUES</p>
<p>EVELYN VITORIA MARINS MACHADO</p>
<p>IASMIM LEGUISSANO DOS SANTOS</p>
<p>JAQUELINE DO AMARAL BOANOVA</p>
<p>JÉSSICA URRUTIA PEREIRA</p>
<p>KARLA PRUDENTE MOSQUEIRA</p>
<p>LÓREN ALVAREZ NUNES</p>
<p>LUAN SANT&#8217;ANNA DE SOUZA</p>
<p>NADINE MACIEL MADRUGA</p>
<p>PÂMELA SILVA CARDOZO</p>
<p>SYLVIA VENSKE MACEDO</p>
<p>Link do grupo no CNPq: <a href="http://dgp.cnpq.br/dgp/espelhogrupo/488117" target="_blank" rel="noopener noreferrer" data-saferedirecturl="https://www.google.com/url?q=http://dgp.cnpq.br/dgp/espelhogrupo/488117&amp;source=gmail&amp;ust=1583924702406000&amp;usg=AFQjCNFIrkM-k3PzI7sK7g7jxXMRqu4C_w">http://dgp.cnpq.br/dgp/espelhogrupo/488117</a></p>
<p>Links do grupo nas redes sociais:</p>
<ul id="m_6265969532088047693yui_3_17_2_1_1583799750298_2401">
<li id="m_6265969532088047693yui_3_17_2_1_1583799750298_2400"><span id="m_6265969532088047693yui_3_17_2_1_1583799750298_2399"><strong id="m_6265969532088047693yui_3_17_2_1_1583799750298_2398"><strong id="m_6265969532088047693yui_3_17_2_1_1583799750298_2397">Instagram &#8211; <a href="https://t.co/e7MCMeaXQd?amp=1" target="_blank" rel="noopener noreferrer" data-saferedirecturl="https://www.google.com/url?q=https://t.co/e7MCMeaXQd?amp%3D1&amp;source=gmail&amp;ust=1583924702406000&amp;usg=AFQjCNEJnVRfuMHlzXvZmLUY_O-S-_uveA">instagram.com/cor_di_danca/ </a> </strong></strong></span></li>
<li><strong>Twitter &#8211;  <a href="https://l.instagram.com/?u=https%3A%2F%2Ftwitter.com%2Fcddesef&amp;e=ATMt4qk6cjEfjvFBx28xkAvC3XCGKzgx7QCgWSl9NYtSfJ_ZYSXaj6NSqvOhSrH8KuHXRcqGA1mktnZp5E_y4sz3kzWHCaTS&amp;s=1" target="_blank" rel="me nofollow noopener noreferrer" data-saferedirecturl="https://www.google.com/url?q=https://l.instagram.com/?u%3Dhttps%253A%252F%252Ftwitter.com%252Fcddesef%26e%3DATMt4qk6cjEfjvFBx28xkAvC3XCGKzgx7QCgWSl9NYtSfJ_ZYSXaj6NSqvOhSrH8KuHXRcqGA1mktnZp5E_y4sz3kzWHCaTS%26s%3D1&amp;source=gmail&amp;ust=1583924702406000&amp;usg=AFQjCNENO4ni6ge47pKI0v9dZsbLoYlY8A">twitter.com/cddesef</a></strong></li>
<li><strong>E-mail &#8211; <a href="mailto:cordidanca@gmail.com" target="_blank" rel="noopener noreferrer">cordidanca@gmail.com</a> </strong></li>
</ul>
<p>Identidade visual:</p>
<p><img class="CToWUd a6T aligncenter" src="https://mail.google.com/mail/u/0?ui=2&amp;ik=8e281751b8&amp;attid=0.1.1&amp;permmsgid=msg-f:1639884363640412765&amp;th=16c20a23e7811a5d&amp;view=fimg&amp;sz=s0-l75-ft&amp;attbid=ANGjdJ-tePyy63eSld0-q7WLVJlIxOSodAMIkFSmkymqyRwVLQV4kzehfK49CPZVpmPjdvLZB5mo245CeWq2SsKdBn1hf3u3DSPVRUvVD66YcAuORjI5b8o5bgT66nw&amp;disp=emb" alt="" width="247" height="248" data-image-whitelisted="" /></p>

<p> COR-DI-DANÇA &#8211; Corpo, Diversidade e Dança &nbsp; O Grupo de Pesquisa tem por objetivo produzir conhecimento a partir de pesquisa coletiva que possa contribuir com o processo de consolidação de linhas de investigação ligadas aos aspectos socioculturais, à formação profissional e à prática pedagógica. Tais ações possibilitarão intervenções apropriadas na educação formal e não formal, [&hellip;]</p>
