{"id":199,"date":"2013-07-31T08:49:53","date_gmt":"2013-07-31T11:49:53","guid":{"rendered":"https:\/\/wp.ufpel.edu.br\/esef\/?page_id=199"},"modified":"2013-07-31T10:09:36","modified_gmt":"2013-07-31T13:09:36","slug":"lacom","status":"publish","type":"page","link":"https:\/\/wp.ufpel.edu.br\/esef\/laboratoriosgrupos-de-pesquisa\/lacom\/","title":{"rendered":"LaCOM"},"content":{"rendered":"<p style=\"text-align: center\"><span style=\"font-size: large\"><strong>Laborat\u00f3rio de Comportamento Motor\u00a0<\/strong><\/span><\/p>\n<p><strong>Coordenador:<\/strong> \u00a0Suzete Chiviacowsky Clark (\u00a0<a href=\"mailto:schivi@terra.com.br\" target=\"_blank\">schivi@terra.com.br<\/a>)<\/p>\n<p><b>Linhas de atua\u00e7\u00e3o<\/b>:<\/p>\n<p>Este laborat\u00f3rio tem como foco a pesquisa em comportamento motor, utilizando-se de abordagens psicol\u00f3gicas, biomec\u00e2nicas e fisiol\u00f3gicas para a an\u00e1lise do movimento humano, com o fim de avan\u00e7ar a compreens\u00e3o das v\u00e1rias dimens\u00f5es ligadas \u00e0 performance e \u00e0 aprendizagem motora<\/p>\n<p><b>Professores<\/b>:<\/p>\n<p>Cristine Lima Alberton<\/p>\n<p>Jos\u00e9 Francisco Gomes Schild<\/p>\n<p>Stephanie Santana Pinto<\/p>\n<p>Suzete Chiviacowsky Clark<\/p>\n<p>Telmo Pagana Xavier<\/p>\n<p><strong>Acad\u00eamicos:<\/strong><\/p>\n<ul>\n<li><strong>Mestrandos:<\/strong><\/li>\n<\/ul>\n<p>F\u00e1bio Saraiva Fl\u00f4res<\/p>\n<p>Helena Thofehrn Lessa<\/p>\n<p>Priscila Cardozo<\/p>\n<p>Anielle Lemos<\/p>\n<p>Danilo Rodrigues<\/p>\n<p>Gabriela Rosales<\/p>\n<ul>\n<li><strong>Graduandos:<\/strong><\/li>\n<\/ul>\n<p>Bibiane Matte<\/p>\n<p>Bruno Brasil Costa<\/p>\n<p>Douglas Guerreiro dos Santos Rau<\/p>\n<p>Gabriela Nunes<\/p>\n<p>Nat\u00e1lia Harter<\/p>\n<p>Ivan Bremm<\/p>\n<p>Rodrigo Del Ponte<\/p>\n<p>Tomas Ferguson Kirst<\/p>\n<p><strong>Identidade Visual:\u00a0<\/strong><\/p>\n<p><a href=\"https:\/\/wp.ufpel.edu.br\/esef\/files\/2013\/07\/Logo-LaCOM.jpg\"><img class=\"alignnone size-full wp-image-200\" alt=\"Logo LaCOM\" src=\"https:\/\/wp.ufpel.edu.br\/esef\/files\/2013\/07\/Logo-LaCOM.jpg\" width=\"516\" height=\"413\" \/><\/a><\/p>\n","protected":false},"excerpt":{"rendered":"<p>Laborat\u00f3rio de Comportamento Motor\u00a0 Coordenador: \u00a0Suzete Chiviacowsky Clark (\u00a0schivi@terra.com.br) Linhas de atua\u00e7\u00e3o: Este laborat\u00f3rio tem como foco a pesquisa em comportamento motor, utilizando-se de abordagens psicol\u00f3gicas, biomec\u00e2nicas e fisiol\u00f3gicas para a an\u00e1lise do movimento humano, com o fim de avan\u00e7ar a compreens\u00e3o das v\u00e1rias dimens\u00f5es ligadas \u00e0 performance e \u00e0 aprendizagem motora Professores: Cristine Lima [&hellip;]<\/p>\n","protected":false},"author":289,"featured_media":0,"parent":17,"menu_order":0,"comment_status":"closed","ping_status":"closed","template":"","meta":{"footnotes":""},"class_list":["post-199","page","type-page","status-publish","hentry"],"_links":{"self":[{"href":"https:\/\/wp.ufpel.edu.br\/esef\/wp-json\/wp\/v2\/pages\/199","targetHints":{"allow":["GET"]}}],"collection":[{"href":"https:\/\/wp.ufpel.edu.br\/esef\/wp-json\/wp\/v2\/pages"}],"about":[{"href":"https:\/\/wp.ufpel.edu.br\/esef\/wp-json\/wp\/v2\/types\/page"}],"author":[{"embeddable":true,"href":"https:\/\/wp.ufpel.edu.br\/esef\/wp-json\/wp\/v2\/users\/289"}],"replies":[{"embeddable":true,"href":"https:\/\/wp.ufpel.edu.br\/esef\/wp-json\/wp\/v2\/comments?post=199"}],"version-history":[{"count":5,"href":"https:\/\/wp.ufpel.edu.br\/esef\/wp-json\/wp\/v2\/pages\/199\/revisions"}],"predecessor-version":[{"id":231,"href":"https:\/\/wp.ufpel.edu.br\/esef\/wp-json\/wp\/v2\/pages\/199\/revisions\/231"}],"up":[{"embeddable":true,"href":"https:\/\/wp.ufpel.edu.br\/esef\/wp-json\/wp\/v2\/pages\/17"}],"wp:attachment":[{"href":"https:\/\/wp.ufpel.edu.br\/esef\/wp-json\/wp\/v2\/media?parent=199"}],"curies":[{"name":"wp","href":"https:\/\/api.w.org\/{rel}","templated":true}]}}