{"id":168,"date":"2013-07-30T14:28:20","date_gmt":"2013-07-30T17:28:20","guid":{"rendered":"https:\/\/wp.ufpel.edu.br\/esef\/?page_id=168"},"modified":"2013-07-31T10:09:26","modified_gmt":"2013-07-31T13:09:26","slug":"gepeted","status":"publish","type":"page","link":"https:\/\/wp.ufpel.edu.br\/esef\/laboratoriosgrupos-de-pesquisa\/gepeted\/","title":{"rendered":"GEPETED"},"content":{"rendered":"<div>\n<p style=\"text-align: center\"><span style=\"font-size: large\"><strong>Grupo de estudos e pesquisas em Treinamento Esportivo e Desempenho F\u00edsico<\/strong><\/span><\/p>\n<p><strong>Coordenador:<\/strong><\/p>\n<p>Fabricio Boscolo Del Vecchio (<a href=\"mailto:fabricio_boscolo@uol.com.br\" target=\"_blank\">fabricio_boscolo@uol.com.br<\/a>)<\/p>\n<\/div>\n<div>\n<p>O <strong>GEPETED<\/strong> centra seus esfor\u00e7os no estudo do treinamento esportivo e no desempenho f\u00edsico de atletas e n\u00e3o atletas. H\u00e1 expertise no processo de avalia\u00e7\u00e3o, prescri\u00e7\u00e3o e controle das cargas de treino, bem como no acompanhamento do desenvolvimento das diferentes vari\u00e1veis da aptid\u00e3o f\u00edsica.<\/p>\n<\/div>\n<div>\n<p><strong>Professores:<\/strong><\/p>\n<p>Fabr\u00edcio B. Del Vecchio<\/p>\n<p>A\u00edrton J. Rombaldi<\/p>\n<p>M\u00e1rio R. Azevedo Jr<\/p>\n<p>Marlos R. Domingues<\/p>\n<p>Rodrigo A. de Carvalho<\/p>\n<\/div>\n<div>\n<p><strong>Acad\u00eamicos:<\/strong><\/p>\n<p>Leony M Galliano<\/p>\n<p>Anelita H Michelini<\/p>\n<p>Yuri S Ribeiro<\/p>\n<p>Victor S Coswig<\/p>\n<p>Martaliz Dimare<\/p>\n<p>Adriana Akemi<\/p>\n<p>Bruno F Antunez<\/p>\n<p>Luan M Pican\u00e7o<\/p>\n<p>Marcelo S Vaz<\/p>\n<p>Rossano Diniz, Larissa C Braga<\/p>\n<p>Fabricio T Degrandis<\/p>\n<p>Gustavo Z Schaun<\/p>\n<p>Vin\u00edcius R Ganzer<\/p>\n<p>Cristiano Dall&#8217;Agnol<\/p>\n<p>Jonathan Barth<\/p>\n<p>Chr\u00edstofer J Boeira<\/p>\n<p>Allana Cavanhi<\/p>\n<p>Chaiane Calonego<\/p>\n<p>Luis Felipe Nobre de Oliveira<\/p>\n<p>Cesar A Hafele<\/p>\n<\/div>\n<div>\n<p><strong>Identidade Visua<\/strong><strong>l:<\/strong><\/p>\n<p><a href=\"https:\/\/wp.ufpel.edu.br\/esef\/files\/2013\/07\/logo02b3.jpg\"><img class=\"alignnone size-full wp-image-169\" alt=\"logo02b3\" src=\"https:\/\/wp.ufpel.edu.br\/esef\/files\/2013\/07\/logo02b3.jpg\" width=\"2142\" height=\"2092\" srcset=\"https:\/\/wp.ufpel.edu.br\/esef\/files\/2013\/07\/logo02b3.jpg 2142w, https:\/\/wp.ufpel.edu.br\/esef\/files\/2013\/07\/logo02b3-300x292.jpg 300w, https:\/\/wp.ufpel.edu.br\/esef\/files\/2013\/07\/logo02b3-1024x1000.jpg 1024w\" sizes=\"(max-width: 2142px) 100vw, 2142px\" \/><\/a><\/p>\n<p>&nbsp;<\/p>\n<\/div>\n<div>\n<p><strong>Mais informa\u00e7\u00f5es em:<\/strong> \u00a0<a href=\"http:\/\/fabricioboscolo.wix.com\/gepeted\" target=\"_blank\">http:\/\/fabricioboscolo.wix.com\/gepeted<\/a><\/p>\n<\/div>\n","protected":false},"excerpt":{"rendered":"<p>Grupo de estudos e pesquisas em Treinamento Esportivo e Desempenho F\u00edsico Coordenador: Fabricio Boscolo Del Vecchio (fabricio_boscolo@uol.com.br) O GEPETED centra seus esfor\u00e7os no estudo do treinamento esportivo e no desempenho f\u00edsico de atletas e n\u00e3o atletas. H\u00e1 expertise no processo de avalia\u00e7\u00e3o, prescri\u00e7\u00e3o e controle das cargas de treino, bem como no acompanhamento do desenvolvimento [&hellip;]<\/p>\n","protected":false},"author":289,"featured_media":0,"parent":17,"menu_order":0,"comment_status":"closed","ping_status":"closed","template":"","meta":{"footnotes":""},"class_list":["post-168","page","type-page","status-publish","hentry"],"_links":{"self":[{"href":"https:\/\/wp.ufpel.edu.br\/esef\/wp-json\/wp\/v2\/pages\/168","targetHints":{"allow":["GET"]}}],"collection":[{"href":"https:\/\/wp.ufpel.edu.br\/esef\/wp-json\/wp\/v2\/pages"}],"about":[{"href":"https:\/\/wp.ufpel.edu.br\/esef\/wp-json\/wp\/v2\/types\/page"}],"author":[{"embeddable":true,"href":"https:\/\/wp.ufpel.edu.br\/esef\/wp-json\/wp\/v2\/users\/289"}],"replies":[{"embeddable":true,"href":"https:\/\/wp.ufpel.edu.br\/esef\/wp-json\/wp\/v2\/comments?post=168"}],"version-history":[{"count":7,"href":"https:\/\/wp.ufpel.edu.br\/esef\/wp-json\/wp\/v2\/pages\/168\/revisions"}],"predecessor-version":[{"id":230,"href":"https:\/\/wp.ufpel.edu.br\/esef\/wp-json\/wp\/v2\/pages\/168\/revisions\/230"}],"up":[{"embeddable":true,"href":"https:\/\/wp.ufpel.edu.br\/esef\/wp-json\/wp\/v2\/pages\/17"}],"wp:attachment":[{"href":"https:\/\/wp.ufpel.edu.br\/esef\/wp-json\/wp\/v2\/media?parent=168"}],"curies":[{"name":"wp","href":"https:\/\/api.w.org\/{rel}","templated":true}]}}

<div>
<p style="text-align: center"><span style="font-size: large"><strong>Grupo de estudos e pesquisas em Treinamento Esportivo e Desempenho Físico</strong></span></p>
<p><strong>Coordenador:</strong></p>
<p>Fabricio Boscolo Del Vecchio (<a href="mailto:fabricio_boscolo@uol.com.br" target="_blank">fabricio_boscolo@uol.com.br</a>)</p>
</div>
<div>
<p>O <strong>GEPETED</strong> centra seus esforços no estudo do treinamento esportivo e no desempenho físico de atletas e não atletas. Há expertise no processo de avaliação, prescrição e controle das cargas de treino, bem como no acompanhamento do desenvolvimento das diferentes variáveis da aptidão física.</p>
</div>
<div>
<p><strong>Professores:</strong></p>
<p>Fabrício B. Del Vecchio</p>
<p>Aírton J. Rombaldi</p>
<p>Mário R. Azevedo Jr</p>
<p>Marlos R. Domingues</p>
<p>Rodrigo A. de Carvalho</p>
</div>
<div>
<p><strong>Acadêmicos:</strong></p>
<p>Leony M Galliano</p>
<p>Anelita H Michelini</p>
<p>Yuri S Ribeiro</p>
<p>Victor S Coswig</p>
<p>Martaliz Dimare</p>
<p>Adriana Akemi</p>
<p>Bruno F Antunez</p>
<p>Luan M Picanço</p>
<p>Marcelo S Vaz</p>
<p>Rossano Diniz, Larissa C Braga</p>
<p>Fabricio T Degrandis</p>
<p>Gustavo Z Schaun</p>
<p>Vinícius R Ganzer</p>
<p>Cristiano Dall&#8217;Agnol</p>
<p>Jonathan Barth</p>
<p>Chrístofer J Boeira</p>
<p>Allana Cavanhi</p>
<p>Chaiane Calonego</p>
<p>Luis Felipe Nobre de Oliveira</p>
<p>Cesar A Hafele</p>
</div>
<div>
<p><strong>Identidade Visua</strong><strong>l:</strong></p>
<p><a href="https://wp.ufpel.edu.br/esef/files/2013/07/logo02b3.jpg"><img class="alignnone size-full wp-image-169" alt="logo02b3" src="https://wp.ufpel.edu.br/esef/files/2013/07/logo02b3.jpg" width="2142" height="2092" srcset="https://wp.ufpel.edu.br/esef/files/2013/07/logo02b3.jpg 2142w, https://wp.ufpel.edu.br/esef/files/2013/07/logo02b3-300x292.jpg 300w, https://wp.ufpel.edu.br/esef/files/2013/07/logo02b3-1024x1000.jpg 1024w" sizes="(max-width: 2142px) 100vw, 2142px" /></a></p>
<p>&nbsp;</p>
</div>
<div>
<p><strong>Mais informações em:</strong>  <a href="http://fabricioboscolo.wix.com/gepeted" target="_blank">http://fabricioboscolo.wix.com/gepeted</a></p>
</div>

<p>Grupo de estudos e pesquisas em Treinamento Esportivo e Desempenho Físico Coordenador: Fabricio Boscolo Del Vecchio (fabricio_boscolo@uol.com.br) O GEPETED centra seus esforços no estudo do treinamento esportivo e no desempenho físico de atletas e não atletas. Há expertise no processo de avaliação, prescrição e controle das cargas de treino, bem como no acompanhamento do desenvolvimento [&hellip;]</p>
