{"id":16,"date":"2013-07-23T14:53:37","date_gmt":"2013-07-23T17:53:37","guid":{"rendered":"https:\/\/wp.ufpel.edu.br\/esef\/?page_id=16"},"modified":"2025-05-28T11:28:28","modified_gmt":"2025-05-28T14:28:28","slug":"mestrado","status":"publish","type":"page","link":"https:\/\/wp.ufpel.edu.br\/esef\/especializacao-2\/mestrado\/","title":{"rendered":"Mestrado e Doutorado"},"content":{"rendered":"<p><strong>Coordenador: <\/strong>Prof. Dr. Marlos Rodrigues Domingues<\/p>\n<p><strong>Coordenadora Adjunta<\/strong>: Prof\u00aa. Dr\u00aa. Stephanie Santana Pinto<\/p>\n<p><strong>Secretarias<\/strong>: Daniela Goetzke Macedo e Christine Vieira Spieker<\/p>\n<p><strong>P\u00e1gina Oficial:<\/strong>\u00a0<a href=\"https:\/\/wp.ufpel.edu.br\/ppgef\/\" target=\"_blank\" rel=\"noopener\">Programa de P\u00f3s-Gradua\u00e7\u00e3o em Educa\u00e7\u00e3o F\u00edsica (PPGEF)<\/a><\/p>\n<p><strong>E-mail<\/strong>: ppgef.ufpel@gmail.com<\/p>\n<p><strong>Telefone:<\/strong> (53) 3284-4330 \/ 4331<\/p>\n","protected":false},"excerpt":{"rendered":"<p>Coordenador: Prof. Dr. Marlos Rodrigues Domingues Coordenadora Adjunta: Prof\u00aa. Dr\u00aa. Stephanie Santana Pinto Secretarias: Daniela Goetzke Macedo e Christine Vieira Spieker P\u00e1gina Oficial:\u00a0Programa de P\u00f3s-Gradua\u00e7\u00e3o em Educa\u00e7\u00e3o F\u00edsica (PPGEF) E-mail: ppgef.ufpel@gmail.com Telefone: (53) 3284-4330 \/ 4331<\/p>\n","protected":false},"author":289,"featured_media":0,"parent":32,"menu_order":2,"comment_status":"closed","ping_status":"closed","template":"","meta":{"footnotes":""},"class_list":["post-16","page","type-page","status-publish","hentry"],"_links":{"self":[{"href":"https:\/\/wp.ufpel.edu.br\/esef\/wp-json\/wp\/v2\/pages\/16","targetHints":{"allow":["GET"]}}],"collection":[{"href":"https:\/\/wp.ufpel.edu.br\/esef\/wp-json\/wp\/v2\/pages"}],"about":[{"href":"https:\/\/wp.ufpel.edu.br\/esef\/wp-json\/wp\/v2\/types\/page"}],"author":[{"embeddable":true,"href":"https:\/\/wp.ufpel.edu.br\/esef\/wp-json\/wp\/v2\/users\/289"}],"replies":[{"embeddable":true,"href":"https:\/\/wp.ufpel.edu.br\/esef\/wp-json\/wp\/v2\/comments?post=16"}],"version-history":[{"count":19,"href":"https:\/\/wp.ufpel.edu.br\/esef\/wp-json\/wp\/v2\/pages\/16\/revisions"}],"predecessor-version":[{"id":5340,"href":"https:\/\/wp.ufpel.edu.br\/esef\/wp-json\/wp\/v2\/pages\/16\/revisions\/5340"}],"up":[{"embeddable":true,"href":"https:\/\/wp.ufpel.edu.br\/esef\/wp-json\/wp\/v2\/pages\/32"}],"wp:attachment":[{"href":"https:\/\/wp.ufpel.edu.br\/esef\/wp-json\/wp\/v2\/media?parent=16"}],"curies":[{"name":"wp","href":"https:\/\/api.w.org\/{rel}","templated":true}]}}

<p><strong>Coordenador: </strong>Prof. Dr. Marlos Rodrigues Domingues</p>
<p><strong>Coordenadora Adjunta</strong>: Profª. Drª. Stephanie Santana Pinto</p>
<p><strong>Secretarias</strong>: Daniela Goetzke Macedo e Christine Vieira Spieker</p>
<p><strong>Página Oficial:</strong> <a href="https://wp.ufpel.edu.br/ppgef/" target="_blank" rel="noopener">Programa de Pós-Graduação em Educação Física (PPGEF)</a></p>
<p><strong>E-mail</strong>: ppgef.ufpel@gmail.com</p>
<p><strong>Telefone:</strong> (53) 3284-4330 / 4331</p>

<p>Coordenador: Prof. Dr. Marlos Rodrigues Domingues Coordenadora Adjunta: Profª. Drª. Stephanie Santana Pinto Secretarias: Daniela Goetzke Macedo e Christine Vieira Spieker Página Oficial: Programa de Pós-Graduação em Educação Física (PPGEF) E-mail: ppgef.ufpel@gmail.com Telefone: (53) 3284-4330 / 4331</p>
