{"id":130,"date":"2013-07-25T19:44:51","date_gmt":"2013-07-25T22:44:51","guid":{"rendered":"https:\/\/wp.ufpel.edu.br\/esef\/?page_id=130"},"modified":"2024-08-22T10:30:30","modified_gmt":"2024-08-22T13:30:30","slug":"fale-conosco","status":"publish","type":"page","link":"https:\/\/wp.ufpel.edu.br\/esef\/fale-conosco\/","title":{"rendered":"Fale Conosco"},"content":{"rendered":"<p><span style=\"font-family: arial, helvetica, sans-serif;\"><strong>CONTATOS<\/strong>:<\/span><\/p>\n<p><strong><span style=\"font-family: arial, helvetica, sans-serif;\">Recep\u00e7\u00e3o &#8211; (53) 32844330\u00a0<\/span><\/strong><\/p>\n<p>esef.recepcao@gmail.com<\/p>\n<p>&nbsp;<\/p>\n<p><strong><span style=\"font-family: arial, helvetica, sans-serif;\">Secretaria Unificada (Dire\u00e7\u00e3o e Colegiados) &#8211; (53) 32844331<\/span><\/strong><\/p>\n<p><span style=\"font-family: arial, helvetica, sans-serif;\">Dire\u00e7\u00e3o: <\/span><span class=\"qu\" role=\"gridcell\"><span class=\"go\">esefdirecao.ufpel@gmail.com<\/span><\/span><\/p>\n<p><span style=\"font-family: arial, helvetica, sans-serif;\">Colegiado P\u00f3s-Gradua\u00e7\u00e3o em Educa\u00e7\u00e3o F\u00edsica: ppgef.ufpel@gmail.com<\/span><\/p>\n<p><span style=\"font-family: arial, helvetica, sans-serif;\">Colegiado Gradua\u00e7\u00e3o em Educa\u00e7\u00e3o F\u00edsica<\/span>: colegiadoesefufpel@gmail.com<\/p>\n<p><span style=\"font-family: arial, helvetica, sans-serif;\">Colegiado Gradua\u00e7\u00e3o em Fisioterapia: fisioterapia@ufpel.edu.br<\/span><\/p>\n<p>&nbsp;<\/p>\n<p><strong>Comit\u00ea de \u00c9tica em Pesquisa &#8211; <span style=\"font-family: arial, helvetica, sans-serif;\">(53) 32844331<br \/>\n<\/span><\/strong><\/p>\n<p>cepesef.ufpel@gmail.com<\/p>\n<p>&nbsp;<\/p>\n<p><strong>Endere\u00e7o:<\/strong><\/p>\n<p><span style=\"font-family: arial, helvetica, sans-serif;\">Universidade Federal de Pelotas &#8211; Escola Superior de Educa\u00e7\u00e3o F\u00edsica e Fisioterapia (ESEF)<\/span><\/p>\n<p><span style=\"font-family: arial, helvetica, sans-serif;\">Rua Luiz de Cam\u00f5es, 625 &#8211; Bairro Cohab Tablada<\/span><\/p>\n<p><span style=\"font-family: arial, helvetica, sans-serif;\">CEP: 96055-630 &#8211; Pelotas\/RS<\/span><\/p>\n<p>&nbsp;<\/p>\n<p><strong><span style=\"font-family: arial, helvetica, sans-serif;\">Mapa &#8211; <a href=\"https:\/\/maps.google.com\/maps?q=esef+ufpel&amp;hl=pt-BR&amp;cd=1&amp;ei=X5DoS7r9PITcMZrkkIUN&amp;sig2=ApAL8sa8zSRQEcw-p72-0g&amp;ie=UTF8&amp;view=map&amp;cid=17060090233483753657&amp;iwloc=A&amp;ved=0CBkQpQY\" target=\"_blank\" rel=\"noopener noreferrer\">Esef\/Ufpel<\/a><\/span><\/strong><\/p>\n","protected":false},"excerpt":{"rendered":"<p>CONTATOS: Recep\u00e7\u00e3o &#8211; (53) 32844330\u00a0 esef.recepcao@gmail.com &nbsp; Secretaria Unificada (Dire\u00e7\u00e3o e Colegiados) &#8211; (53) 32844331 Dire\u00e7\u00e3o: esefdirecao.ufpel@gmail.com Colegiado P\u00f3s-Gradua\u00e7\u00e3o em Educa\u00e7\u00e3o F\u00edsica: ppgef.ufpel@gmail.com Colegiado Gradua\u00e7\u00e3o em Educa\u00e7\u00e3o F\u00edsica: colegiadoesefufpel@gmail.com Colegiado Gradua\u00e7\u00e3o em Fisioterapia: fisioterapia@ufpel.edu.br &nbsp; Comit\u00ea de \u00c9tica em Pesquisa &#8211; (53) 32844331 cepesef.ufpel@gmail.com &nbsp; Endere\u00e7o: Universidade Federal de Pelotas &#8211; Escola Superior de Educa\u00e7\u00e3o [&hellip;]<\/p>\n","protected":false},"author":289,"featured_media":0,"parent":0,"menu_order":7,"comment_status":"closed","ping_status":"closed","template":"","meta":{"footnotes":""},"class_list":["post-130","page","type-page","status-publish","hentry"],"_links":{"self":[{"href":"https:\/\/wp.ufpel.edu.br\/esef\/wp-json\/wp\/v2\/pages\/130","targetHints":{"allow":["GET"]}}],"collection":[{"href":"https:\/\/wp.ufpel.edu.br\/esef\/wp-json\/wp\/v2\/pages"}],"about":[{"href":"https:\/\/wp.ufpel.edu.br\/esef\/wp-json\/wp\/v2\/types\/page"}],"author":[{"embeddable":true,"href":"https:\/\/wp.ufpel.edu.br\/esef\/wp-json\/wp\/v2\/users\/289"}],"replies":[{"embeddable":true,"href":"https:\/\/wp.ufpel.edu.br\/esef\/wp-json\/wp\/v2\/comments?post=130"}],"version-history":[{"count":20,"href":"https:\/\/wp.ufpel.edu.br\/esef\/wp-json\/wp\/v2\/pages\/130\/revisions"}],"predecessor-version":[{"id":5067,"href":"https:\/\/wp.ufpel.edu.br\/esef\/wp-json\/wp\/v2\/pages\/130\/revisions\/5067"}],"wp:attachment":[{"href":"https:\/\/wp.ufpel.edu.br\/esef\/wp-json\/wp\/v2\/media?parent=130"}],"curies":[{"name":"wp","href":"https:\/\/api.w.org\/{rel}","templated":true}]}}

<p><span style="font-family: arial, helvetica, sans-serif;"><strong>CONTATOS</strong>:</span></p>
<p><strong><span style="font-family: arial, helvetica, sans-serif;">Recepção &#8211; (53) 32844330 </span></strong></p>
<p>esef.recepcao@gmail.com</p>
<p>&nbsp;</p>
<p><strong><span style="font-family: arial, helvetica, sans-serif;">Secretaria Unificada (Direção e Colegiados) &#8211; (53) 32844331</span></strong></p>
<p><span style="font-family: arial, helvetica, sans-serif;">Direção: </span><span class="qu" role="gridcell"><span class="go">esefdirecao.ufpel@gmail.com</span></span></p>
<p><span style="font-family: arial, helvetica, sans-serif;">Colegiado Pós-Graduação em Educação Física: ppgef.ufpel@gmail.com</span></p>
<p><span style="font-family: arial, helvetica, sans-serif;">Colegiado Graduação em Educação Física</span>: colegiadoesefufpel@gmail.com</p>
<p><span style="font-family: arial, helvetica, sans-serif;">Colegiado Graduação em Fisioterapia: fisioterapia@ufpel.edu.br</span></p>
<p>&nbsp;</p>
<p><strong>Comitê de Ética em Pesquisa &#8211; <span style="font-family: arial, helvetica, sans-serif;">(53) 32844331<br />
</span></strong></p>
<p>cepesef.ufpel@gmail.com</p>
<p>&nbsp;</p>
<p><strong>Endereço:</strong></p>
<p><span style="font-family: arial, helvetica, sans-serif;">Universidade Federal de Pelotas &#8211; Escola Superior de Educação Física e Fisioterapia (ESEF)</span></p>
<p><span style="font-family: arial, helvetica, sans-serif;">Rua Luiz de Camões, 625 &#8211; Bairro Cohab Tablada</span></p>
<p><span style="font-family: arial, helvetica, sans-serif;">CEP: 96055-630 &#8211; Pelotas/RS</span></p>
<p>&nbsp;</p>
<p><strong><span style="font-family: arial, helvetica, sans-serif;">Mapa &#8211; <a href="https://maps.google.com/maps?q=esef+ufpel&amp;hl=pt-BR&amp;cd=1&amp;ei=X5DoS7r9PITcMZrkkIUN&amp;sig2=ApAL8sa8zSRQEcw-p72-0g&amp;ie=UTF8&amp;view=map&amp;cid=17060090233483753657&amp;iwloc=A&amp;ved=0CBkQpQY" target="_blank" rel="noopener noreferrer">Esef/Ufpel</a></span></strong></p>

<p>CONTATOS: Recepção &#8211; (53) 32844330  esef.recepcao@gmail.com &nbsp; Secretaria Unificada (Direção e Colegiados) &#8211; (53) 32844331 Direção: esefdirecao.ufpel@gmail.com Colegiado Pós-Graduação em Educação Física: ppgef.ufpel@gmail.com Colegiado Graduação em Educação Física: colegiadoesefufpel@gmail.com Colegiado Graduação em Fisioterapia: fisioterapia@ufpel.edu.br &nbsp; Comitê de Ética em Pesquisa &#8211; (53) 32844331 cepesef.ufpel@gmail.com &nbsp; Endereço: Universidade Federal de Pelotas &#8211; Escola Superior de Educação [&hellip;]</p>
