{"id":124,"date":"2013-07-25T19:42:07","date_gmt":"2013-07-25T22:42:07","guid":{"rendered":"https:\/\/wp.ufpel.edu.br\/esef\/?page_id=124"},"modified":"2025-02-17T08:42:18","modified_gmt":"2025-02-17T11:42:18","slug":"simposio","status":"publish","type":"page","link":"https:\/\/wp.ufpel.edu.br\/esef\/eventos\/simposio\/","title":{"rendered":"Simp\u00f3sio Nacional de Educa\u00e7\u00e3o F\u00edsica &#8211; SNEF"},"content":{"rendered":"<div><strong>ANAIS &#8211; 38\u00ba Simp\u00f3sio Nacional de Educa\u00e7\u00e3o F\u00edsica &#8211; SNEF<\/strong><\/div>\n<div><\/div>\n<div>Est\u00e3o dispon\u00edveis os anais do 38\u00ba Simp\u00f3sio Nacional de Educa\u00e7\u00e3o F\u00edsica.<\/div>\n<div><\/div>\n<div>Para acessar os anais: <a href=\"https:\/\/drive.google.com\/drive\/folders\/1tTifwk2uTLHQrHcRIVk1rPNDAjg4WF19?usp=sharing\">clique aqui<\/a><\/div>\n<div><\/div>\n<div><strong>CERTIFICADOS APRESENTA\u00c7\u00c3O DE TRABALHOS &#8211; 38\u00ba Simp\u00f3sio Nacional de Educa\u00e7\u00e3o F\u00edsica<\/strong><\/div>\n<div><\/div>\n<div>\n<div>Est\u00e3o dispon\u00edveis os certificados de apresenta\u00e7\u00e3o de trabalhos no formato de comunica\u00e7\u00e3o oral e p\u00f4ster do 38\u00ba Simp\u00f3sio Nacional de Educa\u00e7\u00e3o F\u00edsica.<\/div>\n<div><\/div>\n<div>Para gerar o certificado: <a href=\"https:\/\/drive.google.com\/drive\/folders\/1NSmVFSeHf4C7SXknXs4cn0b1Eb3Jt3DE?usp=sharing\">Clique aqui<\/a><\/div>\n<div><\/div>\n<div><\/div>\n<\/div>\n<p>&nbsp;<\/p>\n<p>&nbsp;<\/p>\n<p>&nbsp;<\/p>\n<p><a href=\"https:\/\/wp.ufpel.edu.br\/esef\/files\/2013\/07\/11111.png\"><img class=\"alignleft size-medium wp-image-1229\" src=\"https:\/\/wp.ufpel.edu.br\/esef\/files\/2013\/07\/11111-300x75.png\" alt=\"1111\" width=\"300\" height=\"75\" srcset=\"https:\/\/wp.ufpel.edu.br\/esef\/files\/2013\/07\/11111-300x75.png 300w, https:\/\/wp.ufpel.edu.br\/esef\/files\/2013\/07\/11111.png 906w\" sizes=\"(max-width: 300px) 100vw, 300px\" \/><\/a><\/p>\n","protected":false},"excerpt":{"rendered":"<p>ANAIS &#8211; 38\u00ba Simp\u00f3sio Nacional de Educa\u00e7\u00e3o F\u00edsica &#8211; SNEF Est\u00e3o dispon\u00edveis os anais do 38\u00ba Simp\u00f3sio Nacional de Educa\u00e7\u00e3o F\u00edsica. Para acessar os anais: clique aqui CERTIFICADOS APRESENTA\u00c7\u00c3O DE TRABALHOS &#8211; 38\u00ba Simp\u00f3sio Nacional de Educa\u00e7\u00e3o F\u00edsica Est\u00e3o dispon\u00edveis os certificados de apresenta\u00e7\u00e3o de trabalhos no formato de comunica\u00e7\u00e3o oral e p\u00f4ster do 38\u00ba [&hellip;]<\/p>\n","protected":false},"author":289,"featured_media":0,"parent":122,"menu_order":1,"comment_status":"closed","ping_status":"closed","template":"","meta":{"footnotes":""},"class_list":["post-124","page","type-page","status-publish","hentry"],"_links":{"self":[{"href":"https:\/\/wp.ufpel.edu.br\/esef\/wp-json\/wp\/v2\/pages\/124","targetHints":{"allow":["GET"]}}],"collection":[{"href":"https:\/\/wp.ufpel.edu.br\/esef\/wp-json\/wp\/v2\/pages"}],"about":[{"href":"https:\/\/wp.ufpel.edu.br\/esef\/wp-json\/wp\/v2\/types\/page"}],"author":[{"embeddable":true,"href":"https:\/\/wp.ufpel.edu.br\/esef\/wp-json\/wp\/v2\/users\/289"}],"replies":[{"embeddable":true,"href":"https:\/\/wp.ufpel.edu.br\/esef\/wp-json\/wp\/v2\/comments?post=124"}],"version-history":[{"count":8,"href":"https:\/\/wp.ufpel.edu.br\/esef\/wp-json\/wp\/v2\/pages\/124\/revisions"}],"predecessor-version":[{"id":5220,"href":"https:\/\/wp.ufpel.edu.br\/esef\/wp-json\/wp\/v2\/pages\/124\/revisions\/5220"}],"up":[{"embeddable":true,"href":"https:\/\/wp.ufpel.edu.br\/esef\/wp-json\/wp\/v2\/pages\/122"}],"wp:attachment":[{"href":"https:\/\/wp.ufpel.edu.br\/esef\/wp-json\/wp\/v2\/media?parent=124"}],"curies":[{"name":"wp","href":"https:\/\/api.w.org\/{rel}","templated":true}]}}

Simpósio Nacional de Educação Física &#8211; SNEF

<div><strong>ANAIS &#8211; 38º Simpósio Nacional de Educação Física &#8211; SNEF</strong></div>
<div></div>
<div>Estão disponíveis os anais do 38º Simpósio Nacional de Educação Física.</div>
<div></div>
<div>Para acessar os anais: <a href="https://drive.google.com/drive/folders/1tTifwk2uTLHQrHcRIVk1rPNDAjg4WF19?usp=sharing">clique aqui</a></div>
<div></div>
<div><strong>CERTIFICADOS APRESENTAÇÃO DE TRABALHOS &#8211; 38º Simpósio Nacional de Educação Física</strong></div>
<div></div>
<div>
<div>Estão disponíveis os certificados de apresentação de trabalhos no formato de comunicação oral e pôster do 38º Simpósio Nacional de Educação Física.</div>
<div></div>
<div>Para gerar o certificado: <a href="https://drive.google.com/drive/folders/1NSmVFSeHf4C7SXknXs4cn0b1Eb3Jt3DE?usp=sharing">Clique aqui</a></div>
<div></div>
<div></div>
</div>
<p>&nbsp;</p>
<p>&nbsp;</p>
<p>&nbsp;</p>
<p><a href="https://wp.ufpel.edu.br/esef/files/2013/07/11111.png"><img class="alignleft size-medium wp-image-1229" src="https://wp.ufpel.edu.br/esef/files/2013/07/11111-300x75.png" alt="1111" width="300" height="75" srcset="https://wp.ufpel.edu.br/esef/files/2013/07/11111-300x75.png 300w, https://wp.ufpel.edu.br/esef/files/2013/07/11111.png 906w" sizes="(max-width: 300px) 100vw, 300px" /></a></p>

<p>ANAIS &#8211; 38º Simpósio Nacional de Educação Física &#8211; SNEF Estão disponíveis os anais do 38º Simpósio Nacional de Educação Física. Para acessar os anais: clique aqui CERTIFICADOS APRESENTAÇÃO DE TRABALHOS &#8211; 38º Simpósio Nacional de Educação Física Estão disponíveis os certificados de apresentação de trabalhos no formato de comunicação oral e pôster do 38º [&hellip;]</p>
