{"id":1238,"date":"2022-10-17T11:19:35","date_gmt":"2022-10-17T14:19:35","guid":{"rendered":"https:\/\/wp.ufpel.edu.br\/escritoriodeprocessos\/?page_id=1238"},"modified":"2025-04-24T14:14:43","modified_gmt":"2025-04-24T17:14:43","slug":"contato","status":"publish","type":"page","link":"https:\/\/wp.ufpel.edu.br\/escritoriodeprocessos\/contato\/","title":{"rendered":"INFORMA\u00c7\u00d5ES DE CONTATO:"},"content":{"rendered":"<p><b>E-mail:<\/b><\/p>\n<p>escritoriodeprocessos@ufpel.edu.br<\/p>\n<p>&nbsp;<\/p>\n<p><b>Telefone:<\/b><\/p>\n<p>(53) 3284 4015 &#8211; op\u00e7\u00e3o 6<\/p>\n<p><b>Endere\u00e7o:<\/b><\/p>\n<p>Rua Gomes Carneiro, 01 &#8211; 3\u00ba andar &#8211; Sala 349 &#8211; Centro &#8211; Pelotas &#8211; RS<\/p>\n<p>CEP 96010-610<\/p>\n<p><span style=\"color: #800000;\"><strong>\u00a0<\/strong><\/span><\/p>\n<p><span style=\"color: #75b7c7;\"><strong><span style=\"font-size: 14pt;\">PARA SOLICITAR SERVI\u00c7O:<\/span><\/strong><\/span><\/p>\n<blockquote class=\"wp-embedded-content\" data-secret=\"DOTIrHsiQp\"><p><a href=\"https:\/\/wp.ufpel.edu.br\/perguntas\/solicitar-atendimento\/\">Solicitar atendimento<\/a><\/p><\/blockquote>\n<p><iframe loading=\"lazy\" class=\"wp-embedded-content\" sandbox=\"allow-scripts\" security=\"restricted\" style=\"position: absolute; visibility: hidden;\" title=\"&#8220;Solicitar atendimento&#8221; &#8212; Perguntas frequentes\" src=\"https:\/\/wp.ufpel.edu.br\/perguntas\/solicitar-atendimento\/embed\/#?secret=8svF9hIy1U#?secret=DOTIrHsiQp\" data-secret=\"DOTIrHsiQp\" width=\"600\" height=\"338\" frameborder=\"0\" marginwidth=\"0\" marginheight=\"0\" scrolling=\"no\"><\/iframe><\/p>\n<p>&nbsp;<\/p>\n<p><span style=\"font-size: 14pt; color: #75b7c7;\"><strong>REUNI\u00d5ES EP:<\/strong><\/span><\/p>\n<p><iframe loading=\"lazy\" style=\"border: 0;\" src=\"https:\/\/calendar.google.com\/calendar\/embed?src=8q2tksk56vhnj7qso4b6lq3jd6oqh2e3%40import.calendar.google.com&amp;ctz=America%2FSao_Paulo\" width=\"800\" height=\"600\" frameborder=\"0\" scrolling=\"no\"><\/iframe><\/p>\n<p>&nbsp;<\/p>\n","protected":false},"excerpt":{"rendered":"<p>E-mail: escritoriodeprocessos@ufpel.edu.br &nbsp; Telefone: (53) 3284 4015 &#8211; op\u00e7\u00e3o 6 Endere\u00e7o: Rua Gomes Carneiro, 01 &#8211; 3\u00ba andar &#8211; Sala 349 &#8211; Centro &#8211; Pelotas &#8211; RS&hellip; <span class=\"read-more\"><a class=\"more-link\" href=\"https:\/\/wp.ufpel.edu.br\/escritoriodeprocessos\/contato\/\" rel=\"bookmark\">Leia Mais <span class=\"screen-reader-text\">&#8220;INFORMA\u00c7\u00d5ES DE CONTATO:&#8221;<\/span><\/a><\/span><\/p>\n","protected":false},"author":823,"featured_media":0,"parent":0,"menu_order":0,"comment_status":"closed","ping_status":"closed","template":"","meta":{"footnotes":""},"class_list":["post-1238","page","type-page","status-publish","hentry"],"_links":{"self":[{"href":"https:\/\/wp.ufpel.edu.br\/escritoriodeprocessos\/wp-json\/wp\/v2\/pages\/1238","targetHints":{"allow":["GET"]}}],"collection":[{"href":"https:\/\/wp.ufpel.edu.br\/escritoriodeprocessos\/wp-json\/wp\/v2\/pages"}],"about":[{"href":"https:\/\/wp.ufpel.edu.br\/escritoriodeprocessos\/wp-json\/wp\/v2\/types\/page"}],"author":[{"embeddable":true,"href":"https:\/\/wp.ufpel.edu.br\/escritoriodeprocessos\/wp-json\/wp\/v2\/users\/823"}],"replies":[{"embeddable":true,"href":"https:\/\/wp.ufpel.edu.br\/escritoriodeprocessos\/wp-json\/wp\/v2\/comments?post=1238"}],"version-history":[{"count":27,"href":"https:\/\/wp.ufpel.edu.br\/escritoriodeprocessos\/wp-json\/wp\/v2\/pages\/1238\/revisions"}],"predecessor-version":[{"id":2141,"href":"https:\/\/wp.ufpel.edu.br\/escritoriodeprocessos\/wp-json\/wp\/v2\/pages\/1238\/revisions\/2141"}],"wp:attachment":[{"href":"https:\/\/wp.ufpel.edu.br\/escritoriodeprocessos\/wp-json\/wp\/v2\/media?parent=1238"}],"curies":[{"name":"wp","href":"https:\/\/api.w.org\/{rel}","templated":true}]}}