{"id":72,"date":"2023-02-02T15:26:48","date_gmt":"2023-02-02T18:26:48","guid":{"rendered":"https:\/\/wp.ufpel.edu.br\/escravidaoeliberdade2023\/?page_id=72"},"modified":"2023-02-13T19:14:48","modified_gmt":"2023-02-13T22:14:48","slug":"apresentacao","status":"publish","type":"page","link":"https:\/\/wp.ufpel.edu.br\/escravidaoeliberdade2023\/","title":{"rendered":"APRESENTA\u00c7\u00c3O"},"content":{"rendered":"<p style=\"text-align: justify;\">O grupo de pesquisa A experi\u00eancia dos africanos e seus descendentes no Brasil e o N\u00facleo de Documenta\u00e7\u00e3o Hist\u00f3rica Prof\u00aa Beatriz Loner da Universidade Federal de Pelotas anunciam a realiza\u00e7\u00e3o do 11\u00ba Encontro Escravid\u00e3o e Liberdade no Brasil Meridional, que acontecer\u00e1 entre os dias 13, 14 e 15 de setembro de 2023, na Universidade Federal de Pelotas. Neste ano o encontro retorna \u00e0 modalidade presencial e contar\u00e1 em sua programa\u00e7\u00e3o com duas confer\u00eancias, duas mesas redondas, apresenta\u00e7\u00f5es de comunica\u00e7\u00f5es, p\u00f4steres e atividades culturais.<\/p>\n<p style=\"text-align: justify;\">Pelotas \u00e9 uma cidade negra marcada por seu passado escravista de explora\u00e7\u00e3o de trabalhadoras e trabalhadores escravizados nas charqueadas e em v\u00e1rias outras atividades. Pelotas \u00e9 uma cidade negra devido ao legado de seus antepassados, das a\u00e7\u00f5es, das lutas e organiza\u00e7\u00f5es de seus descendentes no p\u00f3s-aboli\u00e7\u00e3o, o que repercute n\u00e3o somente na sua hist\u00f3ria como tamb\u00e9m no seu presente. Personalidades negras s\u00e3o homenageadas na logomarca da edi\u00e7\u00e3o do encontro neste ano. Este \u00e9 um dos motivos para a escolha de Pelotas e da UFPel para sediar o 11\u00ba Encontro. Outra raz\u00e3o fundamental para a UFPel ser a sede \u00e9 que esta foi a casa da Professora Beatriz Loner, pesquisadora de grande destaque na \u00e1rea, integrante do grupo de pesquisa, fundadora do NDH\/UFPel e participante do encontro desde sua primeira edi\u00e7\u00e3o. O 11\u00ba encontro contar\u00e1 em sua programa\u00e7\u00e3o com uma mesa para celebrar o legado de Beatriz para os estudos sobre escravid\u00e3o e p\u00f3s-aboli\u00e7\u00e3o.<\/p>\n<h6 style=\"text-align: center;\"><a href=\"https:\/\/wp.ufpel.edu.br\/escravidaoeliberdade2023\/files\/2023\/01\/cropped-ARTE-finalEIRA-A3_Prancheta-1-copia-2-1600.jpg\"><img loading=\"lazy\" decoding=\"async\" class=\"aligncenter wp-image-60\" src=\"https:\/\/wp.ufpel.edu.br\/escravidaoeliberdade2023\/files\/2023\/01\/cropped-ARTE-finalEIRA-A3_Prancheta-1-copia-2-1600-290x400.jpg\" alt=\"\" width=\"303\" height=\"418\" srcset=\"https:\/\/wp.ufpel.edu.br\/escravidaoeliberdade2023\/files\/2023\/01\/cropped-ARTE-finalEIRA-A3_Prancheta-1-copia-2-1600-290x400.jpg 290w, https:\/\/wp.ufpel.edu.br\/escravidaoeliberdade2023\/files\/2023\/01\/cropped-ARTE-finalEIRA-A3_Prancheta-1-copia-2-1600-741x1024.jpg 741w, https:\/\/wp.ufpel.edu.br\/escravidaoeliberdade2023\/files\/2023\/01\/cropped-ARTE-finalEIRA-A3_Prancheta-1-copia-2-1600-768x1061.jpg 768w, https:\/\/wp.ufpel.edu.br\/escravidaoeliberdade2023\/files\/2023\/01\/cropped-ARTE-finalEIRA-A3_Prancheta-1-copia-2-1600-1112x1536.jpg 1112w, https:\/\/wp.ufpel.edu.br\/escravidaoeliberdade2023\/files\/2023\/01\/cropped-ARTE-finalEIRA-A3_Prancheta-1-copia-2-1600-1483x2048.jpg 1483w, https:\/\/wp.ufpel.edu.br\/escravidaoeliberdade2023\/files\/2023\/01\/cropped-ARTE-finalEIRA-A3_Prancheta-1-copia-2-1600.jpg 1600w\" sizes=\"auto, (max-width: 303px) 100vw, 303px\" \/><\/a>Clique na arte do evento para v\u00ea-la em alta resolu\u00e7\u00e3o<\/h6>\n","protected":false},"excerpt":{"rendered":"<p>O grupo de pesquisa A experi\u00eancia dos africanos e seus descendentes no Brasil e o N\u00facleo de Documenta\u00e7\u00e3o Hist\u00f3rica Prof\u00aa Beatriz Loner da Universidade Federal de Pelotas anunciam a realiza\u00e7\u00e3o do 11\u00ba Encontro Escravid\u00e3o e Liberdade no Brasil Meridional, que acontecer\u00e1 entre os dias 13, 14 e 15 de setembro de 2023, na Universidade Federal [&hellip;]<\/p>\n","protected":false},"author":1007,"featured_media":0,"parent":0,"menu_order":0,"comment_status":"closed","ping_status":"closed","template":"","meta":{"footnotes":""},"class_list":["post-72","page","type-page","status-publish","hentry"],"_links":{"self":[{"href":"https:\/\/wp.ufpel.edu.br\/escravidaoeliberdade2023\/wp-json\/wp\/v2\/pages\/72","targetHints":{"allow":["GET"]}}],"collection":[{"href":"https:\/\/wp.ufpel.edu.br\/escravidaoeliberdade2023\/wp-json\/wp\/v2\/pages"}],"about":[{"href":"https:\/\/wp.ufpel.edu.br\/escravidaoeliberdade2023\/wp-json\/wp\/v2\/types\/page"}],"author":[{"embeddable":true,"href":"https:\/\/wp.ufpel.edu.br\/escravidaoeliberdade2023\/wp-json\/wp\/v2\/users\/1007"}],"replies":[{"embeddable":true,"href":"https:\/\/wp.ufpel.edu.br\/escravidaoeliberdade2023\/wp-json\/wp\/v2\/comments?post=72"}],"version-history":[{"count":7,"href":"https:\/\/wp.ufpel.edu.br\/escravidaoeliberdade2023\/wp-json\/wp\/v2\/pages\/72\/revisions"}],"predecessor-version":[{"id":130,"href":"https:\/\/wp.ufpel.edu.br\/escravidaoeliberdade2023\/wp-json\/wp\/v2\/pages\/72\/revisions\/130"}],"wp:attachment":[{"href":"https:\/\/wp.ufpel.edu.br\/escravidaoeliberdade2023\/wp-json\/wp\/v2\/media?parent=72"}],"curies":[{"name":"wp","href":"https:\/\/api.w.org\/{rel}","templated":true}]}}