{"id":18,"date":"2023-01-21T16:23:10","date_gmt":"2023-01-21T19:23:10","guid":{"rendered":"https:\/\/wp.ufpel.edu.br\/escravidaoeliberdade2023\/?page_id=18"},"modified":"2023-08-02T19:56:33","modified_gmt":"2023-08-02T22:56:33","slug":"cronograma","status":"publish","type":"page","link":"https:\/\/wp.ufpel.edu.br\/escravidaoeliberdade2023\/cronograma\/","title":{"rendered":"CRONOGRAMA"},"content":{"rendered":"<p style=\"text-align: left;\"><strong><span style=\"text-decoration: line-through;\">15\/02\/2023-10\/03\/2023<\/span><\/strong><span style=\"text-decoration: line-through;\">: Recebimento dos resumos das propostas de apresenta\u00e7\u00e3o de trabalhos.<\/span><\/p>\n<p><strong><span style=\"text-decoration: line-through;\">15\/02\/2023-31\/03\/2023<\/span><\/strong><span style=\"text-decoration: line-through;\">: Recebimento dos resumos das propostas de apresenta\u00e7\u00e3o de trabalhos.<\/span><\/p>\n<p><strong><span style=\"text-decoration: line-through;\">15\/02\/2023-10\/03\/2023<\/span><\/strong><span style=\"text-decoration: line-through;\">: Recebimento dos resumos das propostas de p\u00f4steres.<\/span><\/p>\n<p><strong><span style=\"text-decoration: line-through;\">15\/02\/2023-31\/03\/2023<\/span><\/strong><span style=\"text-decoration: line-through;\">: Recebimento dos resumos das propostas de p\u00f4steres.<\/span><\/p>\n<p><strong>15\/02\/2023-12\/09\/2023<\/strong>: Recebimento das inscri\u00e7\u00f5es de ouvintes.<\/p>\n<p><strong><span style=\"text-decoration: line-through;\">11\/03\/2023-20\/03\/2023<\/span><\/strong><span style=\"text-decoration: line-through;\">: Avalia\u00e7\u00e3o dos resumos das propostas de apresenta\u00e7\u00e3o de trabalhos, avalia\u00e7\u00e3o das propostas de p\u00f4steres de Inicia\u00e7\u00e3o Cient\u00edfica e envio das cartas de aceite.<\/span><\/p>\n<p><strong><span style=\"text-decoration: line-through;\">01\/04\/2023-20\/04\/2023<\/span><\/strong><span style=\"text-decoration: line-through;\">: Avalia\u00e7\u00e3o dos resumos das propostas de apresenta\u00e7\u00e3o de trabalhos, avalia\u00e7\u00e3o das propostas de p\u00f4steres de Inicia\u00e7\u00e3o Cient\u00edfica e envio das cartas de aceite.<\/span><\/p>\n<p><strong><span style=\"text-decoration: line-through;\">21\/03\/2023-10\/06\/2023<\/span><\/strong><span style=\"text-decoration: line-through;\">: Envio dos trabalhos completos.<\/span><\/p>\n<p><strong><span style=\"text-decoration: line-through;\">21\/04\/2023-21\/06\/2023<\/span><\/strong><span style=\"text-decoration: line-through;\">: Envio dos trabalhos completos.<\/span><\/p>\n<p><strong><span style=\"text-decoration: line-through;\">10\/05\/2023-21\/06\/2023<\/span><\/strong><span style=\"text-decoration: line-through;\">: Pagamento das inscri\u00e7\u00f5es.<\/span><\/p>\n<p><strong><s>30\/06\/2023<\/s><\/strong><s>: Divulga\u00e7\u00e3o da programa\u00e7\u00e3o das apresenta\u00e7\u00f5es de trabalhos e dos p\u00f4steres de Inicia\u00e7\u00e3o Cient\u00edfica.<\/s><\/p>\n<p><strong><s>30\/06\/2023<\/s><\/strong><s>: Divulga\u00e7\u00e3o dos textos completos para as\/os inscritas\/as.<\/s><\/p>\n<p><strong>13\/09\/2023-15\/09\/2023<\/strong>: Realiza\u00e7\u00e3o do 11\u00ba Encontro Escravid\u00e3o e Liberdade no Brasil Meridional.<\/p>\n<p><strong>30\/10\/2023<\/strong>: Data limite para o envio da vers\u00e3o final dos textos completos para publica\u00e7\u00e3o.<\/p>\n<p><strong>30\/11\/2023<\/strong>: Publica\u00e7\u00e3o dos textos completos na p\u00e1gina <a href=\"http:\/\/www.escravidaoeliberdade.com.br\/\">http:\/\/www.escravidaoeliberdade.com.br\/<\/a><\/p>\n","protected":false},"excerpt":{"rendered":"<p>15\/02\/2023-10\/03\/2023: Recebimento dos resumos das propostas de apresenta\u00e7\u00e3o de trabalhos. 15\/02\/2023-31\/03\/2023: Recebimento dos resumos das propostas de apresenta\u00e7\u00e3o de trabalhos. 15\/02\/2023-10\/03\/2023: Recebimento dos resumos das propostas de p\u00f4steres. 15\/02\/2023-31\/03\/2023: Recebimento dos resumos das propostas de p\u00f4steres. 15\/02\/2023-12\/09\/2023: Recebimento das inscri\u00e7\u00f5es de ouvintes. 11\/03\/2023-20\/03\/2023: Avalia\u00e7\u00e3o dos resumos das propostas de apresenta\u00e7\u00e3o de trabalhos, avalia\u00e7\u00e3o das propostas [&hellip;]<\/p>\n","protected":false},"author":1007,"featured_media":0,"parent":0,"menu_order":0,"comment_status":"closed","ping_status":"closed","template":"","meta":{"footnotes":""},"class_list":["post-18","page","type-page","status-publish","hentry"],"_links":{"self":[{"href":"https:\/\/wp.ufpel.edu.br\/escravidaoeliberdade2023\/wp-json\/wp\/v2\/pages\/18","targetHints":{"allow":["GET"]}}],"collection":[{"href":"https:\/\/wp.ufpel.edu.br\/escravidaoeliberdade2023\/wp-json\/wp\/v2\/pages"}],"about":[{"href":"https:\/\/wp.ufpel.edu.br\/escravidaoeliberdade2023\/wp-json\/wp\/v2\/types\/page"}],"author":[{"embeddable":true,"href":"https:\/\/wp.ufpel.edu.br\/escravidaoeliberdade2023\/wp-json\/wp\/v2\/users\/1007"}],"replies":[{"embeddable":true,"href":"https:\/\/wp.ufpel.edu.br\/escravidaoeliberdade2023\/wp-json\/wp\/v2\/comments?post=18"}],"version-history":[{"count":11,"href":"https:\/\/wp.ufpel.edu.br\/escravidaoeliberdade2023\/wp-json\/wp\/v2\/pages\/18\/revisions"}],"predecessor-version":[{"id":200,"href":"https:\/\/wp.ufpel.edu.br\/escravidaoeliberdade2023\/wp-json\/wp\/v2\/pages\/18\/revisions\/200"}],"wp:attachment":[{"href":"https:\/\/wp.ufpel.edu.br\/escravidaoeliberdade2023\/wp-json\/wp\/v2\/media?parent=18"}],"curies":[{"name":"wp","href":"https:\/\/api.w.org\/{rel}","templated":true}]}}