{"id":60,"date":"2009-12-03T15:32:04","date_gmt":"2009-12-03T17:32:04","guid":{"rendered":"https:\/\/wp.ufpel.edu.br\/esa\/?page_id=60"},"modified":"2013-03-23T14:05:09","modified_gmt":"2013-03-23T17:05:09","slug":"semana-academica-arquivos","status":"publish","type":"page","link":"https:\/\/wp.ufpel.edu.br\/esa\/eventos\/1-semana-academica\/semana-academica-arquivos\/","title":{"rendered":"Arquivos para Download"},"content":{"rendered":"<p><strong>Palestra: <\/strong>O engenheiro Ambiental: Atribui\u00e7\u00f5es e atua\u00e7\u00e3o no mercado de trabalho.<\/p>\n<p><em>ABES (Associa\u00e7\u00e3o de Eng. Sanit\u00e1rios e Ambientais)<\/em><\/p>\n<p><a href=\"www.ufpel.tche.br\/palestras\/atuacaodoengenheiro.pdf\"><span style=\"color: #ff0000\"><strong><strong> <\/strong><\/strong><\/span><\/a><strong><strong><a href=\"https:\/\/wp.ufpel.edu.br\/esa\/files\/2009\/12\/O-engenheiro-ambiental-atribui\u00e7\u00f5ese-a-tua\u00e7\u00e3o-no-mercado-de-trabalho.pdf\">Download da Palestra<\/a><\/strong><\/strong><em> <\/em><\/p>\n<p><em><span style=\"color: #999999\">_________________________________________________________________<\/span><\/em><\/p>\n<p><em><span style=\"color: #999999\"> <\/span><\/em><strong>Paletra: <\/strong>Sistema Integrado de Gest\u00e3o Ambiental: Caso do Rio Grande do Sul<em><br \/>\n<\/em><\/p>\n<p><em>Dra. Sandra Barbosa (FEPAM)<\/em><\/p>\n<p><a href=\"www.ufpel.tche.br\/palestras\/siga.pdf\"><strong><span style=\"color: #ff0000\"><strong> <\/strong><\/span><\/strong><\/a><strong><strong><a href=\"https:\/\/wp.ufpel.edu.br\/esa\/files\/2009\/12\/SIGA-sandra-barbosa-FEPAM.pdf\">Download da Palestra<\/a><\/strong><\/strong><\/p>\n<p><em><span style=\"color: #999999\">_________________________________________________________________<\/span><\/em><\/p>\n<p><strong> <\/strong><strong>Palestra: <\/strong>O uso da Ferramenta SIG para o planejamento e gest\u00e3o dos recursos naturais.<\/p>\n<p><em>Dr. Jos\u00e9 Maria F. Alba (Embrapa)<\/em><\/p>\n<p><span style=\"color: #ff0000\"><strong><a href=\"https:\/\/wp.ufpel.edu.br\/esa\/files\/2009\/12\/SIG-Filipinni.pdf\">Download da Palestra<\/a><\/strong><\/span><\/p>\n<p><em><span style=\"color: #999999\">_________________________________________________________________<\/span><\/em><\/p>\n<p><strong>Palestra:<\/strong> Gerenciamento Ambiental de Sistemas Costeiros<\/p>\n<p><em>Dr. Milton Asmus<\/em><\/p>\n<p><strong><span style=\"color: #ff0000\"> <\/span><a href=\"https:\/\/wp.ufpel.edu.br\/esa\/files\/2009\/12\/Zona-Costeira-de-Rio-Grande-Milton-Asmus.pdf\">Download da Palestra<\/a><\/strong><em><br \/>\n<\/em><\/p>\n<p style=\"text-align: center\">\n<div style=\"overflow: hidden;width: 1px;height: 1px\"><em><span style=\"color: #999999\">_________________________________________________________________<\/span><\/em><\/div>\n","protected":false},"excerpt":{"rendered":"<p>Palestra: O engenheiro Ambiental: Atribui\u00e7\u00f5es e atua\u00e7\u00e3o no mercado de trabalho. ABES (Associa\u00e7\u00e3o de Eng. Sanit\u00e1rios e Ambientais) Download da Palestra _________________________________________________________________ Paletra: Sistema Integrado de Gest\u00e3o Ambiental: Caso do Rio Grande do Sul Dra. Sandra Barbosa (FEPAM) Download da Palestra _________________________________________________________________ Palestra: O uso da Ferramenta SIG para o planejamento e gest\u00e3o dos recursos [&hellip;]<\/p>\n","protected":false},"author":36,"featured_media":0,"parent":651,"menu_order":3,"comment_status":"closed","ping_status":"closed","template":"","meta":{"footnotes":""},"class_list":["post-60","page","type-page","status-publish","hentry"],"_links":{"self":[{"href":"https:\/\/wp.ufpel.edu.br\/esa\/wp-json\/wp\/v2\/pages\/60","targetHints":{"allow":["GET"]}}],"collection":[{"href":"https:\/\/wp.ufpel.edu.br\/esa\/wp-json\/wp\/v2\/pages"}],"about":[{"href":"https:\/\/wp.ufpel.edu.br\/esa\/wp-json\/wp\/v2\/types\/page"}],"author":[{"embeddable":true,"href":"https:\/\/wp.ufpel.edu.br\/esa\/wp-json\/wp\/v2\/users\/36"}],"replies":[{"embeddable":true,"href":"https:\/\/wp.ufpel.edu.br\/esa\/wp-json\/wp\/v2\/comments?post=60"}],"version-history":[{"count":27,"href":"https:\/\/wp.ufpel.edu.br\/esa\/wp-json\/wp\/v2\/pages\/60\/revisions"}],"predecessor-version":[{"id":70,"href":"https:\/\/wp.ufpel.edu.br\/esa\/wp-json\/wp\/v2\/pages\/60\/revisions\/70"}],"up":[{"embeddable":true,"href":"https:\/\/wp.ufpel.edu.br\/esa\/wp-json\/wp\/v2\/pages\/651"}],"wp:attachment":[{"href":"https:\/\/wp.ufpel.edu.br\/esa\/wp-json\/wp\/v2\/media?parent=60"}],"curies":[{"name":"wp","href":"https:\/\/api.w.org\/{rel}","templated":true}]}}