{"id":5660,"date":"2018-08-24T12:49:04","date_gmt":"2018-08-24T15:49:04","guid":{"rendered":"https:\/\/wp.ufpel.edu.br\/esa\/?page_id=5660"},"modified":"2019-04-22T13:15:41","modified_gmt":"2019-04-22T16:15:41","slug":"tcc-2017-02","status":"publish","type":"page","link":"https:\/\/wp.ufpel.edu.br\/esa\/tcc-2017-02\/","title":{"rendered":"TCC 2017\/2"},"content":{"rendered":"<p style=\"text-align: justify\">1- NOME:<strong> Ana Lu\u00edsa Lopes da Cunha Ferr\u00e3o<\/strong>\u2013 T\u00cdTULO:\u00a0<b>An\u00e1lise\u00a0da \u00c1gua de uma Institui\u00e7\u00e3o de Ensino Superior Abastecida pela ETA Santa B\u00e1rbara &#8211; N\u00e3o autorizado pela aluna.<\/b><\/p>\n<p style=\"text-align: justify\">2- NOME:<strong>\u00a0Arthur Perruzo<\/strong>\u00a0\u2013 T\u00cdTULO:\u00a0<strong>Proposta metodol\u00f3gica para simula\u00e7\u00e3o de inunda\u00e7\u00f5es na Bacia do Santa B\u00e1rbara &#8211;\u00a0<a href=\"https:\/\/wp.ufpel.edu.br\/esa\/files\/2018\/04\/TCC-Arthur-Peruzzo.pdf\">TCC-Arthur Peruzzo<\/a><\/strong><\/p>\n<p style=\"text-align: justify\">3- NOME:<strong>\u00a0Josiane Pinheiro Farias<\/strong>\u00a0\u2013 T\u00cdTULO:<strong>\u00a0Uso de cinza de casca de arroz ativada como meio adsorvente para o processo de p\u00f3s-tratamento de lixiviado de aterro sanit\u00e1rio &#8211;\u00a0<a href=\"https:\/\/wp.ufpel.edu.br\/esa\/files\/2018\/09\/tcc-josiane.pdf\">TCC &#8211; Josiane Farias<\/a><\/strong><\/p>\n<p style=\"text-align: justify\">4- NOME:<strong>\u00a0Mayara Zanchin<\/strong>\u00a0\u2013 T\u00cdTULO:<strong>\u00a0An\u00e1lise do Potencial de Perda de Solo atrav\u00e9s de T\u00e9cnicas de Geoprocessamento no Munic\u00edpio de S\u00e3o Louren\u00e7o do Sul\/RS &#8211;\u00a0<a href=\"https:\/\/wp.ufpel.edu.br\/esa\/files\/2018\/04\/TCC_Final.pdf\">TCC &#8211; Mayara Zanchin<\/a><\/strong><\/p>\n<p style=\"text-align: justify\">5- NOME:<strong>\u00a0Mariana Pereira<\/strong>\u00a0\u2013 T\u00cdTULO:<strong> An\u00e1lise quali-quantitativa de esp\u00e9cies vegetais nativas para uso em \u00e1rea de prote\u00e7\u00e3o permanente, no munic\u00edpio de S\u00e3o Louren\u00e7o do Sul\/RS &#8211;\u00a0<a href=\"https:\/\/wp.ufpel.edu.br\/esa\/files\/2018\/04\/TCC-Mariana-Fernandes-Pereira.pdf\">TCC &#8211; Mariana Pereira<\/a><\/strong><\/p>\n<p style=\"text-align: justify\">6- NOME:<strong> Rodolfo Majer Caringi<\/strong>\u00a0&#8211;\u00a0 T\u00cdTULO:\u00a0<strong>Estimativa de perda anual de solo distribu\u00edda na bacia hidrogr\u00e1fica da barragem Santa B\u00e1rbara &#8211;\u00a0<a href=\"https:\/\/wp.ufpel.edu.br\/esa\/files\/2018\/09\/TCC-Eng.-Ambiental-e-Sanit\u00e1ria-Rodolfo-Majer.pdf\">TCC &#8211; Rodolfo Majer<\/a><\/strong><\/p>\n<p style=\"text-align: justify\">7- NOME:<strong>\u00a0Vitor Alves Louren\u00e7o<\/strong>\u00a0\u2013 T\u00cdTULO:<strong> Produ\u00e7\u00e3o de biog\u00e1s via co-digest\u00e3o anaer\u00f3bia de efluente da parboiliza\u00e7\u00e3o do arroz e res\u00edduos s\u00f3lidos org\u00e2nicos &#8211; N\u00e3o autorizado pelo Aluno.<br \/>\n<\/strong><\/p>\n<p>&nbsp;<\/p>\n","protected":false},"excerpt":{"rendered":"<p>1- NOME: Ana Lu\u00edsa Lopes da Cunha Ferr\u00e3o\u2013 T\u00cdTULO:\u00a0An\u00e1lise\u00a0da \u00c1gua de uma Institui\u00e7\u00e3o de Ensino Superior Abastecida pela ETA Santa B\u00e1rbara &#8211; N\u00e3o autorizado pela aluna. 2- NOME:\u00a0Arthur Perruzo\u00a0\u2013 T\u00cdTULO:\u00a0Proposta metodol\u00f3gica para simula\u00e7\u00e3o de inunda\u00e7\u00f5es na Bacia do Santa B\u00e1rbara &#8211;\u00a0TCC-Arthur Peruzzo 3- NOME:\u00a0Josiane Pinheiro Farias\u00a0\u2013 T\u00cdTULO:\u00a0Uso de cinza de casca de arroz ativada como [&hellip;]<\/p>\n","protected":false},"author":36,"featured_media":0,"parent":0,"menu_order":0,"comment_status":"closed","ping_status":"closed","template":"","meta":{"footnotes":""},"class_list":["post-5660","page","type-page","status-publish","hentry"],"_links":{"self":[{"href":"https:\/\/wp.ufpel.edu.br\/esa\/wp-json\/wp\/v2\/pages\/5660","targetHints":{"allow":["GET"]}}],"collection":[{"href":"https:\/\/wp.ufpel.edu.br\/esa\/wp-json\/wp\/v2\/pages"}],"about":[{"href":"https:\/\/wp.ufpel.edu.br\/esa\/wp-json\/wp\/v2\/types\/page"}],"author":[{"embeddable":true,"href":"https:\/\/wp.ufpel.edu.br\/esa\/wp-json\/wp\/v2\/users\/36"}],"replies":[{"embeddable":true,"href":"https:\/\/wp.ufpel.edu.br\/esa\/wp-json\/wp\/v2\/comments?post=5660"}],"version-history":[{"count":15,"href":"https:\/\/wp.ufpel.edu.br\/esa\/wp-json\/wp\/v2\/pages\/5660\/revisions"}],"predecessor-version":[{"id":5945,"href":"https:\/\/wp.ufpel.edu.br\/esa\/wp-json\/wp\/v2\/pages\/5660\/revisions\/5945"}],"wp:attachment":[{"href":"https:\/\/wp.ufpel.edu.br\/esa\/wp-json\/wp\/v2\/media?parent=5660"}],"curies":[{"name":"wp","href":"https:\/\/api.w.org\/{rel}","templated":true}]}}