{"id":4552,"date":"2015-12-01T09:22:14","date_gmt":"2015-12-01T11:22:14","guid":{"rendered":"https:\/\/wp.ufpel.edu.br\/esa\/?page_id=4552"},"modified":"2018-12-07T11:37:19","modified_gmt":"2018-12-07T13:37:19","slug":"tcc-201402","status":"publish","type":"page","link":"https:\/\/wp.ufpel.edu.br\/esa\/tc\/tcc-201402\/","title":{"rendered":"TCC 2015\/1"},"content":{"rendered":"<p>1-NOME:<strong> Carina Bork<\/strong>\u00a0\u2013 T\u00cdTULO:<strong>\u00a0Proje\u00e7\u00f5es de Temperatura e Precipita\u00e7\u00e3o para Detec\u00e7\u00e3o de Mudan\u00e7as Clim\u00e1ticas na Bacia do Rio Taquari-Antas, RS &#8211;\u00a0<a href=\"https:\/\/wp.ufpel.edu.br\/esa\/tc\/tcc-201402\/tcc-carina-bork\/\" rel=\"attachment wp-att-4557\">TCC &#8211; Carina Bork<\/a><\/strong><\/p>\n<p>2-NOME: <strong>Gustavo Bracher<\/strong> &#8211;\u00a0T\u00cdTULO:\u00a0<strong>Avalia\u00e7\u00e3o do Potencial de Aplica\u00e7\u00e3o de Aphanothece Microscopica N\u00e4geli no Tratamento do Efluente de Curtume &#8211;\u00a0<a href=\"https:\/\/wp.ufpel.edu.br\/esa\/tc\/tcc-201402\/tcc-gustavo-bracher\/\" rel=\"attachment wp-att-4558\">TCC &#8211; Gustavo Bracher<\/a><\/strong><\/p>\n<p>3-NOME: <strong>Gustavo Colares<\/strong>\u00a0&#8211;\u00a0T\u00cdTULO:\u00a0<strong>Avalia\u00e7\u00e3o do Programa de Coleta Seletiva de Res\u00edduos S\u00f3lidos Urbanos do Munic\u00edpio de Pelotas\/RS &#8211;\u00a0<a href=\"https:\/\/wp.ufpel.edu.br\/esa\/tc\/tcc-201402\/tcc-gustavo-colares\/\" rel=\"attachment wp-att-4560\">TCC &#8211; Gustavo Colares<\/a><\/strong><\/p>\n<p>4-NOME: <strong>K\u00e1ssia Bazzo<\/strong>\u00a0&#8211;\u00a0T\u00cdTULO:\u00a0<strong>Regionaliza\u00e7\u00e3o de Vaz\u00f5es de Perman\u00eancia para Bacias Hidrogr\u00e1ficas do Estado do Rio Grande do Sul<\/strong> &#8211;\u00a0<strong><a href=\"https:\/\/wp.ufpel.edu.br\/esa\/tc\/tcc-201402\/tcc-kassia-bazzo\/\" rel=\"attachment wp-att-4563\">TCC &#8211; Kassia Bazzo<\/a><\/strong><\/p>\n<p>5-NOME: <strong>K\u00e1ren Bes<\/strong>\u00a0&#8211;\u00a0T\u00cdTULO:\u00a0<strong>Extra\u00e7\u00e3o e Caracteriza\u00e7\u00e3o da lignina Proveniente da Produ\u00e7\u00e3o de Etanol de 2a Gera\u00e7\u00e3o a partir de Arundo e Arroz<\/strong> &#8211; N\u00e3o autorizado pelo Aluno.<\/p>\n<p>6-NOME: <b>Mauricio Dalto\u00e9<\/b>\u00a0&#8211;\u00a0T\u00cdTULO:\u00a0<strong>An\u00e1lise Qualitativa de Res\u00edduos S\u00f3lidos Presentes nas Redes de Micro e Macrodrenagem na Cidade de Pelotas-RS<\/strong> &#8211;\u00a0<strong><a href=\"https:\/\/wp.ufpel.edu.br\/esa\/tc\/tcc-201402\/tcc-mauricio-daltoe\/\" rel=\"attachment wp-att-4565\">TCC &#8211; Mauricio Daltoe<\/a><\/strong><\/p>\n<p>7-NOME: <b>Renata Cezimbra<\/b>\u00a0&#8211;\u00a0T\u00cdTULO:\u00a0<strong>Estudo de Efluentes Hospitalares: Caso Hospital Santa Casa de Miseric\u00f3rdia de S\u00e3o Louren\u00e7o do Sul &#8211;\u00a0<a href=\"https:\/\/wp.ufpel.edu.br\/esa\/tc\/tcc-201402\/tcc-renata-cezimbra\/\" rel=\"attachment wp-att-4567\">TCC &#8211; Renata Cezimbra<\/a><\/strong><\/p>\n<p>8-NOME: <b>Vitoria Azevedo<\/b>\u00a0&#8211;\u00a0T\u00cdTULO:<strong>\u00a0Caracteriza\u00e7\u00e3o e Rendimento de Hidr\u00f3lise e Fermenta\u00e7\u00e3o de Biomassa de Arundo, Palha e Casca de Arroz &#8211;\u00a0<a href=\"https:\/\/wp.ufpel.edu.br\/esa\/tc\/tcc-201402\/tcc-vitoria-azevedo\/\" rel=\"attachment wp-att-4569\">TCC &#8211; Vit\u00f3ria Azevedo<\/a><\/strong><\/p>\n<p>&nbsp;<\/p>\n<p>&nbsp;<\/p>\n","protected":false},"excerpt":{"rendered":"<p>1-NOME: Carina Bork\u00a0\u2013 T\u00cdTULO:\u00a0Proje\u00e7\u00f5es de Temperatura e Precipita\u00e7\u00e3o para Detec\u00e7\u00e3o de Mudan\u00e7as Clim\u00e1ticas na Bacia do Rio Taquari-Antas, RS &#8211;\u00a0TCC &#8211; Carina Bork 2-NOME: Gustavo Bracher &#8211;\u00a0T\u00cdTULO:\u00a0Avalia\u00e7\u00e3o do Potencial de Aplica\u00e7\u00e3o de Aphanothece Microscopica N\u00e4geli no Tratamento do Efluente de Curtume &#8211;\u00a0TCC &#8211; Gustavo Bracher 3-NOME: Gustavo Colares\u00a0&#8211;\u00a0T\u00cdTULO:\u00a0Avalia\u00e7\u00e3o do Programa de Coleta Seletiva de Res\u00edduos [&hellip;]<\/p>\n","protected":false},"author":36,"featured_media":0,"parent":29,"menu_order":3,"comment_status":"closed","ping_status":"closed","template":"","meta":{"footnotes":""},"class_list":["post-4552","page","type-page","status-publish","hentry"],"_links":{"self":[{"href":"https:\/\/wp.ufpel.edu.br\/esa\/wp-json\/wp\/v2\/pages\/4552","targetHints":{"allow":["GET"]}}],"collection":[{"href":"https:\/\/wp.ufpel.edu.br\/esa\/wp-json\/wp\/v2\/pages"}],"about":[{"href":"https:\/\/wp.ufpel.edu.br\/esa\/wp-json\/wp\/v2\/types\/page"}],"author":[{"embeddable":true,"href":"https:\/\/wp.ufpel.edu.br\/esa\/wp-json\/wp\/v2\/users\/36"}],"replies":[{"embeddable":true,"href":"https:\/\/wp.ufpel.edu.br\/esa\/wp-json\/wp\/v2\/comments?post=4552"}],"version-history":[{"count":14,"href":"https:\/\/wp.ufpel.edu.br\/esa\/wp-json\/wp\/v2\/pages\/4552\/revisions"}],"predecessor-version":[{"id":5907,"href":"https:\/\/wp.ufpel.edu.br\/esa\/wp-json\/wp\/v2\/pages\/4552\/revisions\/5907"}],"up":[{"embeddable":true,"href":"https:\/\/wp.ufpel.edu.br\/esa\/wp-json\/wp\/v2\/pages\/29"}],"wp:attachment":[{"href":"https:\/\/wp.ufpel.edu.br\/esa\/wp-json\/wp\/v2\/media?parent=4552"}],"curies":[{"name":"wp","href":"https:\/\/api.w.org\/{rel}","templated":true}]}}