{"id":3060,"date":"2013-08-01T12:18:54","date_gmt":"2013-08-01T15:18:54","guid":{"rendered":"https:\/\/wp.ufpel.edu.br\/esa\/?page_id=3060"},"modified":"2025-09-24T12:04:00","modified_gmt":"2025-09-24T15:04:00","slug":"curepr","status":"publish","type":"page","link":"https:\/\/wp.ufpel.edu.br\/esa\/curso\/curepr\/","title":{"rendered":"Curso e Profiss\u00e3o"},"content":{"rendered":"<p style=\"text-align: justify\"><span style=\"font-size: medium\"> <strong><span style=\"text-decoration: underline\">O que \u00e9 Engenharia Ambiental e Sanit\u00e1ria?<\/span><\/strong><\/span><\/p>\n<p style=\"text-align: justify\"><span style=\"font-size: medium\">\u00c9 a profiss\u00e3o respons\u00e1vel pelo desenvolvimento econ\u00f4mico sustent\u00e1vel, que respeita os limites dos recursos naturais, monitorando projetos e sistemas de \u00e1gua, esgoto e res\u00edduos s\u00f3lidos. O engenheiro que atua nessa \u00e1rea desenvolve e aplica tecnologias para proteger o ambiente dos danos causados pelas atividades humanas, preservando a qualidade da \u00e1gua, do ar e do solo.<\/span><\/p>\n<p style=\"text-align: justify\"><span style=\"text-decoration: underline\"><strong>Objetivos do curso:<\/strong><\/span><\/p>\n<ul>\n<li>Capacitar o profissional dando uma vis\u00e3o ampla e multidisciplinar das quest\u00f5es de saneamento b\u00e1sico, energ\u00e9ticas e de projetos de sistemas saneamento;<\/li>\n<li style=\"text-align: justify\">Monitorar e controlar a qualidade, os impactos, e a recupera\u00e7\u00e3o ambiental e sanit\u00e1ria;<\/li>\n<li style=\"text-align: justify\">Prevenir a polui\u00e7\u00e3o causada por ind\u00fastrias;<\/li>\n<li style=\"text-align: justify\">Controlar, prevenir e tratar a polui\u00e7\u00e3o atmosf\u00e9rica;<\/li>\n<li style=\"text-align: justify\">Monitorar o ambiente marinho e costeiro, atuando na preven\u00e7\u00e3o e no controle de eros\u00f5es em praias;<\/li>\n<li style=\"text-align: justify\">Atuar no saneamento b\u00e1sico e ambiental;<\/li>\n<li style=\"text-align: justify\">Atuar nos processos de saneamento, gera\u00e7\u00e3o e produ\u00e7\u00e3o de energia a partir de fontes renov\u00e1veis;<\/li>\n<li style=\"text-align: justify\">Articular os conhecimentos adquiridos com as realidades locais e regionais, contribuindo com o desenvolvimento regional sustent\u00e1vel.<\/li>\n<\/ul>\n<div style=\"text-align: justify\"><span style=\"text-decoration: underline\"><strong>O curso:<\/strong><\/span><\/div>\n<div>\n<div style=\"text-align: justify\">O curr\u00edculo \u00e9 multidisciplinar e engloba mat\u00e9rias das ci\u00eancias exatas, biol\u00f3gicas e sociais aplicadas. Assim, as aulas de matem\u00e1tica, f\u00edsica, qu\u00edmica e estat\u00edstica alternam-se com as de ecologia, geologia, hidrologia, topografia e hidr\u00e1ulica.<\/div>\n<p style=\"text-align: justify\">Os alunos estudam conte\u00fados profissionalizantes, que incluem o tratamento de res\u00edduos, o c\u00e1lculo de emiss\u00f5es na atmosfera, recursos h\u00eddricos, avalia\u00e7\u00e3o de impactos ambientais, entre outros.<\/p>\n<div style=\"text-align: justify\">A realiza\u00e7\u00e3o de est\u00e1gio \u00e9 obrigat\u00f3ria, assim como a apresenta\u00e7\u00e3o de um trabalho de conclus\u00e3o de curso.<\/div>\n<div><\/div>\n<div style=\"text-align: justify\"><span style=\"text-decoration: underline\"><strong>Dura\u00e7\u00e3o:<\/strong><\/span> 5 (cinco) anos.<\/div>\n<div style=\"text-align: justify\"><span style=\"text-decoration: underline\"><strong>Titula\u00e7\u00e3o:<\/strong><\/span> Engenheiro \u00a0Sanitarista e Ambiental.<\/div>\n<div style=\"text-align: justify\"><span style=\"text-decoration: underline\"><strong>Modalidade: <\/strong><\/span>Presencial.<\/div>\n<div style=\"text-align: justify\">\n<div><span style=\"text-decoration: underline\"><strong>Carga Hor\u00e1ria Total:<\/strong><\/span> 3900 horas<\/div>\n<div><span style=\"text-decoration: underline\"><strong>Turno:<\/strong><\/span> Integral.<\/div>\n<div><span style=\"text-decoration: underline\"><strong>N\u00famero de Vagas Oferecidas: <\/strong><\/span>40 (quarenta) no ENEM e 4 (quatro) no SISU.<\/div>\n<div><span style=\"text-decoration: underline\"><strong>Regime Acad\u00eamico:<\/strong><\/span> Semestral.<\/div>\n<div><span style=\"text-decoration: underline\"><strong>Unidade Acad\u00eamica:<\/strong><\/span> Centro de Engenharias.<\/div>\n<\/div>\n<\/div>\n<div><\/div>\n<div><\/div>\n<div>\n<div style=\"text-align: justify\">Coordenadora: TIRZAH MOREIRA SIQUEIRA<\/div>\n<div style=\"text-align: justify\">Coordenadora-Adjunta: CLAUDIA FERNANDA LEMONS E SILVA<\/div>\n<\/div>\n","protected":false},"excerpt":{"rendered":"<p>O que \u00e9 Engenharia Ambiental e Sanit\u00e1ria? \u00c9 a profiss\u00e3o respons\u00e1vel pelo desenvolvimento econ\u00f4mico sustent\u00e1vel, que respeita os limites dos recursos naturais, monitorando projetos e sistemas de \u00e1gua, esgoto e res\u00edduos s\u00f3lidos. O engenheiro que atua nessa \u00e1rea desenvolve e aplica tecnologias para proteger o ambiente dos danos causados pelas atividades humanas, preservando a qualidade [&hellip;]<\/p>\n","protected":false},"author":36,"featured_media":0,"parent":2,"menu_order":1,"comment_status":"closed","ping_status":"closed","template":"","meta":{"footnotes":""},"class_list":["post-3060","page","type-page","status-publish","hentry"],"_links":{"self":[{"href":"https:\/\/wp.ufpel.edu.br\/esa\/wp-json\/wp\/v2\/pages\/3060","targetHints":{"allow":["GET"]}}],"collection":[{"href":"https:\/\/wp.ufpel.edu.br\/esa\/wp-json\/wp\/v2\/pages"}],"about":[{"href":"https:\/\/wp.ufpel.edu.br\/esa\/wp-json\/wp\/v2\/types\/page"}],"author":[{"embeddable":true,"href":"https:\/\/wp.ufpel.edu.br\/esa\/wp-json\/wp\/v2\/users\/36"}],"replies":[{"embeddable":true,"href":"https:\/\/wp.ufpel.edu.br\/esa\/wp-json\/wp\/v2\/comments?post=3060"}],"version-history":[{"count":3,"href":"https:\/\/wp.ufpel.edu.br\/esa\/wp-json\/wp\/v2\/pages\/3060\/revisions"}],"predecessor-version":[{"id":7793,"href":"https:\/\/wp.ufpel.edu.br\/esa\/wp-json\/wp\/v2\/pages\/3060\/revisions\/7793"}],"up":[{"embeddable":true,"href":"https:\/\/wp.ufpel.edu.br\/esa\/wp-json\/wp\/v2\/pages\/2"}],"wp:attachment":[{"href":"https:\/\/wp.ufpel.edu.br\/esa\/wp-json\/wp\/v2\/media?parent=3060"}],"curies":[{"name":"wp","href":"https:\/\/api.w.org\/{rel}","templated":true}]}}