{"id":8,"date":"2012-02-27T11:29:03","date_gmt":"2012-02-27T14:29:03","guid":{"rendered":"https:\/\/wp.ufpel.edu.br\/eruab\/"},"modified":"2012-03-27T10:32:33","modified_gmt":"2012-03-27T13:32:33","slug":"inicio","status":"publish","type":"page","link":"https:\/\/wp.ufpel.edu.br\/eruab\/","title":{"rendered":"Apresenta\u00e7\u00e3o"},"content":{"rendered":"<div align=\"justify\">\n<p dir=\"ltr\">O I Encontro Regional da UAB\/UFPel,  \u00e9 um espa\u00e7o pautado pelo di\u00e1logo entre a universidade e os demais  atores envolvidos no acordo de coopera\u00e7\u00e3o firmado entre a UAB\/UFPel e  seus p\u00f3los municipais \u00a0em prol da qualifica\u00e7\u00e3o dos processos educativos  desenvolvidos pelas a\u00e7\u00f5es de seus acad\u00eamicos e docentes em conjunto com  as redes p\u00fablicas de ensino das regi\u00f5es atendidas.<\/p>\n<p dir=\"ltr\"><strong>Objetivos:<\/strong><\/p>\n<p dir=\"ltr\">Qualificar a forma\u00e7\u00e3o inicial e continuada de professores a partir da integra\u00e7\u00e3o entre universidade e munic\u00edpios.<br \/>\nOportunizar aos gestores e aos coordenadores regionais o conhecimento das propostas dos cursos EAD da UFPel.<br \/>\nFortalecer as parcerias e examinar as possibilidade de novos projetos educativos.<\/p>\n<p dir=\"ltr\"><strong>P\u00fablico alvo:<\/strong><\/p>\n<p dir=\"ltr\">Professores, dirigentes municipais e Coordenadores Regionais de Educa\u00e7\u00e3o parceiros da Universidade.<\/p>\n<\/div>\n","protected":false},"excerpt":{"rendered":"<p>O I Encontro Regional da UAB\/UFPel, \u00e9 um espa\u00e7o pautado pelo di\u00e1logo entre a universidade e os demais atores envolvidos no acordo de coopera\u00e7\u00e3o firmado entre a UAB\/UFPel e seus p\u00f3los municipais \u00a0em prol da qualifica\u00e7\u00e3o dos processos educativos desenvolvidos &hellip; <a href=\"https:\/\/wp.ufpel.edu.br\/eruab\/\">Continue lendo <span class=\"meta-nav\">&rarr;<\/span><\/a><\/p>\n","protected":false},"author":165,"featured_media":0,"parent":0,"menu_order":0,"comment_status":"closed","ping_status":"closed","template":"","meta":{"footnotes":""},"class_list":["post-8","page","type-page","status-publish","hentry"],"_links":{"self":[{"href":"https:\/\/wp.ufpel.edu.br\/eruab\/wp-json\/wp\/v2\/pages\/8","targetHints":{"allow":["GET"]}}],"collection":[{"href":"https:\/\/wp.ufpel.edu.br\/eruab\/wp-json\/wp\/v2\/pages"}],"about":[{"href":"https:\/\/wp.ufpel.edu.br\/eruab\/wp-json\/wp\/v2\/types\/page"}],"author":[{"embeddable":true,"href":"https:\/\/wp.ufpel.edu.br\/eruab\/wp-json\/wp\/v2\/users\/165"}],"replies":[{"embeddable":true,"href":"https:\/\/wp.ufpel.edu.br\/eruab\/wp-json\/wp\/v2\/comments?post=8"}],"version-history":[{"count":16,"href":"https:\/\/wp.ufpel.edu.br\/eruab\/wp-json\/wp\/v2\/pages\/8\/revisions"}],"predecessor-version":[{"id":54,"href":"https:\/\/wp.ufpel.edu.br\/eruab\/wp-json\/wp\/v2\/pages\/8\/revisions\/54"}],"wp:attachment":[{"href":"https:\/\/wp.ufpel.edu.br\/eruab\/wp-json\/wp\/v2\/media?parent=8"}],"curies":[{"name":"wp","href":"https:\/\/api.w.org\/{rel}","templated":true}]}}

Apresentação

<div align="justify">
<p dir="ltr">O I Encontro Regional da UAB/UFPel,  é um espaço pautado pelo diálogo entre a universidade e os demais  atores envolvidos no acordo de cooperação firmado entre a UAB/UFPel e  seus pólos municipais  em prol da qualificação dos processos educativos  desenvolvidos pelas ações de seus acadêmicos e docentes em conjunto com  as redes públicas de ensino das regiões atendidas.</p>
<p dir="ltr"><strong>Objetivos:</strong></p>
<p dir="ltr">Qualificar a formação inicial e continuada de professores a partir da integração entre universidade e municípios.<br />
Oportunizar aos gestores e aos coordenadores regionais o conhecimento das propostas dos cursos EAD da UFPel.<br />
Fortalecer as parcerias e examinar as possibilidade de novos projetos educativos.</p>
<p dir="ltr"><strong>Público alvo:</strong></p>
<p dir="ltr">Professores, dirigentes municipais e Coordenadores Regionais de Educação parceiros da Universidade.</p>
</div>

<p>O I Encontro Regional da UAB/UFPel, é um espaço pautado pelo diálogo entre a universidade e os demais atores envolvidos no acordo de cooperação firmado entre a UAB/UFPel e seus pólos municipais  em prol da qualificação dos processos educativos desenvolvidos &hellip; <a href="https://wp.ufpel.edu.br/eruab/">Continue lendo <span class="meta-nav">&rarr;</span></a></p>
