{"id":32,"date":"2012-03-01T10:03:38","date_gmt":"2012-03-01T13:03:38","guid":{"rendered":"https:\/\/wp.ufpel.edu.br\/eruab\/"},"modified":"2012-03-14T16:10:07","modified_gmt":"2012-03-14T19:10:07","slug":"pelotas","status":"publish","type":"page","link":"https:\/\/wp.ufpel.edu.br\/eruab\/pelotas\/","title":{"rendered":"Pelotas"},"content":{"rendered":"<div align=\"justify\">\nPelotas \u00e9 uma cidade hist\u00f3rica, que vive e orgulha-se de sua cultura.<\/p>\n<p>Uma cidade com os olhos no futuro e os p\u00e9s sentindo as ra\u00edzes de seu povo.<\/p>\n<p>No site <a href=\"www.pelotasturismo.com.br\">www.pelotasturismo.com.br<\/a> voc\u00ea pode encontrar maiores informa\u00e7\u00f5es sobre de que forma pode desfrutar de sua estadia em nosso Munic\u00edpio, bem como endere\u00e7os de hot\u00e9is, sugest\u00f5es gastron\u00f4micas e atra\u00e7\u00f5es tur\u00edsticas.<\/p>\n<p><a href=\"http:\/\/vimeo.com\/vladibvargas\/pelotas200anos\">http:\/\/vimeo.com\/vladibvargas\/pelotas200anos<\/a><\/p>\n<p>Se voc\u00ea quiser conhecer um pouco mais de nossa cidade, pode visitar os seguintes s\u00edtios:<\/p>\n<p><a href=\"http:\/\/www.pelotas.rs.gov.br\/\">http:\/\/www.pelotas.rs.gov.br\/<\/a><br \/>\n<a href=\"http:\/\/viagem.uol.com.br\/album\/rota_das_charqueadas_album.jhtm?abrefoto=27\">http:\/\/viagem.uol.com.br\/album\/rota_das_charqueadas_album.jhtm?abrefoto=27<\/a><br \/>\n<a href=\"http:\/\/pelotas.ufpel.edu.br\/\">http:\/\/pelotas.ufpel.edu.br\/<\/a><br \/>\n<a href=\"http:\/\/www.pelotasconvention.com.br\/\">http:\/\/www.pelotasconvention.com.br\/<\/a><\/p>\n<p><a href=\"https:\/\/www.google.com.br\/webhp?sourceid=chrome-instant&amp;ie=UTF-8&amp;ion=1#hl=pt-BR&amp;output=search&amp;sclient=psy-ab&amp;q=hoteis%20em%20pelotas&amp;oq=&amp;aq=&amp;aqi=&amp;aql=&amp;gs_sm=&amp;gs_upl=&amp;gs_l=&amp;pbx=1&amp;fp=57135075fd02c656&amp;ion=1&amp;bav=on.2,or.r_gc.r_pw.r_cp.r_qf.,cf.osb&amp;biw=1366&amp;bih=611\">Onde se hospedar em Pelotas<\/a><\/p>\n<\/div>\n","protected":false},"excerpt":{"rendered":"<p>Pelotas \u00e9 uma cidade hist\u00f3rica, que vive e orgulha-se de sua cultura. Uma cidade com os olhos no futuro e os p\u00e9s sentindo as ra\u00edzes de seu povo. No site www.pelotasturismo.com.br voc\u00ea pode encontrar maiores informa\u00e7\u00f5es sobre de que forma &hellip; <a href=\"https:\/\/wp.ufpel.edu.br\/eruab\/pelotas\/\">Continue lendo <span class=\"meta-nav\">&rarr;<\/span><\/a><\/p>\n","protected":false},"author":165,"featured_media":0,"parent":0,"menu_order":0,"comment_status":"closed","ping_status":"closed","template":"","meta":{"footnotes":""},"class_list":["post-32","page","type-page","status-publish","hentry"],"_links":{"self":[{"href":"https:\/\/wp.ufpel.edu.br\/eruab\/wp-json\/wp\/v2\/pages\/32","targetHints":{"allow":["GET"]}}],"collection":[{"href":"https:\/\/wp.ufpel.edu.br\/eruab\/wp-json\/wp\/v2\/pages"}],"about":[{"href":"https:\/\/wp.ufpel.edu.br\/eruab\/wp-json\/wp\/v2\/types\/page"}],"author":[{"embeddable":true,"href":"https:\/\/wp.ufpel.edu.br\/eruab\/wp-json\/wp\/v2\/users\/165"}],"replies":[{"embeddable":true,"href":"https:\/\/wp.ufpel.edu.br\/eruab\/wp-json\/wp\/v2\/comments?post=32"}],"version-history":[{"count":8,"href":"https:\/\/wp.ufpel.edu.br\/eruab\/wp-json\/wp\/v2\/pages\/32\/revisions"}],"predecessor-version":[{"id":51,"href":"https:\/\/wp.ufpel.edu.br\/eruab\/wp-json\/wp\/v2\/pages\/32\/revisions\/51"}],"wp:attachment":[{"href":"https:\/\/wp.ufpel.edu.br\/eruab\/wp-json\/wp\/v2\/media?parent=32"}],"curies":[{"name":"wp","href":"https:\/\/api.w.org\/{rel}","templated":true}]}}