{"id":922,"date":"2021-07-16T12:08:05","date_gmt":"2021-07-16T15:08:05","guid":{"rendered":"https:\/\/wp.ufpel.edu.br\/epmu\/?page_id=922"},"modified":"2021-07-19T11:14:47","modified_gmt":"2021-07-19T14:14:47","slug":"sobre-o-epmu","status":"publish","type":"page","link":"https:\/\/wp.ufpel.edu.br\/epmu\/epmu\/sobre-o-epmu\/","title":{"rendered":"SOBRE O EPMU"},"content":{"rendered":"<p>&nbsp;<\/p>\n<p>&nbsp;<\/p>\n<h2 style=\"text-align: justify\">Trajet\u00f3ria dos Encontros de Pesquisa em M\u00fasica da UFPEL<\/h2>\n<p style=\"text-align: justify\">Os Encontros de Pesquisa em M\u00fasica foram idealizados por professores da \u00e1rea de m\u00fasica do Centro de Artes da UFPEL. Sua realiza\u00e7\u00e3o \u00e9 atribu\u00edda mais especificamente a uma colabora\u00e7\u00e3o entre o Grupo de Pesquisa em Ci\u00eancias Musicais (CIMUS), o Grupo de Estudos em Etnomusicologia da <a href=\"https:\/\/wp.ufpel.edu.br\/discoteca\/\">Discoteca L.C. Vinholes<\/a> e o Laborat\u00f3rio de Etnomusicologia (LabEt), todos vinculados ao <a href=\"http:\/\/ca.ufpel.edu.br\/\">Centro de Artes<\/a> (CA\/UFPEL).<\/p>\n<p style=\"text-align: justify\">O I Encontro de Pesquisa em M\u00fasica da UFPEL se realizou entre 20 e 21 de outubro de 2016, e contemplou parte da produ\u00e7\u00e3o de pesquisa no campo da m\u00fasica no \u00e2mbito do bacharelado em M\u00fasica da UFPEL. As atividades de comunica\u00e7\u00f5es apresentadas por docentes e acad\u00eamicos criaram um novo espa\u00e7o de compartilhamento, discuss\u00e3o e reflex\u00e3o sobre a pesquisa em m\u00fasica na institui\u00e7\u00e3o.<\/p>\n<p style=\"text-align: justify\">A II edi\u00e7\u00e3o do Encontro de Pesquisa em M\u00fasica da UFPEL foi realizado em 2017, entre os dias 21 e 24 de novembro, em paralelo ao Simp\u00f3sio Internacional <em>Etnografias da Heran\u00e7a Musical<\/em>, realizado no \u00e2mbito do conv\u00eanio entre a <a href=\"https:\/\/portal.ufpel.edu.br\/\">Universidade Federal de Pelotas<\/a> &#8211; UFPEL e a <a href=\"https:\/\/www.bathspa.ac.uk\/\">Bath Spa University<\/a> &#8211; BSU\/UK. A exemplo do ano anterior, a qualidade, pontualidade e din\u00e2mica das atividades de comunica\u00e7\u00f5es apontaram para a consolida\u00e7\u00e3o deste novo espa\u00e7o de converg\u00eancia e reflex\u00e3o sobre a pesquisa em m\u00fasica, j\u00e1 de forma ampliada para al\u00e9m da produ\u00e7\u00e3o da UFPEL.<\/p>\n<p style=\"text-align: justify\">Em 2018, o III Encontro de Pesquisa em M\u00fasica ocorreu entre os dias 25 e 27 de setembro. Pela primeira vez, o Encontro contou com a publica\u00e7\u00e3o de Anais contendo textos completos das comunica\u00e7\u00f5es.<\/p>\n<p style=\"text-align: justify\">Em 2019 o EPMU pausou suas atividades para que os Cursos de M\u00fasica da UFPEL sediassem o 29\u00ba congresso da <a href=\"https:\/\/anppom.org.br\/\">Associa\u00e7\u00e3o Nacional de Pesquisa e P\u00f3s-Gradua\u00e7\u00e3o em M\u00fasica<\/a> (ANPPOM). Em 2020, com a pandemia do COVID-19, as atividades permaneceram suspensas.<\/p>\n<p style=\"text-align: justify\">Finalmente, em 2021 o EPMU \u00e9 relan\u00e7ado em sua IV edi\u00e7\u00e3o em um formato totalmente online.<\/p>\n","protected":false},"excerpt":{"rendered":"<p>&nbsp; &nbsp; Trajet\u00f3ria dos Encontros de Pesquisa em M\u00fasica da UFPEL Os Encontros de Pesquisa em M\u00fasica foram idealizados por professores da \u00e1rea de m\u00fasica [&hellip;]<\/p>\n","protected":false},"author":597,"featured_media":0,"parent":913,"menu_order":0,"comment_status":"closed","ping_status":"closed","template":"","meta":{"footnotes":""},"class_list":["post-922","page","type-page","status-publish","hentry","post"],"yoast_head":"<!-- This site is optimized with the Yoast SEO plugin v26.7 - https:\/\/yoast.com\/wordpress\/plugins\/seo\/ -->\n<title>SOBRE O EPMU -<\/title>\n<meta name=\"robots\" content=\"index, follow, max-snippet:-1, max-image-preview:large, max-video-preview:-1\" \/>\n<link rel=\"canonical\" href=\"https:\/\/wp.ufpel.edu.br\/epmu\/pagina-inicial\/sobre-o-epmu\/\" \/>\n<meta property=\"og:locale\" content=\"pt_BR\" \/>\n<meta property=\"og:type\" content=\"article\" \/>\n<meta property=\"og:title\" content=\"SOBRE O EPMU -\" \/>\n<meta property=\"og:description\" content=\"&nbsp; &nbsp; Trajet\u00f3ria dos Encontros de Pesquisa em M\u00fasica da UFPEL Os Encontros de Pesquisa em M\u00fasica foram idealizados por professores da \u00e1rea de m\u00fasica [&hellip;]\" \/>\n<meta property=\"og:url\" content=\"https:\/\/wp.ufpel.edu.br\/epmu\/pagina-inicial\/sobre-o-epmu\/\" \/>\n<meta property=\"article:modified_time\" content=\"2021-07-19T14:14:47+00:00\" \/>\n<meta name=\"twitter:card\" content=\"summary_large_image\" \/>\n<meta name=\"twitter:label1\" content=\"Est. tempo de leitura\" \/>\n\t<meta name=\"twitter:data1\" content=\"2 minutos\" \/>\n<script type=\"application\/ld+json\" class=\"yoast-schema-graph\">{\"@context\":\"https:\/\/schema.org\",\"@graph\":[{\"@type\":\"WebPage\",\"@id\":\"https:\/\/wp.ufpel.edu.br\/epmu\/pagina-inicial\/sobre-o-epmu\/\",\"url\":\"https:\/\/wp.ufpel.edu.br\/epmu\/pagina-inicial\/sobre-o-epmu\/\",\"name\":\"SOBRE O EPMU -\",\"isPartOf\":{\"@id\":\"https:\/\/wp.ufpel.edu.br\/epmu\/#website\"},\"datePublished\":\"2021-07-16T15:08:05+00:00\",\"dateModified\":\"2021-07-19T14:14:47+00:00\",\"breadcrumb\":{\"@id\":\"https:\/\/wp.ufpel.edu.br\/epmu\/pagina-inicial\/sobre-o-epmu\/#breadcrumb\"},\"inLanguage\":\"pt-BR\",\"potentialAction\":[{\"@type\":\"ReadAction\",\"target\":[\"https:\/\/wp.ufpel.edu.br\/epmu\/pagina-inicial\/sobre-o-epmu\/\"]}]},{\"@type\":\"BreadcrumbList\",\"@id\":\"https:\/\/wp.ufpel.edu.br\/epmu\/pagina-inicial\/sobre-o-epmu\/#breadcrumb\",\"itemListElement\":[{\"@type\":\"ListItem\",\"position\":1,\"name\":\"In\u00edcio\",\"item\":\"https:\/\/wp.ufpel.edu.br\/epmu\/\"},{\"@type\":\"ListItem\",\"position\":2,\"name\":\"Encontro de Pesquisa em M\u00fasica UFPEL\",\"item\":\"https:\/\/wp.ufpel.edu.br\/epmu\/\"},{\"@type\":\"ListItem\",\"position\":3,\"name\":\"SOBRE O EPMU\"}]},{\"@type\":\"WebSite\",\"@id\":\"https:\/\/wp.ufpel.edu.br\/epmu\/#website\",\"url\":\"https:\/\/wp.ufpel.edu.br\/epmu\/\",\"name\":\"\",\"description\":\"ISSN 2595-2765\",\"potentialAction\":[{\"@type\":\"SearchAction\",\"target\":{\"@type\":\"EntryPoint\",\"urlTemplate\":\"https:\/\/wp.ufpel.edu.br\/epmu\/?s={search_term_string}\"},\"query-input\":{\"@type\":\"PropertyValueSpecification\",\"valueRequired\":true,\"valueName\":\"search_term_string\"}}],\"inLanguage\":\"pt-BR\"}]}<\/script>\n<!-- \/ Yoast SEO plugin. -->","yoast_head_json":{"title":"SOBRE O EPMU -","robots":{"index":"index","follow":"follow","max-snippet":"max-snippet:-1","max-image-preview":"max-image-preview:large","max-video-preview":"max-video-preview:-1"},"canonical":"https:\/\/wp.ufpel.edu.br\/epmu\/pagina-inicial\/sobre-o-epmu\/","og_locale":"pt_BR","og_type":"article","og_title":"SOBRE O EPMU -","og_description":"&nbsp; &nbsp; Trajet\u00f3ria dos Encontros de Pesquisa em M\u00fasica da UFPEL Os Encontros de Pesquisa em M\u00fasica foram idealizados por professores da \u00e1rea de m\u00fasica [&hellip;]","og_url":"https:\/\/wp.ufpel.edu.br\/epmu\/pagina-inicial\/sobre-o-epmu\/","article_modified_time":"2021-07-19T14:14:47+00:00","twitter_card":"summary_large_image","twitter_misc":{"Est. tempo de leitura":"2 minutos"},"schema":{"@context":"https:\/\/schema.org","@graph":[{"@type":"WebPage","@id":"https:\/\/wp.ufpel.edu.br\/epmu\/pagina-inicial\/sobre-o-epmu\/","url":"https:\/\/wp.ufpel.edu.br\/epmu\/pagina-inicial\/sobre-o-epmu\/","name":"SOBRE O EPMU -","isPartOf":{"@id":"https:\/\/wp.ufpel.edu.br\/epmu\/#website"},"datePublished":"2021-07-16T15:08:05+00:00","dateModified":"2021-07-19T14:14:47+00:00","breadcrumb":{"@id":"https:\/\/wp.ufpel.edu.br\/epmu\/pagina-inicial\/sobre-o-epmu\/#breadcrumb"},"inLanguage":"pt-BR","potentialAction":[{"@type":"ReadAction","target":["https:\/\/wp.ufpel.edu.br\/epmu\/pagina-inicial\/sobre-o-epmu\/"]}]},{"@type":"BreadcrumbList","@id":"https:\/\/wp.ufpel.edu.br\/epmu\/pagina-inicial\/sobre-o-epmu\/#breadcrumb","itemListElement":[{"@type":"ListItem","position":1,"name":"In\u00edcio","item":"https:\/\/wp.ufpel.edu.br\/epmu\/"},{"@type":"ListItem","position":2,"name":"Encontro de Pesquisa em M\u00fasica UFPEL","item":"https:\/\/wp.ufpel.edu.br\/epmu\/"},{"@type":"ListItem","position":3,"name":"SOBRE O EPMU"}]},{"@type":"WebSite","@id":"https:\/\/wp.ufpel.edu.br\/epmu\/#website","url":"https:\/\/wp.ufpel.edu.br\/epmu\/","name":"","description":"ISSN 2595-2765","potentialAction":[{"@type":"SearchAction","target":{"@type":"EntryPoint","urlTemplate":"https:\/\/wp.ufpel.edu.br\/epmu\/?s={search_term_string}"},"query-input":{"@type":"PropertyValueSpecification","valueRequired":true,"valueName":"search_term_string"}}],"inLanguage":"pt-BR"}]}},"publishpress_future_action":{"enabled":false,"date":"2026-04-19 12:34:20","action":"change-status","newStatus":"draft","terms":[],"taxonomy":"","extraData":[]},"publishpress_future_workflow_manual_trigger":{"enabledWorkflows":[]},"_links":{"self":[{"href":"https:\/\/wp.ufpel.edu.br\/epmu\/wp-json\/wp\/v2\/pages\/922","targetHints":{"allow":["GET"]}}],"collection":[{"href":"https:\/\/wp.ufpel.edu.br\/epmu\/wp-json\/wp\/v2\/pages"}],"about":[{"href":"https:\/\/wp.ufpel.edu.br\/epmu\/wp-json\/wp\/v2\/types\/page"}],"author":[{"embeddable":true,"href":"https:\/\/wp.ufpel.edu.br\/epmu\/wp-json\/wp\/v2\/users\/597"}],"replies":[{"embeddable":true,"href":"https:\/\/wp.ufpel.edu.br\/epmu\/wp-json\/wp\/v2\/comments?post=922"}],"version-history":[{"count":7,"href":"https:\/\/wp.ufpel.edu.br\/epmu\/wp-json\/wp\/v2\/pages\/922\/revisions"}],"predecessor-version":[{"id":1046,"href":"https:\/\/wp.ufpel.edu.br\/epmu\/wp-json\/wp\/v2\/pages\/922\/revisions\/1046"}],"up":[{"embeddable":true,"href":"https:\/\/wp.ufpel.edu.br\/epmu\/wp-json\/wp\/v2\/pages\/913"}],"wp:attachment":[{"href":"https:\/\/wp.ufpel.edu.br\/epmu\/wp-json\/wp\/v2\/media?parent=922"}],"curies":[{"name":"wp","href":"https:\/\/api.w.org\/{rel}","templated":true}]}}