{"id":2506,"date":"2021-03-11T15:49:59","date_gmt":"2021-03-11T18:49:59","guid":{"rendered":"https:\/\/wp.ufpel.edu.br\/cit\/?page_id=2506"},"modified":"2022-03-03T17:08:25","modified_gmt":"2022-03-03T20:08:25","slug":"faq","status":"publish","type":"page","link":"https:\/\/wp.ufpel.edu.br\/epitte\/faq\/","title":{"rendered":"FAQ"},"content":{"rendered":"<div id=\"pl-2506\"  class=\"panel-layout\" ><div id=\"pg-2506-0\"  class=\"panel-grid panel-no-style\" ><div id=\"pgc-2506-0-0\"  class=\"panel-grid-cell\" ><div id=\"panel-2506-0-0-0\" class=\"so-panel widget widget_sow-editor panel-first-child panel-last-child\" data-index=\"0\" ><div\n\t\t\t\n\t\t\tclass=\"so-widget-sow-editor so-widget-sow-editor-base\"\n\t\t\t\n\t\t>\n<div class=\"siteorigin-widget-tinymce textwidget\">\n\t<p><span style=\"font-size: 14pt\">Por meio desta pagina, o CIT disponibiliza respostas para <strong>perguntas frequentes<\/strong>, no \u00e2mbito dos\u00a0<strong>servi\u00e7os de patentes.<\/strong><\/span><\/p>\n<\/div>\n<\/div><\/div><\/div><\/div><div id=\"pg-2506-1\"  class=\"panel-grid panel-no-style\" ><div id=\"pgc-2506-1-0\"  class=\"panel-grid-cell\" ><div id=\"panel-2506-1-0-0\" class=\"so-panel widget widget_sow-headline panel-first-child\" data-index=\"1\" ><div\n\t\t\t\n\t\t\tclass=\"so-widget-sow-headline so-widget-sow-headline-default-46b75ae3f4c5-2506 so-widget-fittext-wrapper\"\n\t\t\t data-fit-text-compressor=\"0.85\"\n\t\t><div class=\"sow-headline-container \">\n\t\t\t\t\t\t<div class=\"decoration\">\n\t\t\t\t\t\t<div class=\"decoration-inside\"><\/div>\n\t\t\t\t\t<\/div>\n\t\t\t\t\t\t\t\t\t\t\t<h1 class=\"sow-sub-headline\">\n\t\t\t\t\t\tO que \u00e9 patente?\t\t\t\t\t\t<\/h1>\n\t\t\t\t\t\t<\/div>\n<\/div><\/div><div id=\"panel-2506-1-0-1\" class=\"so-panel widget widget_sow-editor panel-last-child\" data-index=\"2\" ><div\n\t\t\t\n\t\t\tclass=\"so-widget-sow-editor so-widget-sow-editor-base\"\n\t\t\t\n\t\t>\n<div class=\"siteorigin-widget-tinymce textwidget\">\n\t<p><span style=\"font-weight: 400\">Patente \u00e9 um t\u00edtulo de propriedade tempor\u00e1rio, concedido pelo Estado, aos inventores ou empresas que passam a possuir os direitos sobre a inven\u00e7\u00e3o, seja ela relativa a um produto, a um processo de fabrica\u00e7\u00e3o ou ao aperfei\u00e7oamento de produtos e processos preexistentes, como recompensa aos esfor\u00e7os despendidos nessa cria\u00e7\u00e3o. <\/span><\/p>\n<\/div>\n<\/div><\/div><\/div><\/div><div id=\"pg-2506-2\"  class=\"panel-grid panel-no-style\" ><div id=\"pgc-2506-2-0\"  class=\"panel-grid-cell\" ><div id=\"panel-2506-2-0-0\" class=\"so-panel widget widget_sow-headline panel-first-child\" data-index=\"3\" ><div\n\t\t\t\n\t\t\tclass=\"so-widget-sow-headline so-widget-sow-headline-default-46b75ae3f4c5-2506 so-widget-fittext-wrapper\"\n\t\t\t data-fit-text-compressor=\"0.85\"\n\t\t><div class=\"sow-headline-container \">\n\t\t\t\t\t\t<div class=\"decoration\">\n\t\t\t\t\t\t<div class=\"decoration-inside\"><\/div>\n\t\t\t\t\t<\/div>\n\t\t\t\t\t\t\t\t\t\t\t<h1 class=\"sow-sub-headline\">\n\t\t\t\t\t\tPosso patentear uma ideia?\t\t\t\t\t\t<\/h1>\n\t\t\t\t\t\t<\/div>\n<\/div><\/div><div id=\"panel-2506-2-0-1\" class=\"so-panel widget widget_sow-editor panel-last-child\" data-index=\"4\" ><div\n\t\t\t\n\t\t\tclass=\"so-widget-sow-editor so-widget-sow-editor-base\"\n\t\t\t\n\t\t>\n<div class=\"siteorigin-widget-tinymce textwidget\">\n\t<p><span style=\"font-weight: 400\">N\u00e3o. N\u00e3o \u00e9 considerado inven\u00e7\u00e3o ou modelo de utilidade uma s\u00e9rie de a\u00e7\u00f5es, cria\u00e7\u00f5es, ideias abstratas, atividades intelectuais, descobertas cient\u00edficas, m\u00e9todos ou inventos que n\u00e3o possam ser industrializados.<\/span><\/p>\n<\/div>\n<\/div><\/div><\/div><\/div><div id=\"pg-2506-3\"  class=\"panel-grid panel-no-style\" ><div id=\"pgc-2506-3-0\"  class=\"panel-grid-cell\" ><div id=\"panel-2506-3-0-0\" class=\"so-panel widget widget_sow-headline panel-first-child\" data-index=\"5\" ><div\n\t\t\t\n\t\t\tclass=\"so-widget-sow-headline so-widget-sow-headline-default-46b75ae3f4c5-2506 so-widget-fittext-wrapper\"\n\t\t\t data-fit-text-compressor=\"0.85\"\n\t\t><div class=\"sow-headline-container \">\n\t\t\t\t\t\t<div class=\"decoration\">\n\t\t\t\t\t\t<div class=\"decoration-inside\"><\/div>\n\t\t\t\t\t<\/div>\n\t\t\t\t\t\t\t\t\t\t\t<h1 class=\"sow-sub-headline\">\n\t\t\t\t\t\t\u00c9 necess\u00e1rio fazer uma pesquisa para saber se o invento j\u00e1 existe?\t\t\t\t\t\t<\/h1>\n\t\t\t\t\t\t<\/div>\n<\/div><\/div><div id=\"panel-2506-3-0-1\" class=\"so-panel widget widget_sow-editor panel-last-child\" data-index=\"6\" ><div\n\t\t\t\n\t\t\tclass=\"so-widget-sow-editor so-widget-sow-editor-base\"\n\t\t\t\n\t\t>\n<div class=\"siteorigin-widget-tinymce textwidget\">\n\t<p><span style=\"font-weight: 400\">Antes de depositar o pedido de Patente, \u00e9 recomend\u00e1vel fazer uma busca de anterioridade para saber se n\u00e3o h\u00e1 nada igual ou semelhante j\u00e1 patenteado n\u00e3o somente no Brasil, como no mundo.<\/span><\/p>\n<\/div>\n<\/div><\/div><\/div><\/div><div id=\"pg-2506-4\"  class=\"panel-grid panel-no-style\" ><div id=\"pgc-2506-4-0\"  class=\"panel-grid-cell\" ><div id=\"panel-2506-4-0-0\" class=\"so-panel widget widget_sow-headline panel-first-child\" data-index=\"7\" ><div\n\t\t\t\n\t\t\tclass=\"so-widget-sow-headline so-widget-sow-headline-default-46b75ae3f4c5-2506 so-widget-fittext-wrapper\"\n\t\t\t data-fit-text-compressor=\"0.85\"\n\t\t><div class=\"sow-headline-container \">\n\t\t\t\t\t\t<div class=\"decoration\">\n\t\t\t\t\t\t<div class=\"decoration-inside\"><\/div>\n\t\t\t\t\t<\/div>\n\t\t\t\t\t\t\t\t\t\t\t<h1 class=\"sow-sub-headline\">\n\t\t\t\t\t\tPosso patentear um produto similar a outro que j\u00e1 est\u00e1 patenteado?\t\t\t\t\t\t<\/h1>\n\t\t\t\t\t\t<\/div>\n<\/div><\/div><div id=\"panel-2506-4-0-1\" class=\"so-panel widget widget_sow-editor panel-last-child\" data-index=\"8\" ><div\n\t\t\t\n\t\t\tclass=\"so-widget-sow-editor so-widget-sow-editor-base\"\n\t\t\t\n\t\t>\n<div class=\"siteorigin-widget-tinymce textwidget\">\n\t<p><span style=\"font-weight: 400\">N\u00e3o. N\u00e3o \u00e9 poss\u00edvel patentear uma inven\u00e7\u00e3o que possa ser id\u00eantica ou similar a uma j\u00e1 patenteada.<\/span><\/p>\n<\/div>\n<\/div><\/div><\/div><\/div><div id=\"pg-2506-5\"  class=\"panel-grid panel-no-style\" ><div id=\"pgc-2506-5-0\"  class=\"panel-grid-cell\" ><div id=\"panel-2506-5-0-0\" class=\"so-panel widget widget_sow-headline panel-first-child\" data-index=\"9\" ><div\n\t\t\t\n\t\t\tclass=\"so-widget-sow-headline so-widget-sow-headline-default-46b75ae3f4c5-2506 so-widget-fittext-wrapper\"\n\t\t\t data-fit-text-compressor=\"0.85\"\n\t\t><div class=\"sow-headline-container \">\n\t\t\t\t\t\t<div class=\"decoration\">\n\t\t\t\t\t\t<div class=\"decoration-inside\"><\/div>\n\t\t\t\t\t<\/div>\n\t\t\t\t\t\t\t\t\t\t\t<h1 class=\"sow-sub-headline\">\n\t\t\t\t\t\tO que n\u00e3o pode ser patenteado?\t\t\t\t\t\t<\/h1>\n\t\t\t\t\t\t<\/div>\n<\/div><\/div><div id=\"panel-2506-5-0-1\" class=\"so-panel widget widget_sow-editor panel-last-child\" data-index=\"10\" ><div\n\t\t\t\n\t\t\tclass=\"so-widget-sow-editor so-widget-sow-editor-base\"\n\t\t\t\n\t\t>\n<div class=\"siteorigin-widget-tinymce textwidget\">\n\t<ul>\n<li><span style=\"font-weight: 400\">O que for contr\u00e1rio \u00e0 moral, \u00e0 seguran\u00e7a p\u00fablica, aos interesses nacionais e que colocam a sa\u00fade em risco;<\/span><\/li>\n<li><span style=\"font-weight: 400\">As subst\u00e2ncias, mat\u00e9rias, misturas, elementos ou produtos de qualquer esp\u00e9cie, bem como a modifica\u00e7\u00e3o de suas propriedades f\u00edsico-qu\u00edmicas e os respectivos processos de obten\u00e7\u00e3o ou modifica\u00e7\u00e3o, quando resultantes de transforma\u00e7\u00e3o do n\u00facleo at\u00f4mico;<\/span><\/li>\n<li><span style=\"font-weight: 400\">Os seres vivos, que n\u00e3o s\u00e3o patenteados no todo ou em parte deles. Exce\u00e7\u00e3o para parte de plantas e de animais que, devido a interven\u00e7\u00e3o humana, expressem caracter\u00edstica n\u00e3o naturalmente alcan\u00e7\u00e1vel;<\/span><\/li>\n<li><span style=\"font-weight: 400\">Tecnologias gen\u00e9ticas de restri\u00e7\u00e3o do uso: qualquer processo de interven\u00e7\u00e3o humana para gera\u00e7\u00e3o ou multiplica\u00e7\u00e3o de plantas geneticamente modificadas para produzir estruturas reprodutivas est\u00e9reis, bem como qualquer forma de manipula\u00e7\u00e3o gen\u00e9tica que vise \u00e0 ativa\u00e7\u00e3o ou desativa\u00e7\u00e3o de genes relacionados \u00e0 fertilidade das plantas por indutores qu\u00edmicos externos.<\/span><\/li>\n<\/ul>\n<\/div>\n<\/div><\/div><\/div><\/div><div id=\"pg-2506-6\"  class=\"panel-grid panel-no-style\" ><div id=\"pgc-2506-6-0\"  class=\"panel-grid-cell\" ><div id=\"panel-2506-6-0-0\" class=\"so-panel widget widget_sow-headline panel-first-child\" data-index=\"11\" ><div\n\t\t\t\n\t\t\tclass=\"so-widget-sow-headline so-widget-sow-headline-default-46b75ae3f4c5-2506 so-widget-fittext-wrapper\"\n\t\t\t data-fit-text-compressor=\"0.85\"\n\t\t><div class=\"sow-headline-container \">\n\t\t\t\t\t\t<div class=\"decoration\">\n\t\t\t\t\t\t<div class=\"decoration-inside\"><\/div>\n\t\t\t\t\t<\/div>\n\t\t\t\t\t\t\t\t\t\t\t<h1 class=\"sow-sub-headline\">\n\t\t\t\t\t\tQuais s\u00e3o os requisitos para se patentear uma inven\u00e7\u00e3o?\t\t\t\t\t\t<\/h1>\n\t\t\t\t\t\t<\/div>\n<\/div><\/div><div id=\"panel-2506-6-0-1\" class=\"so-panel widget widget_sow-editor panel-last-child\" data-index=\"12\" ><div\n\t\t\t\n\t\t\tclass=\"so-widget-sow-editor so-widget-sow-editor-base\"\n\t\t\t\n\t\t>\n<div class=\"siteorigin-widget-tinymce textwidget\">\n\t<p><span style=\"font-weight: 400\">H\u00e1 4 requisitos de patenteabilidade. S\u00e3o eles:<\/span><\/p>\n<ol>\n<li><strong><em> Novidade: <\/em><\/strong>O invento n\u00e3o deve ter sido revelado, nem sob forma escrita ou falada. Ainda que a Lei n\u00ba 9.279\/96 permita que se fa\u00e7a o dep\u00f3sito de pedido de patente at\u00e9 um ano ap\u00f3s a divulga\u00e7\u00e3o do invento (que \u00e9 o chamado \u201cper\u00edodo de gra\u00e7a\u201d -art.12 da LPI), recomenda-se a n\u00e3o utiliza\u00e7\u00e3o deste benef\u00edcio, por ser uma exce\u00e7\u00e3o exclusiva do Brasil que pode vir a comprometer com o dep\u00f3sito com um v\u00edcio incorrig\u00edvel no \u00e2mbito internacional.Recomenda-se, portanto,manter o segredo da inven\u00e7\u00e3o, afinal, em diversos outros pa\u00edses, n\u00e3o existe este \u201cper\u00edodo de gra\u00e7a\u201d e, depois que se tornou p\u00fablico o invento, n\u00e3o se pode mais patentear.<\/li>\n<\/ol>\n<ol start=\"2\">\n<li><strong><em> Atividade Inventiva: <\/em><\/strong>Resultado da interven\u00e7\u00e3o humana e que define a inven\u00e7\u00e3o enquanto tal. \u00c9 a concep\u00e7\u00e3o resultante do exerc\u00edcio da capacidade de cria\u00e7\u00e3o humana manipulando ou interferindo na natureza, de forma tal que a inven\u00e7\u00e3o represente um desenvolvimento suficiente em rela\u00e7\u00e3o ao estado da t\u00e9cnica anterior a sua realiza\u00e7\u00e3o.<\/li>\n<\/ol>\n<ol start=\"3\">\n<li><strong><em> Aplica\u00e7\u00e3o Industrial: <\/em><\/strong>O invento deve ser pass\u00edvel de fabrica\u00e7\u00e3o para o consumo e pass\u00edvel de ser utilizado, de forma vi\u00e1vel, em escala industrial.<\/li>\n<\/ol>\n<ol start=\"4\">\n<li><em><span style=\"font-weight: 400\"><strong> Sufici\u00eancia Descritiva:<\/strong> <\/span><\/em>\u00c9 a descri\u00e7\u00e3o clara e suficiente do invento, a fim de possibilitar a sua realiza\u00e7\u00e3o por t\u00e9cnico no assunto e indicar, quando for o caso, a melhor forma de execu\u00e7\u00e3o. Um pedido de patente que n\u00e3o descreva suficientemente seu conte\u00fado pode ser anulado.<\/li>\n<\/ol>\n<\/div>\n<\/div><\/div><\/div><\/div><div id=\"pg-2506-7\"  class=\"panel-grid panel-no-style\" ><div id=\"pgc-2506-7-0\"  class=\"panel-grid-cell\" ><div id=\"panel-2506-7-0-0\" class=\"so-panel widget widget_sow-headline panel-first-child\" data-index=\"13\" ><div\n\t\t\t\n\t\t\tclass=\"so-widget-sow-headline so-widget-sow-headline-default-46b75ae3f4c5-2506 so-widget-fittext-wrapper\"\n\t\t\t data-fit-text-compressor=\"0.85\"\n\t\t><div class=\"sow-headline-container \">\n\t\t\t\t\t\t<div class=\"decoration\">\n\t\t\t\t\t\t<div class=\"decoration-inside\"><\/div>\n\t\t\t\t\t<\/div>\n\t\t\t\t\t\t\t\t\t\t\t<h1 class=\"sow-sub-headline\">\n\t\t\t\t\t\tQuais s\u00e3o os tipos de patentes e prazo de validade?\t\t\t\t\t\t<\/h1>\n\t\t\t\t\t\t<\/div>\n<\/div><\/div><div id=\"panel-2506-7-0-1\" class=\"so-panel widget widget_sow-editor panel-last-child\" data-index=\"14\" ><div\n\t\t\t\n\t\t\tclass=\"so-widget-sow-editor so-widget-sow-editor-base\"\n\t\t\t\n\t\t>\n<div class=\"siteorigin-widget-tinymce textwidget\">\n\t<p><strong><i>Patente de Inven\u00e7\u00e3o:<\/i><\/strong><span style=\"font-weight: 400\"> novo produto ou processo de fabrica\u00e7\u00e3o que apresente um consider\u00e1vel progresso no seu setor tecnol\u00f3gico. N\u00e3o pode ser considerada uma solu\u00e7\u00e3o trivial ou evidente para um especialista. A inven\u00e7\u00e3o \u00e9 uma concep\u00e7\u00e3o resultante do exerc\u00edcio da capacidade de cria\u00e7\u00e3o do homem, que represente uma solu\u00e7\u00e3o para um problema t\u00e9cnico espec\u00edfico, dentro de um determinado campo tecnol\u00f3gico e que possa ser fabricada ou utilizada industrialmente. Sua validade \u00e9 de 20 anos a partir da data do dep\u00f3sito.<\/span><\/p>\n<p><strong><i>Modelo de Utilidade:<\/i><\/strong><span style=\"font-weight: 400\"> objeto de uso pr\u00e1tico, ou parte deste, que apresente nova forma ou disposi\u00e7\u00e3o, envolvendo ato inventivo, que resulte em melhoria funcional no seu uso ou em sua fabrica\u00e7\u00e3o. Considera-se que a forma ou disposi\u00e7\u00e3o obtida ou introduzida em objeto apresenta melhoria funcional sempre que venha a facilitar, dar maior comodidade, praticidade e\/ou efici\u00eancia \u00e0 sua utiliza\u00e7\u00e3o ou <\/span><span style=\"font-weight: 400\">obten\u00e7\u00e3o. Sua validade \u00e9 de 15 anos a partir da data do dep\u00f3sito.<\/span><\/p>\n<p><strong><i>Certificado de Adi\u00e7\u00e3o de Inven\u00e7\u00e3o: <\/i><\/strong><span style=\"font-weight: 400\">aperfei\u00e7oamentos ou inven\u00e7\u00f5es que j\u00e1 s\u00e3o objeto de pedidos depositados, por\u00e9m, que n\u00e3o teriam, isoladamente, atividade inventiva suficiente para merecer prote\u00e7\u00e3o por uma patente independente. O certificado ser\u00e1 acess\u00f3rio \u00e0 patente e com mesma data final de vig\u00eancia desta.<\/span><\/p>\n<\/div>\n<\/div><\/div><\/div><\/div><div id=\"pg-2506-8\"  class=\"panel-grid panel-no-style\" ><div id=\"pgc-2506-8-0\"  class=\"panel-grid-cell\" ><div id=\"panel-2506-8-0-0\" class=\"so-panel widget widget_sow-headline panel-first-child\" data-index=\"15\" ><div\n\t\t\t\n\t\t\tclass=\"so-widget-sow-headline so-widget-sow-headline-default-46b75ae3f4c5-2506 so-widget-fittext-wrapper\"\n\t\t\t data-fit-text-compressor=\"0.85\"\n\t\t><div class=\"sow-headline-container \">\n\t\t\t\t\t\t<div class=\"decoration\">\n\t\t\t\t\t\t<div class=\"decoration-inside\"><\/div>\n\t\t\t\t\t<\/div>\n\t\t\t\t\t\t\t\t\t\t\t<h1 class=\"sow-sub-headline\">\n\t\t\t\t\t\tA patente s\u00f3 tem validade no Brasil?\t\t\t\t\t\t<\/h1>\n\t\t\t\t\t\t<\/div>\n<\/div><\/div><div id=\"panel-2506-8-0-1\" class=\"so-panel widget widget_sow-editor panel-last-child\" data-index=\"16\" ><div\n\t\t\t\n\t\t\tclass=\"so-widget-sow-editor so-widget-sow-editor-base\"\n\t\t\t\n\t\t>\n<div class=\"siteorigin-widget-tinymce textwidget\">\n\t<p><span style=\"font-weight: 400\">Sim, de acordo com o\u00a0 princ\u00edpio consagrado na Conven\u00e7\u00e3o de Paris(da qual o Brasil \u00e9 pa\u00eds signat\u00e1rio), que estabelece que a prote\u00e7\u00e3o conferida pelo Estado a patente ou desenho industrial tem validade somente dentro dos limites territoriais do pa\u00eds que concede a prote\u00e7\u00e3o.<\/span><\/p>\n<\/div>\n<\/div><\/div><\/div><\/div><div id=\"pg-2506-9\"  class=\"panel-grid panel-no-style\" ><div id=\"pgc-2506-9-0\"  class=\"panel-grid-cell\" ><div id=\"panel-2506-9-0-0\" class=\"so-panel widget widget_sow-headline panel-first-child\" data-index=\"17\" ><div\n\t\t\t\n\t\t\tclass=\"so-widget-sow-headline so-widget-sow-headline-default-46b75ae3f4c5-2506 so-widget-fittext-wrapper\"\n\t\t\t data-fit-text-compressor=\"0.85\"\n\t\t><div class=\"sow-headline-container \">\n\t\t\t\t\t\t<div class=\"decoration\">\n\t\t\t\t\t\t<div class=\"decoration-inside\"><\/div>\n\t\t\t\t\t<\/div>\n\t\t\t\t\t\t\t\t\t\t\t<h1 class=\"sow-sub-headline\">\n\t\t\t\t\t\tPosso requerer prote\u00e7\u00e3o para o meu invento tamb\u00e9m em outros pa\u00edses? Como fa\u00e7o o dep\u00f3sito do meu pedido fora do Brasil?\t\t\t\t\t\t<\/h1>\n\t\t\t\t\t\t<\/div>\n<\/div><\/div><div id=\"panel-2506-9-0-1\" class=\"so-panel widget widget_sow-editor panel-last-child\" data-index=\"18\" ><div\n\t\t\t\n\t\t\tclass=\"so-widget-sow-editor so-widget-sow-editor-base\"\n\t\t\t\n\t\t>\n<div class=\"siteorigin-widget-tinymce textwidget\">\n\t<p><span style=\"font-weight: 400\">Pelo Tratado de Coopera\u00e7\u00e3o em Mat\u00e9ria de Patentes \u2013 PCT, o titular da patente pode, dentro do per\u00edodo de um ano, solicitar o dep\u00f3sito internacional na Organiza\u00e7\u00e3o Mundial da Propriedade Industrial \u2013 OMPI, dentre os pa\u00edses signat\u00e1rios do tratado(Ex: a Argentina n\u00e3o \u00e9 signat\u00e1ria.), indicando os pa\u00edses onde deseja efetuar o dep\u00f3sito de sua patente. Aos trinta meses, contados do dep\u00f3sito no pa\u00eds de origem, o pedido dever\u00e1 ser depositado naqueles pa\u00edses designados. Para dep\u00f3sitos no exterior \u00e9 necess\u00e1rio contratar um procurador\u00a0 domiciliado no pa\u00eds de dep\u00f3sito. A patente somente ter\u00e1 valor naqueles pa\u00edses em que for feito um pedido semelhante ao anteriormente efetuado no pa\u00eds de origem. O dep\u00f3sito efetuado em outro pa\u00eds, que n\u00e3o o de origem, dever\u00e1 obedecer aos acordos internacionais para pedidos de patente no estrangeiro, e depois deste dep\u00f3sito, os crit\u00e9rios de concess\u00e3o e as obriga\u00e7\u00f5es do propriet\u00e1rio seguir\u00e3o as leis dos pa\u00edses escolhidos.\u00a0<\/span><\/p>\n<\/div>\n<\/div><\/div><\/div><\/div><div id=\"pg-2506-10\"  class=\"panel-grid panel-no-style\" ><div id=\"pgc-2506-10-0\"  class=\"panel-grid-cell\" ><div id=\"panel-2506-10-0-0\" class=\"so-panel widget widget_sow-headline panel-first-child\" data-index=\"19\" ><div\n\t\t\t\n\t\t\tclass=\"so-widget-sow-headline so-widget-sow-headline-default-46b75ae3f4c5-2506 so-widget-fittext-wrapper\"\n\t\t\t data-fit-text-compressor=\"0.85\"\n\t\t><div class=\"sow-headline-container \">\n\t\t\t\t\t\t<div class=\"decoration\">\n\t\t\t\t\t\t<div class=\"decoration-inside\"><\/div>\n\t\t\t\t\t<\/div>\n\t\t\t\t\t\t\t\t\t\t\t<h1 class=\"sow-sub-headline\">\n\t\t\t\t\t\tQuais os direitos conferidos ao titular da Patente?\t\t\t\t\t\t<\/h1>\n\t\t\t\t\t\t<\/div>\n<\/div><\/div><div id=\"panel-2506-10-0-1\" class=\"so-panel widget widget_sow-editor panel-last-child\" data-index=\"20\" ><div\n\t\t\t\n\t\t\tclass=\"so-widget-sow-editor so-widget-sow-editor-base\"\n\t\t\t\n\t\t>\n<div class=\"siteorigin-widget-tinymce textwidget\">\n\t<p><span style=\"font-weight: 400\">Com a posse da Carta-Patente, o titular tem a exclusividade de explora\u00e7\u00e3o de seu produto, podendo industrializar, vender ou transferir a terceiros, definitiva ou temporariamente os seus direitos. Desta forma, a patente permite a seu detentor uma reserva de mercado por tempo determinado. Terminado o prazo do privil\u00e9gio concedido, a cria\u00e7\u00e3o industrializ\u00e1vel protegida cai em dom\u00ednio p\u00fablico.<\/span><\/p>\n<\/div>\n<\/div><\/div><\/div><\/div><\/div>","protected":false},"excerpt":{"rendered":"<p>Por meio desta pagina, o CIT disponibiliza respostas para perguntas frequentes, no \u00e2mbito dos\u00a0servi\u00e7os de patentes. Patente \u00e9 um t\u00edtulo [&hellip;]<\/p>\n","protected":false},"author":46,"featured_media":0,"parent":0,"menu_order":0,"comment_status":"closed","ping_status":"closed","template":"","meta":{"footnotes":""},"class_list":["post-2506","page","type-page","status-publish","hentry","post"],"_links":{"self":[{"href":"https:\/\/wp.ufpel.edu.br\/epitte\/wp-json\/wp\/v2\/pages\/2506","targetHints":{"allow":["GET"]}}],"collection":[{"href":"https:\/\/wp.ufpel.edu.br\/epitte\/wp-json\/wp\/v2\/pages"}],"about":[{"href":"https:\/\/wp.ufpel.edu.br\/epitte\/wp-json\/wp\/v2\/types\/page"}],"author":[{"embeddable":true,"href":"https:\/\/wp.ufpel.edu.br\/epitte\/wp-json\/wp\/v2\/users\/46"}],"replies":[{"embeddable":true,"href":"https:\/\/wp.ufpel.edu.br\/epitte\/wp-json\/wp\/v2\/comments?post=2506"}],"version-history":[{"count":27,"href":"https:\/\/wp.ufpel.edu.br\/epitte\/wp-json\/wp\/v2\/pages\/2506\/revisions"}],"predecessor-version":[{"id":3059,"href":"https:\/\/wp.ufpel.edu.br\/epitte\/wp-json\/wp\/v2\/pages\/2506\/revisions\/3059"}],"wp:attachment":[{"href":"https:\/\/wp.ufpel.edu.br\/epitte\/wp-json\/wp\/v2\/media?parent=2506"}],"curies":[{"name":"wp","href":"https:\/\/api.w.org\/{rel}","templated":true}]}}