{"id":170,"date":"2015-03-25T16:17:07","date_gmt":"2015-03-25T19:17:07","guid":{"rendered":"http:\/\/localhost\/wordpress\/?page_id=170"},"modified":"2021-03-11T16:10:58","modified_gmt":"2021-03-11T19:10:58","slug":"guias-e-formularios","status":"publish","type":"page","link":"https:\/\/wp.ufpel.edu.br\/epitte\/propriedade-intelectual\/deposito-de-patentes-e-registro-de-marcas-e-programas-de-computador\/guias-e-formularios\/","title":{"rendered":"Guias e Formul\u00e1rios"},"content":{"rendered":"<h1>Dep\u00f3sito de Patentes de Inven\u00e7\u00e3o<\/h1>\n<p><a href=\"https:\/\/wp.ufpel.edu.br\/cit\/files\/2018\/11\/Guia-de-Propriedade-Intelectual_Ver.-4.0_05_11_2018.pdf\">Guia de Propriedade Intelectual_Ver. 4.0_05_11_2018<\/a><\/p>\n<p><a href=\"https:\/\/wp.ufpel.edu.br\/cit\/files\/2018\/11\/SEI_Resolu\u00e7\u00e3o-33.2018.pdf\">SEI_Resolu\u00e7\u00e3o-33.2018<\/a><\/p>\n<p><a href=\"https:\/\/wp.ufpel.edu.br\/cit\/files\/2019\/11\/PIBR.zip\">Minha Primeira Patente<\/a><\/p>\n","protected":false},"excerpt":{"rendered":"<p>Dep\u00f3sito de Patentes de Inven\u00e7\u00e3o Guia de Propriedade Intelectual_Ver. 4.0_05_11_2018 SEI_Resolu\u00e7\u00e3o-33.2018 Minha Primeira Patente<\/p>\n","protected":false},"author":46,"featured_media":0,"parent":1380,"menu_order":0,"comment_status":"closed","ping_status":"closed","template":"","meta":{"footnotes":""},"class_list":["post-170","page","type-page","status-publish","hentry","post"],"_links":{"self":[{"href":"https:\/\/wp.ufpel.edu.br\/epitte\/wp-json\/wp\/v2\/pages\/170","targetHints":{"allow":["GET"]}}],"collection":[{"href":"https:\/\/wp.ufpel.edu.br\/epitte\/wp-json\/wp\/v2\/pages"}],"about":[{"href":"https:\/\/wp.ufpel.edu.br\/epitte\/wp-json\/wp\/v2\/types\/page"}],"author":[{"embeddable":true,"href":"https:\/\/wp.ufpel.edu.br\/epitte\/wp-json\/wp\/v2\/users\/46"}],"replies":[{"embeddable":true,"href":"https:\/\/wp.ufpel.edu.br\/epitte\/wp-json\/wp\/v2\/comments?post=170"}],"version-history":[{"count":42,"href":"https:\/\/wp.ufpel.edu.br\/epitte\/wp-json\/wp\/v2\/pages\/170\/revisions"}],"predecessor-version":[{"id":2817,"href":"https:\/\/wp.ufpel.edu.br\/epitte\/wp-json\/wp\/v2\/pages\/170\/revisions\/2817"}],"up":[{"embeddable":true,"href":"https:\/\/wp.ufpel.edu.br\/epitte\/wp-json\/wp\/v2\/pages\/1380"}],"wp:attachment":[{"href":"https:\/\/wp.ufpel.edu.br\/epitte\/wp-json\/wp\/v2\/media?parent=170"}],"curies":[{"name":"wp","href":"https:\/\/api.w.org\/{rel}","templated":true}]}}