{"id":1113,"date":"2016-05-31T15:59:49","date_gmt":"2016-05-31T18:59:49","guid":{"rendered":"https:\/\/wp.ufpel.edu.br\/cit\/?page_id=1113"},"modified":"2022-04-01T16:41:30","modified_gmt":"2022-04-01T19:41:30","slug":"historico","status":"publish","type":"page","link":"https:\/\/wp.ufpel.edu.br\/epitte\/institucional-2\/historico\/","title":{"rendered":"Sobre o EPITTE"},"content":{"rendered":"<h3><strong>OBJETIVO<\/strong><\/h3>\n<p>Estimular e promover a gera\u00e7\u00e3o e a introdu\u00e7\u00e3o de inova\u00e7\u00f5es no ambiente produtivo, criativo e colaborativo, podendo, para alcan\u00e7ar estes objetivos, promover:<\/p>\n<ol>\n<li>O fortalecimento da indissociabilidade entre ensino, pesquisa, extens\u00e3o e inova\u00e7\u00e3o;<\/li>\n<li>Atividades relacionadas a cria\u00e7\u00e3o e\/ou gest\u00e3o de ambientes inovadores, pr\u00f3prios ou em associa\u00e7\u00e3o com outras organiza\u00e7\u00f5es p\u00fablicas e\/ou privadas, tais como incubadoras de empresas, parques tecnol\u00f3gicos e a participa\u00e7\u00e3o no capital social de empresas de base tecnol\u00f3gica e social, entre outros;<\/li>\n<li>Atividades voltadas \u00e0 presta\u00e7\u00e3o de servi\u00e7os tecnol\u00f3gicos, \u00e0 realiza\u00e7\u00e3o de extens\u00e3o tecnol\u00f3gica e\/ou ao desenvolvimento de encomenda tecnol\u00f3gica, conforme conceitos e nos termos previstos da Lei n\u00ba. 10.973, de 02 de dezembro de 2004, no Decreto n\u00ba 9.283, de 07 de fevereiro de 2018, e na Resolu\u00e7\u00e3o n\u00ba 23, de 08 de novembro de 2019, do COCEPE (Pol\u00edtica de Inova\u00e7\u00e3o da UFPEL), visando a gera\u00e7\u00e3o de conhecimento em \u00e1reas estrat\u00e9gicas e ao desenvolvimento de tecnologias, a fim de promover a sua apropria\u00e7\u00e3o pelos diversos segmentos da sociedade;<\/li>\n<li>Atividades destinadas a promover prote\u00e7\u00e3o e a gest\u00e3o da cria\u00e7\u00e3o intelectual e de todas as formas do conhecimento geradas no \u00e2mbito da UFPel e\/ou de inven\u00e7\u00f5es por ela adotadas de inventores independentes, bem como a transfer\u00eancia da respectiva tecnologia, mediante contratos de cess\u00e3o, transfer\u00eancia e\/ou licenciamento\u00a0 aos diversos setores da economia, entre outras formas legais;<\/li>\n<li>O compartilhamento e\/ou a permiss\u00e3o de uso de laborat\u00f3rios, equipamentos, recursos humanos e capital intelectual da UFPEL com setores empresariais, governamentais e n\u00e3o governamentais, p\u00fablicos e privados, com o objetivo de buscar resultados ben\u00e9ficos para a introdu\u00e7\u00e3o de inova\u00e7\u00f5es nos diversos setores da economia;<\/li>\n<li>Nos termos da Lei n\u00ba. 10.973, de 02 de dezembro de 2004 e do Decreto n\u00ba 9.283 de 07 de fevereiro de 2018, financiamento, subven\u00e7\u00e3o econ\u00f4mica, outros tipos de apoio financeiro reembols\u00e1vel ou n\u00e3o reembols\u00e1vel e incentivos fiscais e tribut\u00e1rios, para a implanta\u00e7\u00e3o e a consolida\u00e7\u00e3o de ambientes promotores da inova\u00e7\u00e3o;<\/li>\n<li>Atividades que envolvam a formaliza\u00e7\u00e3o de parcerias com institui\u00e7\u00f5es p\u00fablicas e privadas, visando a realiza\u00e7\u00e3o de atividades conjuntas de pesquisa cient\u00edfica e tecnol\u00f3gica para o desenvolvimento e\/ou inser\u00e7\u00e3o de inova\u00e7\u00f5es ou melhorias em produtos, servi\u00e7os ou processos nos diversos setores da economia.<\/li>\n<\/ol>\n<h3><\/h3>\n<h3><b>HIST\u00d3RICO<\/b><\/h3>\n<p><span style=\"font-weight: 400;\">A<\/span><a href=\"https:\/\/drive.google.com\/a\/inf.ufpel.edu.br\/file\/d\/0B8gJZ7_S-CGKdVZyaTZ4MUVyTUk\/view\"> <b>Lei 10.973\/2004 \u2013 Lei de Inova\u00e7\u00e3o<\/b><\/a><span style=\"font-weight: 400;\"> passou a exigir de todas as <\/span><b>Institui\u00e7\u00f5es Cient\u00edficas e Tecnol\u00f3gicas \u2013 ICT<\/b><span style=\"font-weight: 400;\">, a cria\u00e7\u00e3o de <\/span><b>N\u00facleos de Inova\u00e7\u00e3o Tecnol\u00f3gica<\/b> <b>\u2013 NIT<\/b><span style=\"font-weight: 400;\">. A <\/span><b>Universidade Federal de Pelotas<\/b><span style=\"font-weight: 400;\"> passou a atender esta exig\u00eancia legal, criando, atrav\u00e9s da<\/span><a href=\"https:\/\/drive.google.com\/file\/d\/0B8gJZ7_S-CGKR1BkVWNyQkJhazQ\/view?usp=sharing\"> <b>Portaria n\u00ba.14, de 05 de janeiro de 2005<\/b><\/a><span style=\"font-weight: 400;\">, o seu <\/span><b>N\u00facleo de Inova\u00e7\u00e3o Tecnol\u00f3gica<\/b> <b>&#8211; NIT<\/b><span style=\"font-weight: 400;\">, o qual recebeu o nome de <\/span><b>Ag\u00eancia de Gest\u00e3o Tecnol\u00f3gica e Propriedade Intelectual \u2013 AGT<\/b><span style=\"font-weight: 400;\">, junto a <\/span><b>Pr\u00f3-Reitoria de Pesquisa e P\u00f3s-Gradua\u00e7\u00e3o<\/b><span style=\"font-weight: 400;\">. O<\/span><b> Conselho Universit\u00e1rio &#8211; CONSUN<\/b><span style=\"font-weight: 400;\">, no dia 21\/09\/2005, aprovou a cria\u00e7\u00e3o e nomeou uma comiss\u00e3o para elabora\u00e7\u00e3o e an\u00e1lise do Regimento da AGT, conforme registrado na ata do CONSUN n\u00ba. 05\/2005.<\/span><\/p>\n<p><span style=\"font-weight: 400;\">A Portaria n\u00ba. 1005 de 23 de setembro de 2005 constituiu uma comiss\u00e3o especial para estudo e propositura do regimento e normatiza\u00e7\u00e3o da AGT, formada por seis professores, um t\u00e9cnico administrativo e um acad\u00eamico. Mais tarde, o Conselho Universit\u00e1rio, em reuni\u00e3o realizada no dia 17 de dezembro de 2007, aprovou, atrav\u00e9s das Resolu\u00e7\u00f5es de n\u00ba 01 e 02, respectivamente o Regimento e a Normatiza\u00e7\u00e3o da Ag\u00eancia de Gest\u00e3o Tecnol\u00f3gica e Propriedade Intelectual \u2013 AGT, vinculada ao Gabinete do Reitor.<\/span><\/p>\n<p><span style=\"font-weight: 400;\">A Portaria n\u00ba. 143, de 04 de mar\u00e7o de 2008, designou o Professor Anderson Orestes Cavalcante Lobato como primeiro Diretor Executivo da AGT. Em 12 de Agosto de 2009, atrav\u00e9s da Portaria n\u00ba 1208 do Gabinete do Reitor, foi nomeado o Professor Evandro Piva, como novo Diretor Executivo.<\/span><\/p>\n<p><span style=\"font-weight: 400;\">Para regulariza\u00e7\u00e3o e inser\u00e7\u00e3o da AGT na estrutura administrativa da UFPel, foi emitida a Portaria 1.393 de 21 de outubro de 2009, consolidando o regimento e a normatiza\u00e7\u00e3o da AGT que haviam sido aprovados pelo CONSUN da UFPel.<\/span><\/p>\n<p><span style=\"font-weight: 400;\">Atrav\u00e9s da Portaria n\u00ba 525 de 17 de abril de 2012, foi nomeado Diretor Executivo da AGT, o Economista Roberto Neme Clasen e, mais tarde, a Portaria n\u00ba 338 de 30 de janeiro de 2013, conduziu \u00e0 Dire\u00e7\u00e3o Executiva da AGT o Professor M\u00e1rio Duarte Canever.<\/span><\/p>\n<p><span style=\"font-weight: 400;\">Com a mudan\u00e7a na estrutura administrativa da <\/span><b>UFPel<\/b><span style=\"font-weight: 400;\">, implantada pela Resolu\u00e7\u00e3o CONSUN n\u00ba 04 de 23 de maio de 2013, a ent\u00e3o <\/span><b>Ag\u00eancia de Gest\u00e3o Tecnol\u00f3gica \u2013 AGT<\/b><span style=\"font-weight: 400;\"> passa por um processo de reestrutura\u00e7\u00e3o, adotando a atual denomina\u00e7\u00e3o de <\/span><b>Coordena\u00e7\u00e3o de Inova\u00e7\u00e3o Tecnol\u00f3gica \u2013 CIT<\/b><span style=\"font-weight: 400;\">, voltando a ficar vinculada \u00e0 <\/span><b>Pr\u00f3-Reitoria de Pesquisa e P\u00f3s-Gradua\u00e7\u00e3o<\/b><span style=\"font-weight: 400;\">, sendo mantido seu ent\u00e3o Diretor Executivo, Professor M\u00e1rio Duarte Canever, que passou a ocupar, desde ent\u00e3o, a fun\u00e7\u00e3o de <\/span><b>Coordenador de Inova\u00e7\u00e3o Tecnol\u00f3gica da UFPel<\/b><span style=\"font-weight: 400;\">.<\/span><\/p>\n<p><span style=\"font-weight: 400;\">Em 10\/09\/2015, atrav\u00e9s da Portaria n\u00ba 1.141\/2015, assume como Coordenador da CIT, Rafael Guerra Lund, permanecendo at\u00e9 10\/01\/2017.<\/span><\/p>\n<p><span style=\"font-weight: 400;\">Em 11\/01\/2017, atrav\u00e9s da Portaria n\u00ba 124\/2017, assume o Coordenador da CIT, Vinicius Farias Campos, e a Pr\u00f3-Reitoria de Pesquisa e P\u00f3s-Gradua\u00e7\u00e3o passa a se chamar <strong>Pr\u00f3-Reitoria de Pesquisa, P\u00f3s-Gradua\u00e7\u00e3o e Inova\u00e7\u00e3o &#8211; PRPPGI<\/strong>.<\/span><\/p>\n<p>Em 16\/06\/2021, foi criada a <a href=\"https:\/\/wp.ufpel.edu.br\/inova\/\">INOVA &#8211; Superindend\u00eancia de Inova\u00e7\u00e3o e Desenvolvimento Interinstitucional<\/a>, vinculada ao Gabinete da Reitoria, e a CIT foi transformada no <b>Escrit\u00f3rio de Propriedade Intelectual, Transfer\u00eancia de Tecnologia e Empreendedorismo &#8211; EPITTE<\/b>, agora vinculado a INOVA e, atua coordenado por Felipe de Souza Marques.<\/p>\n<h3><b>\u00a0<\/b><\/h3>\n<h3><b>ESTRUTURA<\/b><\/h3>\n<p><span style=\"font-weight: 400;\">O <\/span><b>Escrit\u00f3rio de Propriedade Intelectual, Transfer\u00eancia de Tecnologia e Empreendedorismo &#8211; EPITTE<\/b><span style=\"font-weight: 400;\"> \u00e9 composto pela <\/span><b>Se\u00e7\u00e3o de Desenvolvimento e Transfer\u00eancia de Tecnologia &#8211; SDTTEC.<\/b><\/p>\n<p><span style=\"font-weight: 400;\">A SDTTEC \u00e9 o \u00f3rg\u00e3o respons\u00e1vel pelas atividades que envolvam a transfer\u00eancia de conhecimento e\/ou o licenciamento de tecnologia e demais quest\u00f5es referentes aos procedimentos de garantia e manuten\u00e7\u00e3o da propriedade intelectual de cria\u00e7\u00f5es de titularidade da UFPel.<\/span><\/p>\n<p>&nbsp;<\/p>\n","protected":false},"excerpt":{"rendered":"<p>OBJETIVO Estimular e promover a gera\u00e7\u00e3o e a introdu\u00e7\u00e3o de inova\u00e7\u00f5es no ambiente produtivo, criativo e colaborativo, podendo, para alcan\u00e7ar [&hellip;]<\/p>\n","protected":false},"author":46,"featured_media":0,"parent":10,"menu_order":0,"comment_status":"closed","ping_status":"closed","template":"","meta":{"footnotes":""},"class_list":["post-1113","page","type-page","status-publish","hentry","post"],"_links":{"self":[{"href":"https:\/\/wp.ufpel.edu.br\/epitte\/wp-json\/wp\/v2\/pages\/1113","targetHints":{"allow":["GET"]}}],"collection":[{"href":"https:\/\/wp.ufpel.edu.br\/epitte\/wp-json\/wp\/v2\/pages"}],"about":[{"href":"https:\/\/wp.ufpel.edu.br\/epitte\/wp-json\/wp\/v2\/types\/page"}],"author":[{"embeddable":true,"href":"https:\/\/wp.ufpel.edu.br\/epitte\/wp-json\/wp\/v2\/users\/46"}],"replies":[{"embeddable":true,"href":"https:\/\/wp.ufpel.edu.br\/epitte\/wp-json\/wp\/v2\/comments?post=1113"}],"version-history":[{"count":18,"href":"https:\/\/wp.ufpel.edu.br\/epitte\/wp-json\/wp\/v2\/pages\/1113\/revisions"}],"predecessor-version":[{"id":3089,"href":"https:\/\/wp.ufpel.edu.br\/epitte\/wp-json\/wp\/v2\/pages\/1113\/revisions\/3089"}],"up":[{"embeddable":true,"href":"https:\/\/wp.ufpel.edu.br\/epitte\/wp-json\/wp\/v2\/pages\/10"}],"wp:attachment":[{"href":"https:\/\/wp.ufpel.edu.br\/epitte\/wp-json\/wp\/v2\/media?parent=1113"}],"curies":[{"name":"wp","href":"https:\/\/api.w.org\/{rel}","templated":true}]}}