{"id":155,"date":"2013-08-07T10:03:28","date_gmt":"2013-08-07T13:03:28","guid":{"rendered":"https:\/\/wp.ufpel.edu.br\/epim\/?page_id=155"},"modified":"2013-08-09T12:26:07","modified_gmt":"2013-08-09T15:26:07","slug":"inicio","status":"publish","type":"page","link":"https:\/\/wp.ufpel.edu.br\/epim\/","title":{"rendered":"IN\u00cdCIO"},"content":{"rendered":"<p style=\"text-align: center\" align=\"center\"><span style=\"font-size: medium;font-family: 'book antiqua', palatino\">O Curso de P\u00f3s-Gradua\u00e7\u00e3o\u00a0<i>Lato Sensu<\/i>\u00a0em Produ\u00e7\u00e3o Industrial Madeireira, em n\u00edvel de Especializa\u00e7\u00e3o (EPIM) do Centro de Engenharias (CENG) da Universidade Federal de Pelotas (UFPel) tem como principais preceitos possibilitar o aprimoramento na forma\u00e7\u00e3o de engenheiros e demais profissionais de n\u00edvel superior que atuam no setor industrial madeireiro, assim como, a proposi\u00e7\u00e3o de desenvolver a\u00e7\u00f5es qualificadas que contribuam para o desenvolvimento da ind\u00fastria madeireira.<\/span><\/p>\n<p style=\"text-align: center\" align=\"center\"><span style=\"font-size: medium;font-family: 'book antiqua', palatino\">O Edital do Processo de Sele\u00e7\u00e3o da primeira turma est\u00e1\u00a0dispon\u00edvel\u00a0no link\u00a0<\/span><\/p>\n<p style=\"text-align: center\" align=\"center\"><span style=\"font-size: medium;font-family: 'book antiqua', palatino\">Processo de Sele\u00e7\u00e3o: <a href=\"https:\/\/wp.ufpel.edu.br\/epim\/?page_id=173\" target=\"_blank\">https:\/\/wp.ufpel.edu.br\/epim\/processo-de-selecao\/<\/a><\/span><\/p>\n<p style=\"text-align: center\"><span style=\"font-size: medium;font-family: 'book antiqua', palatino\"><b>As inscri\u00e7\u00f5es ocorrer\u00e3o no per\u00edodo de 12 a 23 de agosto de 2013.<\/b><\/span><\/p>\n","protected":false},"excerpt":{"rendered":"<p>O Curso de P\u00f3s-Gradua\u00e7\u00e3o\u00a0Lato Sensu\u00a0em Produ\u00e7\u00e3o Industrial Madeireira, em n\u00edvel de Especializa\u00e7\u00e3o (EPIM) do Centro de Engenharias (CENG) da Universidade Federal de Pelotas (UFPel) tem como principais preceitos possibilitar o aprimoramento na forma\u00e7\u00e3o de engenheiros e demais profissionais de n\u00edvel superior que atuam no setor industrial madeireiro, assim como, a proposi\u00e7\u00e3o de desenvolver a\u00e7\u00f5es qualificadas &hellip; <\/p>\n<p><a class=\"more-link btn\" href=\"https:\/\/wp.ufpel.edu.br\/epim\/\">Continue lendo<\/a><\/p>\n","protected":false},"author":264,"featured_media":0,"parent":0,"menu_order":0,"comment_status":"closed","ping_status":"closed","template":"template-twocolumnsleft.php","meta":{"jetpack_post_was_ever_published":false,"footnotes":""},"class_list":["post-155","page","type-page","status-publish","hentry","nodate","item-wrap"],"jetpack_sharing_enabled":true,"jetpack_shortlink":"https:\/\/wp.me\/P6REk8-2v","_links":{"self":[{"href":"https:\/\/wp.ufpel.edu.br\/epim\/index.php?rest_route=\/wp\/v2\/pages\/155","targetHints":{"allow":["GET"]}}],"collection":[{"href":"https:\/\/wp.ufpel.edu.br\/epim\/index.php?rest_route=\/wp\/v2\/pages"}],"about":[{"href":"https:\/\/wp.ufpel.edu.br\/epim\/index.php?rest_route=\/wp\/v2\/types\/page"}],"author":[{"embeddable":true,"href":"https:\/\/wp.ufpel.edu.br\/epim\/index.php?rest_route=\/wp\/v2\/users\/264"}],"replies":[{"embeddable":true,"href":"https:\/\/wp.ufpel.edu.br\/epim\/index.php?rest_route=%2Fwp%2Fv2%2Fcomments&post=155"}],"version-history":[{"count":5,"href":"https:\/\/wp.ufpel.edu.br\/epim\/index.php?rest_route=\/wp\/v2\/pages\/155\/revisions"}],"predecessor-version":[{"id":205,"href":"https:\/\/wp.ufpel.edu.br\/epim\/index.php?rest_route=\/wp\/v2\/pages\/155\/revisions\/205"}],"wp:attachment":[{"href":"https:\/\/wp.ufpel.edu.br\/epim\/index.php?rest_route=%2Fwp%2Fv2%2Fmedia&parent=155"}],"curies":[{"name":"wp","href":"https:\/\/api.w.org\/{rel}","templated":true}]}}

INÍCIO

<p style="text-align: center" align="center"><span style="font-size: medium;font-family: 'book antiqua', palatino">O Curso de Pós-Graduação <i>Lato Sensu</i> em Produção Industrial Madeireira, em nível de Especialização (EPIM) do Centro de Engenharias (CENG) da Universidade Federal de Pelotas (UFPel) tem como principais preceitos possibilitar o aprimoramento na formação de engenheiros e demais profissionais de nível superior que atuam no setor industrial madeireiro, assim como, a proposição de desenvolver ações qualificadas que contribuam para o desenvolvimento da indústria madeireira.</span></p>
<p style="text-align: center" align="center"><span style="font-size: medium;font-family: 'book antiqua', palatino">O Edital do Processo de Seleção da primeira turma está disponível no link </span></p>
<p style="text-align: center" align="center"><span style="font-size: medium;font-family: 'book antiqua', palatino">Processo de Seleção: <a href="https://wp.ufpel.edu.br/epim/?page_id=173" target="_blank">https://wp.ufpel.edu.br/epim/processo-de-selecao/</a></span></p>
<p style="text-align: center"><span style="font-size: medium;font-family: 'book antiqua', palatino"><b>As inscrições ocorrerão no período de 12 a 23 de agosto de 2013.</b></span></p>

<p>O Curso de Pós-Graduação Lato Sensu em Produção Industrial Madeireira, em nível de Especialização (EPIM) do Centro de Engenharias (CENG) da Universidade Federal de Pelotas (UFPel) tem como principais preceitos possibilitar o aprimoramento na formação de engenheiros e demais profissionais de nível superior que atuam no setor industrial madeireiro, assim como, a proposição de desenvolver ações qualificadas &hellip; </p>
<p><a class="more-link btn" href="https://wp.ufpel.edu.br/epim/">Continue lendo</a></p>
