{"id":2,"date":"2020-05-13T11:53:18","date_gmt":"2020-05-13T14:53:18","guid":{"rendered":"https:\/\/wp.ufpel.edu.br\/epdi\/?page_id=2"},"modified":"2023-11-21T15:49:25","modified_gmt":"2023-11-21T18:49:25","slug":"home","status":"publish","type":"page","link":"https:\/\/wp.ufpel.edu.br\/epdi\/","title":{"rendered":"Economia, Pol\u00edtica e Desenvolvimento Internacional"},"content":{"rendered":"\r\n<p>O grupo de pesquisa \u201cEconomia, Pol\u00edtica e Desenvolvimento Internacional\u201d tem como objetivo investigar as transforma\u00e7\u00f5es internacionais onde o mundo em desenvolvimento tem papel de destaque.<\/p>\r\n<p><strong>Conta com tr\u00eas linhas de pesquisa:<\/strong><\/p>\r\n<ul>\r\n<li>Poder Global e Desenvolvimento do Capitalismo<\/li>\r\n<li>Governan\u00e7a Internacional e Mundo em Desenvolvimento<\/li>\r\n<li>Pol\u00edtica, Tributos e Participa\u00e7\u00e3o<\/li>\r\n<\/ul>\r\n<p><br \/>As discuss\u00f5es tem como recorte te\u00f3rico-metodol\u00f3gico a Economia Pol\u00edtica Internacional e a Pol\u00edtica Internacional Contempor\u00e2nea admitindo os mais variados m\u00e9todos das ci\u00eancias sociais\u00a0aplicadas.<\/p>\r\n<p>O grupo de pesquisa \u201cEconomia, Pol\u00edtica e Desenvolvimento Internacional\u201d foi criado em 2020 e esta vinculado ao <a href=\"https:\/\/wp.ufpel.edu.br\/ri\/\">curso de Rela\u00e7\u00f5es Internacionais<\/a> e ao <a href=\"https:\/\/wp.ufpel.edu.br\/ppgcienciapolitica\/apresentacao\/o-ppgcpol\/\">Programa de P\u00f3s-Gradua\u00e7\u00e3o Em Ci\u00eancia Pol\u00edtica<\/a> da <a href=\"https:\/\/portal.ufpel.edu.br\">UFPel<\/a> . Coordenado pelo Prof. Dr. William Daldegan, conta com pesquisadores de in\u00fameras institui\u00e7\u00f5es de ensino superior do Brasil. Atualmente desenvolve pesquisa com financiamento da Funda\u00e7\u00e3o de Amparo a Pesquisa do Estado do Rio Grande do Sul (FAPERGS).\u00a0Ademais, \u00e9 registrado na plataforma Lattes do Conselho Nacional de Desenvolvimento Cient\u00edfico e Tecnol\u00f3gico (CNPq) e certificado pela Universidade Federal de Pelotas (UFPel). Pode ser acessado pelo link abaixo:\u00a0<\/p>\r\n<p><a href=\"http:\/\/dgp.cnpq.br\/dgp\/espelhogrupo\/561547\" target=\"_blank\" rel=\"noopener noreferrer\" data-saferedirecturl=\"https:\/\/www.google.com\/url?q=http:\/\/dgp.cnpq.br\/dgp\/espelhogrupo\/561547&amp;source=gmail&amp;ust=1589642209183000&amp;usg=AFQjCNHnDSo3d-MsjkhVPJGO41OiUd9cgQ\">http:\/\/dgp.cnpq.br\/dgp\/espelhogrupo\/561547<\/a><\/p>\r\n","protected":false},"excerpt":{"rendered":"<p>O grupo de pesquisa \u201cEconomia, Pol\u00edtica e Desenvolvimento Internacional\u201d tem como objetivo investigar as transforma\u00e7\u00f5es internacionais onde o mundo em desenvolvimento tem papel de destaque. Conta com tr\u00eas linhas de pesquisa: Poder Global e Desenvolvimento do Capitalismo Governan\u00e7a Internacional e Mundo em Desenvolvimento Pol\u00edtica, Tributos e Participa\u00e7\u00e3o As discuss\u00f5es tem como recorte te\u00f3rico-metodol\u00f3gico a Economia &hellip; <\/p>\n<p><a class=\"more-link btn\" href=\"https:\/\/wp.ufpel.edu.br\/epdi\/\">Continue lendo<\/a><\/p>\n","protected":false},"author":1006,"featured_media":0,"parent":0,"menu_order":0,"comment_status":"closed","ping_status":"closed","template":"","meta":{"footnotes":""},"class_list":["post-2","page","type-page","status-publish","hentry","nodate","item-wrap"],"jetpack_sharing_enabled":true,"_links":{"self":[{"href":"https:\/\/wp.ufpel.edu.br\/epdi\/wp-json\/wp\/v2\/pages\/2","targetHints":{"allow":["GET"]}}],"collection":[{"href":"https:\/\/wp.ufpel.edu.br\/epdi\/wp-json\/wp\/v2\/pages"}],"about":[{"href":"https:\/\/wp.ufpel.edu.br\/epdi\/wp-json\/wp\/v2\/types\/page"}],"author":[{"embeddable":true,"href":"https:\/\/wp.ufpel.edu.br\/epdi\/wp-json\/wp\/v2\/users\/1006"}],"replies":[{"embeddable":true,"href":"https:\/\/wp.ufpel.edu.br\/epdi\/wp-json\/wp\/v2\/comments?post=2"}],"version-history":[{"count":19,"href":"https:\/\/wp.ufpel.edu.br\/epdi\/wp-json\/wp\/v2\/pages\/2\/revisions"}],"predecessor-version":[{"id":792,"href":"https:\/\/wp.ufpel.edu.br\/epdi\/wp-json\/wp\/v2\/pages\/2\/revisions\/792"}],"wp:attachment":[{"href":"https:\/\/wp.ufpel.edu.br\/epdi\/wp-json\/wp\/v2\/media?parent=2"}],"curies":[{"name":"wp","href":"https:\/\/api.w.org\/{rel}","templated":true}]}}