{"id":155,"date":"2020-05-15T20:14:33","date_gmt":"2020-05-15T23:14:33","guid":{"rendered":"https:\/\/wp.ufpel.edu.br\/epdi\/?page_id=155"},"modified":"2021-01-06T10:43:30","modified_gmt":"2021-01-06T13:43:30","slug":"acervo","status":"publish","type":"page","link":"https:\/\/wp.ufpel.edu.br\/epdi\/para-alem-das-fronteiras-videoconferencias-em-ri\/acervo\/","title":{"rendered":"Acervo"},"content":{"rendered":"<p style=\"text-align: justify\"><strong>Edi\u00e7\u00f5es Especiais<\/strong><\/p>\n<p style=\"text-align: justify\">Palestra: Biden presidente eleito nos EUA: o que esperar?<br \/>\nPalestrante: Prof. Dr. Lucas Leite<br \/>\nAssista aqui &gt;&gt; <a href=\"https:\/\/youtu.be\/x78WvZiL9G8\">https:\/\/youtu.be\/x78WvZiL9G8<\/a><\/p>\n<p>[13\/11\/2020]<br \/>\n_______________________________________________________________________<\/p>\n<p style=\"text-align: justify\"><strong>Edi\u00e7\u00e3o 2020 &#8211; em parceria com o\u00a0<a href=\"https:\/\/www.santiagodantas-ppgri.org\">PPGRI San Tiago Dantas <\/a>(UNESP\/ UNICAMP\/ PUC SP)<\/strong><\/p>\n<p style=\"text-align: justify\"><em><strong>&gt;&gt; Bloco tem\u00e1tico \u201cOs EUA na \u00faltima d\u00e9cada\u201d<\/strong><\/em><\/p>\n<p style=\"text-align: justify\">Palestra: Os Estados Unidos 2020: Tens\u00e3o e Elei\u00e7\u00e3o<br \/>\nPalestrante: Profa Dra Cristina Pecequilo<br \/>\nAssista aqui &gt;&gt; <a href=\"https:\/\/youtu.be\/0i4n3gf2lTs\">https:\/\/youtu.be\/0i4n3gf2lTs<\/a><\/p>\n<p>[10\/06\/2020]<br \/>\n_______________________________________________________________________<\/p>\n<p>Palestra: A Pol\u00edtica Externa dos EUA para a Am\u00e9rica Latina: entre a neglig\u00eancia e a influ\u00eancia<br \/>\nPalestrante: Profa Dra L\u00edvia Milani<br \/>\nAssista aqui &gt;&gt; <a href=\"https:\/\/youtu.be\/98H0PqWhC6c\">https:\/\/youtu.be\/98H0PqWhC6c<\/a><\/p>\n<p>[17\/06\/2020]<br \/>\n_______________________________________________________________________<\/p>\n<p>Palestra:\u00a0A Guerra Global ao Terror: Reflex\u00f5es sobre o papel dos EUA no combate ao terrorismo na \u00faltima d\u00e9cada<br \/>\nPalestrante: Profa Dra Mariana Bernussi<br \/>\nAssista aqui &gt;&gt; <a href=\"https:\/\/youtu.be\/fMIvUgeWiY0\">https:\/\/youtu.be\/fMIvUgeWiY0<\/a><\/p>\n<p>[24\/06\/2020]<br \/>\n_______________________________________________________________________<\/p>\n<p>Palestra: Trump e sua campanha de reelei\u00e7\u00e3o diante de um contexto de tr\u00edplice crise nos Estados Unidos: em destaque a crise econ\u00f4mica e as rela\u00e7\u00f5es comerciais<br \/>\nPalestrante: Profa Dra Neusa Bojikian<br \/>\nAssista aqui &gt;&gt; <a href=\"https:\/\/youtu.be\/vIDbnZ9_3yU\">https:\/\/youtu.be\/vIDbnZ9_3yU<\/a><\/p>\n<p>[01\/07\/2020]<br \/>\n_______________________________________________________________________<\/p>\n<p>Palestra: Ar\u00e1bia Saudita e Estados Unidos: uma rela\u00e7\u00e3o especial?<br \/>\nPalestrante: Profa Ms Elcin\u00e9ia Castro<br \/>\nAssista aqui &gt;&gt; <a href=\"https:\/\/youtu.be\/K-LXtZqVECw\">https:\/\/youtu.be\/K-LXtZqVECw<\/a><\/p>\n<p>[08\/07\/2020]<br \/>\n_______________________________________________________________________<\/p>\n<p>&nbsp;<\/p>\n<p><em><strong>&gt;&gt; Bloco tem\u00e1tico \u201cA conjuntura latino-americana\u201d<\/strong><\/em><\/p>\n<p>Palestra: For\u00e7as Armadas e Pol\u00edtica na Argentina e Brasil: passado e presente<br \/>\nPalestrante: Pesquisador Matheus de Oliveira Pereira<br \/>\nAssista aqui &gt;&gt;<a href=\"https:\/\/youtu.be\/TGIu0MuDLug\"> https:\/\/youtu.be\/TGIu0MuDLug<\/a><\/p>\n<p>[15\/07\/2020]<br \/>\n_______________________________________________________________________<\/p>\n<p>Palestra: Um panorama geral sobre o papel dos militares na vida pol\u00edtica venezuelana, a partir de uma an\u00e1lise hist\u00f3rica<br \/>\nPalestrante: Profa Dra Carolina Pedroso<br \/>\nAssista aqui &gt;&gt;<a href=\"https:\/\/youtu.be\/MX9f2j5c61Y\"> https:\/\/youtu.be\/MX9f2j5c61Y<\/a><\/p>\n<p>[22\/07\/2020]<br \/>\n_______________________________________________________________________<\/p>\n<p>Palestra: A crise do regionalismo na Am\u00e9rica Latina<br \/>\nPalestrante: Prof Ms Guilherme Ferreira<br \/>\nAssista aqui &gt;&gt;\u00a0<a href=\"https:\/\/youtu.be\/fsxDwxvZ3LI\">https:\/\/youtu.be\/fsxDwxvZ3LI<\/a><\/p>\n<p>[29\/07\/2020]<br \/>\n_______________________________________________________________________<\/p>\n<p>Palestra: O M\u00e9xico no\u00a0USMCA: significados e perspectivas para a pol\u00edtica externa e de desenvolvimento<br \/>\nPalestrante: Pesquisadora Marcela Franzoni<br \/>\nAssista aqui &gt;&gt;<a href=\"https:\/\/youtu.be\/_QjR19h5NCs\"> https:\/\/youtu.be\/_QjR19h5NCs<\/a><\/p>\n<p>[05\/08\/2020]<br \/>\n_______________________________________________________________________<\/p>\n<p>Palestra: Cuba no Sistema Internacional: \u00d3rbita e Autonomia<br \/>\nPalestrante: Prof. Dr. Alfredo Martinez<br \/>\nAssista aqui &gt;&gt; <a href=\"https:\/\/youtu.be\/iJECeb47cSw\">https:\/\/youtu.be\/iJECeb47cSw<\/a><\/p>\n<p>[12\/08\/2020]<\/p>\n<p>&nbsp;<\/p>\n<p><em><strong>&gt;&gt; Bloco tem\u00e1tico \u201cDebates Contempor\u00e2neos em RI\u201d<\/strong><\/em><\/p>\n<p>Palestra: Cidades e governos estaduais nas Rela\u00e7\u00f5es Internacionais: um \u201cestado da arte\u201d<br \/>\nPalestrante: Prof. Dr. Cairo Junqueira<br \/>\nAssista aqui &gt;&gt; <a href=\"https:\/\/youtu.be\/laGaAUofGmM\">https:\/\/youtu.be\/laGaAUofGmM<\/a><\/p>\n<p>[19\/08\/2020]<br \/>\n_______________________________________________________________________<\/p>\n<p>Palestra: O nexo \u00e1gua-energia na pol\u00edtica ambiental global<br \/>\nPalestrante: Profa. Dra. Fernanda Sant&#8217;Anna<br \/>\nAssista aqui &gt;&gt; <a href=\"https:\/\/youtu.be\/t68FFPkRnSc\">https:\/\/youtu.be\/t68FFPkRnSc<\/a><\/p>\n<p>[26\/08\/2020]<br \/>\n_______________________________________________________________________<\/p>\n<p>Palestra: A geopol\u00edtica e a geoeconomia da Europa Centro-Oriental: limita\u00e7\u00f5es e potencialidades do Grupo de Visegrado frente \u00e0 proje\u00e7\u00e3o russo-germ\u00e2nica<br \/>\nPalestrante: Pesquisadora Let\u00edcia Ferreira<br \/>\nAssista aqui &gt;&gt;<a href=\"https:\/\/youtu.be\/-ib3tEUTUJk\"> https:\/\/youtu.be\/-ib3tEUTUJk<\/a><\/p>\n<p>[02\/09\/2020]<br \/>\n_______________________________________________________________________<\/p>\n<p>Palestra: As ruas em disputa: entre o direito ao protesto e a perturba\u00e7\u00e3o da ordem<br \/>\nPalestrante: Prof. Dra. Ana Penido<br \/>\nAssista aqui &gt;&gt; <a href=\"https:\/\/youtu.be\/K0RzrCaeu00\">https:\/\/youtu.be\/K0RzrCaeu00<\/a><\/p>\n<p>[09\/09\/2020]<br \/>\n_______________________________________________________________________<\/p>\n<p>Palestra: Paz e conflitos nos Grandes Lagos Africanos: o caso da Rep\u00fablica Democr\u00e1tica do Congo<br \/>\nPalestrante: Pesquisador Laurindo Tchinhama<br \/>\nAssista aqui &gt;&gt; <a href=\"https:\/\/youtu.be\/5N3WyU3G1Yg\">https:\/\/youtu.be\/5N3WyU3G1Yg<\/a><\/p>\n<p>[16\/09\/2020]<\/p>\n","protected":false},"excerpt":{"rendered":"<p>Edi\u00e7\u00f5es Especiais Palestra: Biden presidente eleito nos EUA: o que esperar? Palestrante: Prof. Dr. Lucas Leite Assista aqui &gt;&gt; https:\/\/youtu.be\/x78WvZiL9G8 [13\/11\/2020] _______________________________________________________________________ Edi\u00e7\u00e3o 2020 &#8211; em parceria com o\u00a0PPGRI San Tiago Dantas (UNESP\/ UNICAMP\/ PUC SP) &gt;&gt; Bloco tem\u00e1tico \u201cOs EUA na \u00faltima d\u00e9cada\u201d Palestra: Os Estados Unidos 2020: Tens\u00e3o e Elei\u00e7\u00e3o Palestrante: Profa Dra &hellip; <\/p>\n<p><a class=\"more-link btn\" href=\"https:\/\/wp.ufpel.edu.br\/epdi\/para-alem-das-fronteiras-videoconferencias-em-ri\/acervo\/\">Continue lendo<\/a><\/p>\n","protected":false},"author":1006,"featured_media":0,"parent":95,"menu_order":4,"comment_status":"closed","ping_status":"closed","template":"template-twocolumnsleft.php","meta":{"footnotes":""},"class_list":["post-155","page","type-page","status-publish","hentry","nodate","item-wrap"],"jetpack_sharing_enabled":true,"_links":{"self":[{"href":"https:\/\/wp.ufpel.edu.br\/epdi\/wp-json\/wp\/v2\/pages\/155","targetHints":{"allow":["GET"]}}],"collection":[{"href":"https:\/\/wp.ufpel.edu.br\/epdi\/wp-json\/wp\/v2\/pages"}],"about":[{"href":"https:\/\/wp.ufpel.edu.br\/epdi\/wp-json\/wp\/v2\/types\/page"}],"author":[{"embeddable":true,"href":"https:\/\/wp.ufpel.edu.br\/epdi\/wp-json\/wp\/v2\/users\/1006"}],"replies":[{"embeddable":true,"href":"https:\/\/wp.ufpel.edu.br\/epdi\/wp-json\/wp\/v2\/comments?post=155"}],"version-history":[{"count":24,"href":"https:\/\/wp.ufpel.edu.br\/epdi\/wp-json\/wp\/v2\/pages\/155\/revisions"}],"predecessor-version":[{"id":585,"href":"https:\/\/wp.ufpel.edu.br\/epdi\/wp-json\/wp\/v2\/pages\/155\/revisions\/585"}],"up":[{"embeddable":true,"href":"https:\/\/wp.ufpel.edu.br\/epdi\/wp-json\/wp\/v2\/pages\/95"}],"wp:attachment":[{"href":"https:\/\/wp.ufpel.edu.br\/epdi\/wp-json\/wp\/v2\/media?parent=155"}],"curies":[{"name":"wp","href":"https:\/\/api.w.org\/{rel}","templated":true}]}}