{"id":114,"date":"2020-05-14T19:28:49","date_gmt":"2020-05-14T22:28:49","guid":{"rendered":"https:\/\/wp.ufpel.edu.br\/epdi\/?page_id=114"},"modified":"2020-06-08T16:13:45","modified_gmt":"2020-06-08T19:13:45","slug":"parceiros","status":"publish","type":"page","link":"https:\/\/wp.ufpel.edu.br\/epdi\/para-alem-das-fronteiras-videoconferencias-em-ri\/parceiros\/","title":{"rendered":"Parceiros"},"content":{"rendered":"<p><a href=\"https:\/\/www.santiagodantas-ppgri.org\"><img loading=\"lazy\" decoding=\"async\" class=\"aligncenter size-full wp-image-349\" src=\"https:\/\/wp.ufpel.edu.br\/epdi\/files\/2020\/06\/Captura-de-Tela-2020-06-04-\u00e0s-12.19.52.png\" alt=\"\" width=\"336\" height=\"116\" \/><\/a><\/p>\n<p><a href=\"https:\/\/www.santiagodantas-ppgri.org\">Programa de P\u00f3s-Gradua\u00e7\u00e3o em Rela\u00e7\u00f5es Internacionais San Tiago Dantas (UNESP\/ UNICAMP\/ PUC SP)<\/a><\/p>\n","protected":false},"excerpt":{"rendered":"<p>Programa de P\u00f3s-Gradua\u00e7\u00e3o em Rela\u00e7\u00f5es Internacionais San Tiago Dantas (UNESP\/ UNICAMP\/ PUC SP)<\/p>\n","protected":false},"author":1006,"featured_media":0,"parent":95,"menu_order":3,"comment_status":"closed","ping_status":"closed","template":"template-twocolumnsleft.php","meta":{"footnotes":""},"class_list":["post-114","page","type-page","status-publish","hentry","nodate","item-wrap"],"jetpack_sharing_enabled":true,"_links":{"self":[{"href":"https:\/\/wp.ufpel.edu.br\/epdi\/wp-json\/wp\/v2\/pages\/114","targetHints":{"allow":["GET"]}}],"collection":[{"href":"https:\/\/wp.ufpel.edu.br\/epdi\/wp-json\/wp\/v2\/pages"}],"about":[{"href":"https:\/\/wp.ufpel.edu.br\/epdi\/wp-json\/wp\/v2\/types\/page"}],"author":[{"embeddable":true,"href":"https:\/\/wp.ufpel.edu.br\/epdi\/wp-json\/wp\/v2\/users\/1006"}],"replies":[{"embeddable":true,"href":"https:\/\/wp.ufpel.edu.br\/epdi\/wp-json\/wp\/v2\/comments?post=114"}],"version-history":[{"count":4,"href":"https:\/\/wp.ufpel.edu.br\/epdi\/wp-json\/wp\/v2\/pages\/114\/revisions"}],"predecessor-version":[{"id":350,"href":"https:\/\/wp.ufpel.edu.br\/epdi\/wp-json\/wp\/v2\/pages\/114\/revisions\/350"}],"up":[{"embeddable":true,"href":"https:\/\/wp.ufpel.edu.br\/epdi\/wp-json\/wp\/v2\/pages\/95"}],"wp:attachment":[{"href":"https:\/\/wp.ufpel.edu.br\/epdi\/wp-json\/wp\/v2\/media?parent=114"}],"curies":[{"name":"wp","href":"https:\/\/api.w.org\/{rel}","templated":true}]}}