{"id":373,"date":"2017-08-17T10:46:11","date_gmt":"2017-08-17T13:46:11","guid":{"rendered":"https:\/\/wp.ufpel.edu.br\/enpos\/?page_id=373"},"modified":"2017-08-28T09:20:21","modified_gmt":"2017-08-28T12:20:21","slug":"xviii-enpos-2016","status":"publish","type":"page","link":"https:\/\/wp.ufpel.edu.br\/enpos\/edicoes-anteriores\/xviii-enpos-2016\/","title":{"rendered":"XVIII ENPOS (2016)"},"content":{"rendered":"<p style=\"text-align: center;\"><img loading=\"lazy\" decoding=\"async\" class=\"alignnone wp-image-198 size-large\" src=\"https:\/\/wp.ufpel.edu.br\/enpos\/files\/2016\/06\/header_enpos-2-984x220.jpg\" alt=\"\" width=\"604\" height=\"135\" \/><br \/>\nDe 26 a 30\/09\/2016 no Campus Anglo<\/p>\n<ul>\n<li><a href=\"https:\/\/wp.ufpel.edu.br\/enpos\/anais\/anais2016\/\">Anais (2016)<\/a><\/li>\n<li><a href=\"https:\/\/wp.ufpel.edu.br\/enpos\/files\/2015\/04\/Regulamento-II-SIEPE.pdf\">Regulamento II SIEPE (2016)<\/a><\/li>\n<li><a href=\"https:\/\/wp.ufpel.edu.br\/enpos\/category\/noticias\/2016\/\">Not\u00edcias (2016)<\/a><\/li>\n<\/ul>\n<hr \/>\n<h3>Programa\u00e7\u00e3o<\/h3>\n<p><strong>26 de setembro de 2016<\/strong><\/p>\n<p>Credenciamento a partir das 13 horas.<br \/>\nApresenta\u00e7\u00e3o de trabalhos a partir das 13h30min.<\/p>\n<p><strong>27 a 29 de setembro de 2016<\/strong><\/p>\n<p>Apresenta\u00e7\u00e3o dos trabalhos<\/p>\n<p><strong>30 de setembro de 2016<br \/>\n<\/strong><\/p>\n<p>2\u00ba turno das apresenta\u00e7\u00f5es<\/p>\n<hr \/>\n<h3><strong>Comiss\u00e3o Executiva XVIII ENPOS<br \/>\n<\/strong><\/h3>\n<ul>\n<li>Luciano Volcan Agostini<\/li>\n<li>Maria Cecilia Lorea Leite<\/li>\n<li>Luciana Debli Kr\u00fcger<\/li>\n<li>Catia Regina M\u00fcller<\/li>\n<li>Mara Regina Gomes da Silva<\/li>\n<li>Tania Maria Campelo Machado<\/li>\n<li>Thaise Schiavon<\/li>\n<li>Jonas Hammes<\/li>\n<li>Gustavo Colpes Ribeiro<\/li>\n<\/ul>\n<p>&nbsp;<\/p>\n","protected":false},"excerpt":{"rendered":"<p>De 26 a 30\/09\/2016 no Campus Anglo Anais (2016) Regulamento II SIEPE (2016) Not\u00edcias (2016) Programa\u00e7\u00e3o 26 de setembro de 2016 Credenciamento a partir das 13 horas. Apresenta\u00e7\u00e3o de trabalhos a partir das 13h30min. 27 a 29 de setembro de 2016 Apresenta\u00e7\u00e3o dos trabalhos 30 de setembro de 2016 2\u00ba turno das apresenta\u00e7\u00f5es Comiss\u00e3o Executiva &hellip; <a href=\"https:\/\/wp.ufpel.edu.br\/enpos\/edicoes-anteriores\/xviii-enpos-2016\/\" class=\"more-link\">Continue lendo <span class=\"screen-reader-text\">XVIII ENPOS (2016)<\/span> <span class=\"meta-nav\">&rarr;<\/span><\/a><\/p>\n","protected":false},"author":20,"featured_media":0,"parent":417,"menu_order":0,"comment_status":"closed","ping_status":"closed","template":"","meta":{"jetpack_post_was_ever_published":false,"footnotes":"","_links_to":"","_links_to_target":""},"class_list":["post-373","page","type-page","status-publish","hentry"],"jetpack_sharing_enabled":true,"_links":{"self":[{"href":"https:\/\/wp.ufpel.edu.br\/enpos\/wp-json\/wp\/v2\/pages\/373","targetHints":{"allow":["GET"]}}],"collection":[{"href":"https:\/\/wp.ufpel.edu.br\/enpos\/wp-json\/wp\/v2\/pages"}],"about":[{"href":"https:\/\/wp.ufpel.edu.br\/enpos\/wp-json\/wp\/v2\/types\/page"}],"author":[{"embeddable":true,"href":"https:\/\/wp.ufpel.edu.br\/enpos\/wp-json\/wp\/v2\/users\/20"}],"replies":[{"embeddable":true,"href":"https:\/\/wp.ufpel.edu.br\/enpos\/wp-json\/wp\/v2\/comments?post=373"}],"version-history":[{"count":7,"href":"https:\/\/wp.ufpel.edu.br\/enpos\/wp-json\/wp\/v2\/pages\/373\/revisions"}],"predecessor-version":[{"id":401,"href":"https:\/\/wp.ufpel.edu.br\/enpos\/wp-json\/wp\/v2\/pages\/373\/revisions\/401"}],"up":[{"embeddable":true,"href":"https:\/\/wp.ufpel.edu.br\/enpos\/wp-json\/wp\/v2\/pages\/417"}],"wp:attachment":[{"href":"https:\/\/wp.ufpel.edu.br\/enpos\/wp-json\/wp\/v2\/media?parent=373"}],"curies":[{"name":"wp","href":"https:\/\/api.w.org\/{rel}","templated":true}]}}