{"id":938,"date":"2018-04-16T08:18:12","date_gmt":"2018-04-16T11:18:12","guid":{"rendered":"https:\/\/wp.ufpel.edu.br\/engmateriais\/?page_id=938"},"modified":"2022-10-05T13:26:32","modified_gmt":"2022-10-05T16:26:32","slug":"938-2","status":"publish","type":"page","link":"https:\/\/wp.ufpel.edu.br\/engmateriais\/formularios-2\/938-2\/","title":{"rendered":"Termo de autoriza\u00e7\u00e3o para Bibliotecas"},"content":{"rendered":"<p><a href=\"https:\/\/wp.ufpel.edu.br\/engmateriais\/files\/2021\/04\/Novo-Termo-de-autorizacao-Bibliotecas.pdf\">Novo Termo de autoriza\u00e7\u00e3o &#8211; Bibliotecas (PDF)<\/a><\/p>\n<p><a href=\"https:\/\/wp.ufpel.edu.br\/engmateriais\/files\/2022\/10\/Termo-de-autorizacao-Biblioteca.docx\">Termo de autoriza\u00e7\u00e3o Biblioteca<\/a> (word)<\/p>\n","protected":false},"excerpt":{"rendered":"<p>Novo Termo de autoriza\u00e7\u00e3o &#8211; Bibliotecas (PDF) Termo de autoriza\u00e7\u00e3o Biblioteca (word)<\/p>\n","protected":false},"author":479,"featured_media":0,"parent":97,"menu_order":0,"comment_status":"closed","ping_status":"closed","template":"","meta":{"footnotes":""},"class_list":["post-938","page","type-page","status-publish","hentry"],"_links":{"self":[{"href":"https:\/\/wp.ufpel.edu.br\/engmateriais\/wp-json\/wp\/v2\/pages\/938","targetHints":{"allow":["GET"]}}],"collection":[{"href":"https:\/\/wp.ufpel.edu.br\/engmateriais\/wp-json\/wp\/v2\/pages"}],"about":[{"href":"https:\/\/wp.ufpel.edu.br\/engmateriais\/wp-json\/wp\/v2\/types\/page"}],"author":[{"embeddable":true,"href":"https:\/\/wp.ufpel.edu.br\/engmateriais\/wp-json\/wp\/v2\/users\/479"}],"replies":[{"embeddable":true,"href":"https:\/\/wp.ufpel.edu.br\/engmateriais\/wp-json\/wp\/v2\/comments?post=938"}],"version-history":[{"count":7,"href":"https:\/\/wp.ufpel.edu.br\/engmateriais\/wp-json\/wp\/v2\/pages\/938\/revisions"}],"predecessor-version":[{"id":2054,"href":"https:\/\/wp.ufpel.edu.br\/engmateriais\/wp-json\/wp\/v2\/pages\/938\/revisions\/2054"}],"up":[{"embeddable":true,"href":"https:\/\/wp.ufpel.edu.br\/engmateriais\/wp-json\/wp\/v2\/pages\/97"}],"wp:attachment":[{"href":"https:\/\/wp.ufpel.edu.br\/engmateriais\/wp-json\/wp\/v2\/media?parent=938"}],"curies":[{"name":"wp","href":"https:\/\/api.w.org\/{rel}","templated":true}]}}