{"id":24,"date":"2015-02-11T11:32:45","date_gmt":"2015-02-11T13:32:45","guid":{"rendered":"https:\/\/wp.ufpel.edu.br\/engmateriais\/?page_id=24"},"modified":"2025-04-08T16:48:35","modified_gmt":"2025-04-08T19:48:35","slug":"ementas","status":"publish","type":"page","link":"https:\/\/wp.ufpel.edu.br\/engmateriais\/estrutura-pedagogica\/ementas\/","title":{"rendered":"Conte\u00fados Program\u00e1ticos"},"content":{"rendered":"<p><a href=\"https:\/\/wp.ufpel.edu.br\/engmateriais\/files\/2015\/02\/Ementas.pdf\">Ementas Curr\u00edculo vers\u00e3o 1<\/a><\/p>\n<p style=\"text-align: justify;\"><strong>IMPORTANTE<\/strong> &#8211; Os discentes vinculados a um curso de gradua\u00e7\u00e3o da UFPel podem imprimir os conte\u00fados program\u00e1ticas diretamente no sistema acad\u00eamico, para disciplinas cursadas a partir do segundo <b>semestre de 2019<\/b>. Para impress\u00e3o dos conte\u00fados program\u00e1ticos, dever\u00e1 acessar o sistema acad\u00eamico \u2013 cobalto.ufpel.edu.br \u2013 atrav\u00e9s do menu \u201cConsulta\u201d \/ \u201cHist\u00f3rico\u201d e clicando no link \u201cPlano de Ensino\u201d. Esta vers\u00e3o contar\u00e1 com c\u00f3digo validador digital.<\/p>\n","protected":false},"excerpt":{"rendered":"<p>Ementas Curr\u00edculo vers\u00e3o 1 IMPORTANTE &#8211; Os discentes vinculados a um curso de gradua\u00e7\u00e3o da UFPel podem imprimir os conte\u00fados program\u00e1ticas diretamente no sistema acad\u00eamico, para disciplinas cursadas a partir do segundo semestre de 2019. Para impress\u00e3o dos conte\u00fados program\u00e1ticos, dever\u00e1 acessar o sistema acad\u00eamico \u2013 cobalto.ufpel.edu.br \u2013 atrav\u00e9s do menu \u201cConsulta\u201d \/ \u201cHist\u00f3rico\u201d e [&hellip;]<\/p>\n","protected":false},"author":479,"featured_media":0,"parent":642,"menu_order":3,"comment_status":"closed","ping_status":"closed","template":"","meta":{"footnotes":""},"class_list":["post-24","page","type-page","status-publish","hentry"],"_links":{"self":[{"href":"https:\/\/wp.ufpel.edu.br\/engmateriais\/wp-json\/wp\/v2\/pages\/24","targetHints":{"allow":["GET"]}}],"collection":[{"href":"https:\/\/wp.ufpel.edu.br\/engmateriais\/wp-json\/wp\/v2\/pages"}],"about":[{"href":"https:\/\/wp.ufpel.edu.br\/engmateriais\/wp-json\/wp\/v2\/types\/page"}],"author":[{"embeddable":true,"href":"https:\/\/wp.ufpel.edu.br\/engmateriais\/wp-json\/wp\/v2\/users\/479"}],"replies":[{"embeddable":true,"href":"https:\/\/wp.ufpel.edu.br\/engmateriais\/wp-json\/wp\/v2\/comments?post=24"}],"version-history":[{"count":5,"href":"https:\/\/wp.ufpel.edu.br\/engmateriais\/wp-json\/wp\/v2\/pages\/24\/revisions"}],"predecessor-version":[{"id":2483,"href":"https:\/\/wp.ufpel.edu.br\/engmateriais\/wp-json\/wp\/v2\/pages\/24\/revisions\/2483"}],"up":[{"embeddable":true,"href":"https:\/\/wp.ufpel.edu.br\/engmateriais\/wp-json\/wp\/v2\/pages\/642"}],"wp:attachment":[{"href":"https:\/\/wp.ufpel.edu.br\/engmateriais\/wp-json\/wp\/v2\/media?parent=24"}],"curies":[{"name":"wp","href":"https:\/\/api.w.org\/{rel}","templated":true}]}}