{"id":1901,"date":"2022-04-20T09:33:22","date_gmt":"2022-04-20T12:33:22","guid":{"rendered":"https:\/\/wp.ufpel.edu.br\/engmateriais\/?page_id=1901"},"modified":"2022-04-20T09:33:22","modified_gmt":"2022-04-20T12:33:22","slug":"nao-realizacao-de-matricula","status":"publish","type":"page","link":"https:\/\/wp.ufpel.edu.br\/engmateriais\/formularios-2\/nao-realizacao-de-matricula\/","title":{"rendered":"N\u00e3o realiza\u00e7\u00e3o de matr\u00edcula"},"content":{"rendered":"<p><a href=\"https:\/\/wp.ufpel.edu.br\/engmateriais\/files\/2022\/04\/Formulario-Nao-realizacao-de-Matricula.docx\">Formul\u00e1rio &#8211; N\u00e3o realiza\u00e7\u00e3o de Matr\u00edcula<\/a><\/p>\n","protected":false},"excerpt":{"rendered":"<p>Formul\u00e1rio &#8211; N\u00e3o realiza\u00e7\u00e3o de Matr\u00edcula<\/p>\n","protected":false},"author":479,"featured_media":0,"parent":97,"menu_order":7,"comment_status":"closed","ping_status":"closed","template":"","meta":{"footnotes":""},"class_list":["post-1901","page","type-page","status-publish","hentry"],"_links":{"self":[{"href":"https:\/\/wp.ufpel.edu.br\/engmateriais\/wp-json\/wp\/v2\/pages\/1901","targetHints":{"allow":["GET"]}}],"collection":[{"href":"https:\/\/wp.ufpel.edu.br\/engmateriais\/wp-json\/wp\/v2\/pages"}],"about":[{"href":"https:\/\/wp.ufpel.edu.br\/engmateriais\/wp-json\/wp\/v2\/types\/page"}],"author":[{"embeddable":true,"href":"https:\/\/wp.ufpel.edu.br\/engmateriais\/wp-json\/wp\/v2\/users\/479"}],"replies":[{"embeddable":true,"href":"https:\/\/wp.ufpel.edu.br\/engmateriais\/wp-json\/wp\/v2\/comments?post=1901"}],"version-history":[{"count":1,"href":"https:\/\/wp.ufpel.edu.br\/engmateriais\/wp-json\/wp\/v2\/pages\/1901\/revisions"}],"predecessor-version":[{"id":1903,"href":"https:\/\/wp.ufpel.edu.br\/engmateriais\/wp-json\/wp\/v2\/pages\/1901\/revisions\/1903"}],"up":[{"embeddable":true,"href":"https:\/\/wp.ufpel.edu.br\/engmateriais\/wp-json\/wp\/v2\/pages\/97"}],"wp:attachment":[{"href":"https:\/\/wp.ufpel.edu.br\/engmateriais\/wp-json\/wp\/v2\/media?parent=1901"}],"curies":[{"name":"wp","href":"https:\/\/api.w.org\/{rel}","templated":true}]}}