{"id":19,"date":"2015-02-11T11:24:29","date_gmt":"2015-02-11T13:24:29","guid":{"rendered":"https:\/\/wp.ufpel.edu.br\/engmateriais\/?page_id=19"},"modified":"2017-08-23T09:47:03","modified_gmt":"2017-08-23T12:47:03","slug":"o-curso","status":"publish","type":"page","link":"https:\/\/wp.ufpel.edu.br\/engmateriais\/o-curso\/","title":{"rendered":"O CURSO"},"content":{"rendered":"<p>A Engenharia de Materiais \u00e9 a \u00e1rea do conhecimento humano que est\u00e1 relacionada \u00e0 pesquisa, ao desenvolvimento, \u00e0 produ\u00e7\u00e3o e \u00e0 utiliza\u00e7\u00e3o de materiais com aplica\u00e7\u00e3o tecnol\u00f3gica. Tal \u00e1rea trata, portanto, dos princ\u00edpios cient\u00edficos fundamentais e tecnol\u00f3gicos envolvidos no desenvolvimento de materiais para aplica\u00e7\u00f5es espec\u00edficas de engenharia, seja na produ\u00e7\u00e3o, no processamento e sele\u00e7\u00e3o.<\/p>\n<p>Engenharia de Materiais envolve as tecnologias pelas quais materiais s\u00e3o desenvolvidos, selecionados e os processos de produ\u00e7\u00e3o escolhidos para converter aqueles materiais em produtos, pela defini\u00e7\u00e3o do projeto, performance, produtividade, qualidade, e crit\u00e9rios de custo efetivo. Envolve a maior parte da tecnologia de que a sociedade depende, sendo que grande parte do desenvolvimento passa pela otimiza\u00e7\u00e3o da produ\u00e7\u00e3o de novos materiais em escalas de dimens\u00e3o vari\u00e1veis, desde materiais macrosc\u00f3picos at\u00e9 a nanosc\u00f3picos, obrigando a um conhecimento mais aprofundado em Engenharia de Materiais.<\/p>\n","protected":false},"excerpt":{"rendered":"<p>A Engenharia de Materiais \u00e9 a \u00e1rea do conhecimento humano que est\u00e1 relacionada \u00e0 pesquisa, ao desenvolvimento, \u00e0 produ\u00e7\u00e3o e \u00e0 utiliza\u00e7\u00e3o de materiais com aplica\u00e7\u00e3o tecnol\u00f3gica. Tal \u00e1rea trata, portanto, dos princ\u00edpios cient\u00edficos fundamentais e tecnol\u00f3gicos envolvidos no desenvolvimento de materiais para aplica\u00e7\u00f5es espec\u00edficas de engenharia, seja na produ\u00e7\u00e3o, no processamento e sele\u00e7\u00e3o. Engenharia [&hellip;]<\/p>\n","protected":false},"author":479,"featured_media":0,"parent":0,"menu_order":1,"comment_status":"closed","ping_status":"closed","template":"","meta":{"footnotes":""},"class_list":["post-19","page","type-page","status-publish","hentry"],"_links":{"self":[{"href":"https:\/\/wp.ufpel.edu.br\/engmateriais\/wp-json\/wp\/v2\/pages\/19","targetHints":{"allow":["GET"]}}],"collection":[{"href":"https:\/\/wp.ufpel.edu.br\/engmateriais\/wp-json\/wp\/v2\/pages"}],"about":[{"href":"https:\/\/wp.ufpel.edu.br\/engmateriais\/wp-json\/wp\/v2\/types\/page"}],"author":[{"embeddable":true,"href":"https:\/\/wp.ufpel.edu.br\/engmateriais\/wp-json\/wp\/v2\/users\/479"}],"replies":[{"embeddable":true,"href":"https:\/\/wp.ufpel.edu.br\/engmateriais\/wp-json\/wp\/v2\/comments?post=19"}],"version-history":[{"count":3,"href":"https:\/\/wp.ufpel.edu.br\/engmateriais\/wp-json\/wp\/v2\/pages\/19\/revisions"}],"predecessor-version":[{"id":657,"href":"https:\/\/wp.ufpel.edu.br\/engmateriais\/wp-json\/wp\/v2\/pages\/19\/revisions\/657"}],"wp:attachment":[{"href":"https:\/\/wp.ufpel.edu.br\/engmateriais\/wp-json\/wp\/v2\/media?parent=19"}],"curies":[{"name":"wp","href":"https:\/\/api.w.org\/{rel}","templated":true}]}}