{"id":1138,"date":"2019-02-04T10:36:25","date_gmt":"2019-02-04T12:36:25","guid":{"rendered":"https:\/\/wp.ufpel.edu.br\/engmateriais\/?page_id=1138"},"modified":"2025-12-15T16:20:09","modified_gmt":"2025-12-15T19:20:09","slug":"curriculo-do-curso-2","status":"publish","type":"page","link":"https:\/\/wp.ufpel.edu.br\/engmateriais\/estrutura-pedagogica\/curriculo-do-curso-2\/","title":{"rendered":"Curr\u00edculo do Curso"},"content":{"rendered":"<p><a href=\"https:\/\/wp.ufpel.edu.br\/engmateriais\/files\/2021\/10\/curriculo-1.pdf\">Curr\u00edculo 1<\/a><\/p>\n<p><a href=\"https:\/\/wp.ufpel.edu.br\/engmateriais\/files\/2021\/10\/curriculo-2.pdf\">Curr\u00edculo 2<\/a><\/p>\n<p><a href=\"https:\/\/wp.ufpel.edu.br\/engmateriais\/files\/2021\/10\/curriculo-3.pdf\">Curr\u00edculo 3<\/a><\/p>\n<p><a href=\"https:\/\/wp.ufpel.edu.br\/engmateriais\/files\/2025\/12\/curriculo-4.pdf\">curriculo 4<\/a><\/p>\n","protected":false},"excerpt":{"rendered":"<p>Curr\u00edculo 1 Curr\u00edculo 2 Curr\u00edculo 3 curriculo 4<\/p>\n","protected":false},"author":479,"featured_media":0,"parent":642,"menu_order":1,"comment_status":"closed","ping_status":"closed","template":"","meta":{"footnotes":""},"class_list":["post-1138","page","type-page","status-publish","hentry"],"_links":{"self":[{"href":"https:\/\/wp.ufpel.edu.br\/engmateriais\/wp-json\/wp\/v2\/pages\/1138","targetHints":{"allow":["GET"]}}],"collection":[{"href":"https:\/\/wp.ufpel.edu.br\/engmateriais\/wp-json\/wp\/v2\/pages"}],"about":[{"href":"https:\/\/wp.ufpel.edu.br\/engmateriais\/wp-json\/wp\/v2\/types\/page"}],"author":[{"embeddable":true,"href":"https:\/\/wp.ufpel.edu.br\/engmateriais\/wp-json\/wp\/v2\/users\/479"}],"replies":[{"embeddable":true,"href":"https:\/\/wp.ufpel.edu.br\/engmateriais\/wp-json\/wp\/v2\/comments?post=1138"}],"version-history":[{"count":3,"href":"https:\/\/wp.ufpel.edu.br\/engmateriais\/wp-json\/wp\/v2\/pages\/1138\/revisions"}],"predecessor-version":[{"id":2623,"href":"https:\/\/wp.ufpel.edu.br\/engmateriais\/wp-json\/wp\/v2\/pages\/1138\/revisions\/2623"}],"up":[{"embeddable":true,"href":"https:\/\/wp.ufpel.edu.br\/engmateriais\/wp-json\/wp\/v2\/pages\/642"}],"wp:attachment":[{"href":"https:\/\/wp.ufpel.edu.br\/engmateriais\/wp-json\/wp\/v2\/media?parent=1138"}],"curies":[{"name":"wp","href":"https:\/\/api.w.org\/{rel}","templated":true}]}}