{"id":871,"date":"2017-01-06T10:17:28","date_gmt":"2017-01-06T12:17:28","guid":{"rendered":"https:\/\/wp.ufpel.edu.br\/enghidrica\/?page_id=871"},"modified":"2024-03-14T13:15:30","modified_gmt":"2024-03-14T16:15:30","slug":"formularios","status":"publish","type":"page","link":"https:\/\/wp.ufpel.edu.br\/enghidrica\/formularios\/","title":{"rendered":"Formul\u00e1rios\/Procedimentos"},"content":{"rendered":"<p><a href=\"https:\/\/wp.ufpel.edu.br\/enghidrica\/files\/2018\/07\/quebra-de-pre-requisito.pdf\">Solicita\u00e7\u00e3o de quebra de pr\u00e9-requisito<\/a><\/p>\n<p><a href=\"https:\/\/wp.ufpel.edu.br\/enghidrica\/files\/2024\/03\/Recurso-Quebra-de-pre-requisito.pdf\">Recurso-Quebra-de-pr\u00e9-requisito<\/a><\/p>\n<p><a href=\"https:\/\/wp.ufpel.edu.br\/enghidrica\/files\/2017\/01\/Aproveitamento.doc\">Formul\u00e1rio para Solicita\u00e7\u00e3o de Aproveitamento de Disciplina<\/a><\/p>\n<p><a href=\"https:\/\/wp.ufpel.edu.br\/enghidrica\/files\/2017\/01\/SEGUNDA-CHAMADA.doc\">Requerimento de segunda chamada<\/a><\/p>\n<p><a href=\"https:\/\/wp.ufpel.edu.br\/enghidrica\/files\/2018\/10\/TCC-carta-compromisso-orientador.docx\">Anexo 1 &#8211; TCC-carta compromisso orientador<\/a><\/p>\n<p><a href=\"https:\/\/wp.ufpel.edu.br\/enghidrica\/files\/2018\/10\/TCC-encaminhamento-para-a-banca.docx\">TCC-encaminhamento para a banca<\/a><\/p>\n<p><a href=\"https:\/\/wp.ufpel.edu.br\/enghidrica\/files\/2018\/10\/Termo-de-autorizac\u0327a\u0303o-TCC-e-TCCP.pdf\">Termo de autorizac\u0327a\u0303o TCC e TCCP<\/a><\/p>\n<p><a href=\"https:\/\/wp.ufpel.edu.br\/enghidrica\/files\/2018\/10\/Requerimento-forma\u00e7\u00e3o-complementar-1.docx\">Anexo 8 &#8211; Requerimento forma\u00e7\u00e3o complementar<\/a><\/p>\n<p><a href=\"https:\/\/wp.ufpel.edu.br\/enghidrica\/files\/2018\/10\/Requerimento-forma\u00e7\u00e3o-livre.docx\">Anexo 9 &#8211; Requerimento forma\u00e7\u00e3o livre<\/a><\/p>\n<p>&nbsp;<\/p>\n","protected":false},"excerpt":{"rendered":"<p>Solicita\u00e7\u00e3o de quebra de pr\u00e9-requisito Recurso-Quebra-de-pr\u00e9-requisito Formul\u00e1rio para Solicita\u00e7\u00e3o de Aproveitamento de Disciplina Requerimento de segunda chamada Anexo 1 &#8211; TCC-carta compromisso orientador TCC-encaminhamento para a banca Termo de autorizac\u0327a\u0303o TCC e TCCP Anexo 8 &#8211; Requerimento forma\u00e7\u00e3o complementar Anexo 9 &#8211; Requerimento forma\u00e7\u00e3o livre &nbsp;<\/p>\n","protected":false},"author":598,"featured_media":0,"parent":0,"menu_order":0,"comment_status":"closed","ping_status":"closed","template":"","meta":{"jetpack_post_was_ever_published":false,"footnotes":""},"class_list":["post-871","page","type-page","status-publish","hentry"],"jetpack_sharing_enabled":true,"jetpack_shortlink":"https:\/\/wp.me\/P8gexX-e3","jetpack-related-posts":[],"publishpress_future_action":{"enabled":false,"date":"2026-05-05 07:27:28","action":"change-status","newStatus":"draft","terms":[],"taxonomy":"","extraData":[]},"publishpress_future_workflow_manual_trigger":{"enabledWorkflows":[]},"_links":{"self":[{"href":"https:\/\/wp.ufpel.edu.br\/enghidrica\/wp-json\/wp\/v2\/pages\/871","targetHints":{"allow":["GET"]}}],"collection":[{"href":"https:\/\/wp.ufpel.edu.br\/enghidrica\/wp-json\/wp\/v2\/pages"}],"about":[{"href":"https:\/\/wp.ufpel.edu.br\/enghidrica\/wp-json\/wp\/v2\/types\/page"}],"author":[{"embeddable":true,"href":"https:\/\/wp.ufpel.edu.br\/enghidrica\/wp-json\/wp\/v2\/users\/598"}],"replies":[{"embeddable":true,"href":"https:\/\/wp.ufpel.edu.br\/enghidrica\/wp-json\/wp\/v2\/comments?post=871"}],"version-history":[{"count":22,"href":"https:\/\/wp.ufpel.edu.br\/enghidrica\/wp-json\/wp\/v2\/pages\/871\/revisions"}],"predecessor-version":[{"id":2604,"href":"https:\/\/wp.ufpel.edu.br\/enghidrica\/wp-json\/wp\/v2\/pages\/871\/revisions\/2604"}],"wp:attachment":[{"href":"https:\/\/wp.ufpel.edu.br\/enghidrica\/wp-json\/wp\/v2\/media?parent=871"}],"curies":[{"name":"wp","href":"https:\/\/api.w.org\/{rel}","templated":true}]}}