{"id":851,"date":"2017-01-06T09:24:27","date_gmt":"2017-01-06T11:24:27","guid":{"rendered":"https:\/\/wp.ufpel.edu.br\/enghidrica\/?page_id=851"},"modified":"2017-01-06T09:24:27","modified_gmt":"2017-01-06T11:24:27","slug":"laboratorio-de-irrigacao","status":"publish","type":"page","link":"https:\/\/wp.ufpel.edu.br\/enghidrica\/o-curso\/laboratorios\/laboratorio-de-irrigacao\/","title":{"rendered":"Laborat\u00f3rio de Irriga\u00e7\u00e3o"},"content":{"rendered":"<p><img loading=\"lazy\" decoding=\"async\" class=\"aligncenter\" src=\"https:\/\/i0.wp.com\/hidrica.ufpel.edu.br\/content\/laboratorios\/img\/c75b6d55de4d9760fb8ed37f2afaa312irriga.JPG?resize=266%2C189\" width=\"421\" height=\"299\" \/><\/p>\n<h4>-Funcionamento de aspersores, microaspersores e gotejadores.<\/h4>\n<h4>\u2013 Ensaios de vaz\u00e3o em gotejadores.<\/h4>\n<h4>\u2013 Caracteriza\u00e7\u00e3o hidr\u00e1ulica de microaspersores.<\/h4>\n<h4>\u2013 Medi\u00e7\u00e3o de vaz\u00e3o em condutos.<\/h4>\n<h4>\u2013 Estudos de sistemas de filtragem para irriga\u00e7\u00e3o<\/h4>\n","protected":false},"excerpt":{"rendered":"<p>-Funcionamento de aspersores, microaspersores e gotejadores. \u2013 Ensaios de vaz\u00e3o em gotejadores. \u2013 Caracteriza\u00e7\u00e3o hidr\u00e1ulica de microaspersores. \u2013 Medi\u00e7\u00e3o de vaz\u00e3o em condutos. \u2013 Estudos de sistemas de filtragem para irriga\u00e7\u00e3o<\/p>\n","protected":false},"author":598,"featured_media":0,"parent":26,"menu_order":0,"comment_status":"closed","ping_status":"closed","template":"","meta":{"jetpack_post_was_ever_published":false,"footnotes":""},"class_list":["post-851","page","type-page","status-publish","hentry"],"jetpack_sharing_enabled":true,"jetpack_shortlink":"https:\/\/wp.me\/P8gexX-dJ","jetpack-related-posts":[],"publishpress_future_action":{"enabled":false,"date":"2026-05-13 11:09:48","action":"change-status","newStatus":"draft","terms":[],"taxonomy":"","extraData":[]},"publishpress_future_workflow_manual_trigger":{"enabledWorkflows":[]},"_links":{"self":[{"href":"https:\/\/wp.ufpel.edu.br\/enghidrica\/wp-json\/wp\/v2\/pages\/851","targetHints":{"allow":["GET"]}}],"collection":[{"href":"https:\/\/wp.ufpel.edu.br\/enghidrica\/wp-json\/wp\/v2\/pages"}],"about":[{"href":"https:\/\/wp.ufpel.edu.br\/enghidrica\/wp-json\/wp\/v2\/types\/page"}],"author":[{"embeddable":true,"href":"https:\/\/wp.ufpel.edu.br\/enghidrica\/wp-json\/wp\/v2\/users\/598"}],"replies":[{"embeddable":true,"href":"https:\/\/wp.ufpel.edu.br\/enghidrica\/wp-json\/wp\/v2\/comments?post=851"}],"version-history":[{"count":1,"href":"https:\/\/wp.ufpel.edu.br\/enghidrica\/wp-json\/wp\/v2\/pages\/851\/revisions"}],"predecessor-version":[{"id":853,"href":"https:\/\/wp.ufpel.edu.br\/enghidrica\/wp-json\/wp\/v2\/pages\/851\/revisions\/853"}],"up":[{"embeddable":true,"href":"https:\/\/wp.ufpel.edu.br\/enghidrica\/wp-json\/wp\/v2\/pages\/26"}],"wp:attachment":[{"href":"https:\/\/wp.ufpel.edu.br\/enghidrica\/wp-json\/wp\/v2\/media?parent=851"}],"curies":[{"name":"wp","href":"https:\/\/api.w.org\/{rel}","templated":true}]}}