{"id":1543,"date":"2018-10-03T20:54:09","date_gmt":"2018-10-03T23:54:09","guid":{"rendered":"https:\/\/wp.ufpel.edu.br\/enghidrica\/?page_id=1543"},"modified":"2022-03-29T09:21:08","modified_gmt":"2022-03-29T12:21:08","slug":"trancamento-de-disciplina","status":"publish","type":"page","link":"https:\/\/wp.ufpel.edu.br\/enghidrica\/formularios\/trancamento-de-disciplina\/","title":{"rendered":"Trancamento de disciplina"},"content":{"rendered":"<p style=\"text-align: center\"><strong>TRANCAMENTO DE DISCIPLINA<\/strong><\/p>\n<p style=\"text-align: justify\">O discente poder\u00e1 realizar o trancamento de disciplinas pelo COBALTO, no prazo estabelecido no calend\u00e1rio acad\u00eamico, obedecendo ao limite m\u00ednimo de cr\u00e9ditos obrigat\u00f3rios para matr\u00edcula.<\/p>\n<p style=\"text-align: justify\"><strong>Como Solicitar<\/strong><br \/>\nO discente dever\u00e1 fazer\u00a0<i>login<\/i>\u00a0no sistema acad\u00eamico, acessar o menu \u201cAluno\/Cadastro\/Trancamento de disciplina\u201d, marcar as disciplinas que deseja trancar e clicar em \u201c+Trancar disciplina(s)\u201d.<\/p>\n<p>Informa\u00e7\u00f5es adaptadas de: <a href=\"https:\/\/wp.ufpel.edu.br\/cra\/trancamentos\/\">https:\/\/wp.ufpel.edu.br\/cra\/principais-informacoes\/<\/a><\/p>\n","protected":false},"excerpt":{"rendered":"<p>TRANCAMENTO DE DISCIPLINA O discente poder\u00e1 realizar o trancamento de disciplinas pelo COBALTO, no prazo estabelecido no calend\u00e1rio acad\u00eamico, obedecendo ao limite m\u00ednimo de cr\u00e9ditos obrigat\u00f3rios para matr\u00edcula. Como Solicitar O discente dever\u00e1 fazer\u00a0login\u00a0no sistema acad\u00eamico, acessar o menu \u201cAluno\/Cadastro\/Trancamento de disciplina\u201d, marcar as disciplinas que deseja trancar e clicar em \u201c+Trancar disciplina(s)\u201d. Informa\u00e7\u00f5es adaptadas [&hellip;]<\/p>\n","protected":false},"author":598,"featured_media":0,"parent":871,"menu_order":0,"comment_status":"closed","ping_status":"closed","template":"","meta":{"jetpack_post_was_ever_published":false,"footnotes":""},"class_list":["post-1543","page","type-page","status-publish","hentry"],"jetpack_sharing_enabled":true,"jetpack_shortlink":"https:\/\/wp.me\/P8gexX-oT","jetpack-related-posts":[],"publishpress_future_action":{"enabled":false,"date":"2026-05-16 00:41:42","action":"change-status","newStatus":"draft","terms":[],"taxonomy":"","extraData":[]},"publishpress_future_workflow_manual_trigger":{"enabledWorkflows":[]},"_links":{"self":[{"href":"https:\/\/wp.ufpel.edu.br\/enghidrica\/wp-json\/wp\/v2\/pages\/1543","targetHints":{"allow":["GET"]}}],"collection":[{"href":"https:\/\/wp.ufpel.edu.br\/enghidrica\/wp-json\/wp\/v2\/pages"}],"about":[{"href":"https:\/\/wp.ufpel.edu.br\/enghidrica\/wp-json\/wp\/v2\/types\/page"}],"author":[{"embeddable":true,"href":"https:\/\/wp.ufpel.edu.br\/enghidrica\/wp-json\/wp\/v2\/users\/598"}],"replies":[{"embeddable":true,"href":"https:\/\/wp.ufpel.edu.br\/enghidrica\/wp-json\/wp\/v2\/comments?post=1543"}],"version-history":[{"count":3,"href":"https:\/\/wp.ufpel.edu.br\/enghidrica\/wp-json\/wp\/v2\/pages\/1543\/revisions"}],"predecessor-version":[{"id":2145,"href":"https:\/\/wp.ufpel.edu.br\/enghidrica\/wp-json\/wp\/v2\/pages\/1543\/revisions\/2145"}],"up":[{"embeddable":true,"href":"https:\/\/wp.ufpel.edu.br\/enghidrica\/wp-json\/wp\/v2\/pages\/871"}],"wp:attachment":[{"href":"https:\/\/wp.ufpel.edu.br\/enghidrica\/wp-json\/wp\/v2\/media?parent=1543"}],"curies":[{"name":"wp","href":"https:\/\/api.w.org\/{rel}","templated":true}]}}