{"id":197,"date":"2017-09-30T15:31:45","date_gmt":"2017-09-30T18:31:45","guid":{"rendered":"https:\/\/wp.ufpel.edu.br\/engenhariageologica\/?page_id=197"},"modified":"2025-05-16T14:05:59","modified_gmt":"2025-05-16T17:05:59","slug":"matriculas","status":"publish","type":"page","link":"https:\/\/wp.ufpel.edu.br\/engenhariageologica\/informacoes\/matriculas\/","title":{"rendered":"Matr\u00edculas"},"content":{"rendered":"<p><strong>O per\u00edodo de matr\u00edcula dever\u00e1 ser consultado no Calend\u00e1rio Acad\u00eamico Anual da UFPel<\/strong><\/p>\n<p><a href=\"https:\/\/wp.ufpel.edu.br\/cra\/calendarios-academicos\/\">Link para o calend\u00e1rio acad\u00eamico\u00a0<\/a><\/p>\n<p><em><strong>Corre\u00e7\u00e3o de Matr\u00edculas<\/strong><\/em><\/p>\n<p style=\"text-align: justify;\">O aluno que desejar corrigir sua matr\u00edcula, tanto incluindo quanto excluindo disciplinas, poder\u00e1 faz\u00ea-lo no per\u00edodo estipulado pelo calend\u00e1rio acad\u00eamico.<\/p>\n<p><em><strong>Matr\u00edcula Especial<\/strong><\/em><\/p>\n<div class=\"entry-content clearfix\">\n<p style=\"text-align: justify;\">O aluno que necessita realizar matr\u00edcula em disciplinas de outro curso, dever\u00e1 solicitar durante o per\u00edodo de matr\u00edcula especial estabelecido pelo calend\u00e1rio acad\u00eamico.<\/p>\n<p style=\"text-align: justify;\">No ato da solicita\u00e7\u00e3o dessa autoriza\u00e7\u00e3o ser\u00e1 verificado se o aluno possui os pr\u00e9-requisitos necess\u00e1rios, para o Curso de Engenharia Geol\u00f3gica.<\/p>\n<\/div>\n<p>Casos omissos dever\u00e3o ser encaminhados para secretaria e tratados pelo colegiado do curso.<\/p>\n<div class=\"entry-content clearfix\">\n<p>&nbsp;<\/p>\n<\/div>\n","protected":false},"excerpt":{"rendered":"<p>O per\u00edodo de matr\u00edcula dever\u00e1 ser consultado no Calend\u00e1rio Acad\u00eamico Anual da UFPel Link para o calend\u00e1rio acad\u00eamico\u00a0 Corre\u00e7\u00e3o de Matr\u00edculas O aluno que desejar corrigir sua matr\u00edcula, tanto incluindo quanto excluindo disciplinas, poder\u00e1 faz\u00ea-lo no per\u00edodo estipulado pelo calend\u00e1rio acad\u00eamico. Matr\u00edcula Especial O aluno que necessita realizar matr\u00edcula em disciplinas de outro curso, dever\u00e1 [&hellip;]<\/p>\n","protected":false},"author":588,"featured_media":0,"parent":125,"menu_order":0,"comment_status":"closed","ping_status":"closed","template":"","meta":{"footnotes":""},"class_list":["post-197","page","type-page","status-publish","hentry"],"_links":{"self":[{"href":"https:\/\/wp.ufpel.edu.br\/engenhariageologica\/wp-json\/wp\/v2\/pages\/197","targetHints":{"allow":["GET"]}}],"collection":[{"href":"https:\/\/wp.ufpel.edu.br\/engenhariageologica\/wp-json\/wp\/v2\/pages"}],"about":[{"href":"https:\/\/wp.ufpel.edu.br\/engenhariageologica\/wp-json\/wp\/v2\/types\/page"}],"author":[{"embeddable":true,"href":"https:\/\/wp.ufpel.edu.br\/engenhariageologica\/wp-json\/wp\/v2\/users\/588"}],"replies":[{"embeddable":true,"href":"https:\/\/wp.ufpel.edu.br\/engenhariageologica\/wp-json\/wp\/v2\/comments?post=197"}],"version-history":[{"count":5,"href":"https:\/\/wp.ufpel.edu.br\/engenhariageologica\/wp-json\/wp\/v2\/pages\/197\/revisions"}],"predecessor-version":[{"id":1159,"href":"https:\/\/wp.ufpel.edu.br\/engenhariageologica\/wp-json\/wp\/v2\/pages\/197\/revisions\/1159"}],"up":[{"embeddable":true,"href":"https:\/\/wp.ufpel.edu.br\/engenhariageologica\/wp-json\/wp\/v2\/pages\/125"}],"wp:attachment":[{"href":"https:\/\/wp.ufpel.edu.br\/engenhariageologica\/wp-json\/wp\/v2\/media?parent=197"}],"curies":[{"name":"wp","href":"https:\/\/api.w.org\/{rel}","templated":true}]}}