{"id":140,"date":"2017-09-30T11:42:56","date_gmt":"2017-09-30T14:42:56","guid":{"rendered":"https:\/\/wp.ufpel.edu.br\/engenhariageologica\/?page_id=140"},"modified":"2025-04-28T16:38:08","modified_gmt":"2025-04-28T19:38:08","slug":"dafpo","status":"publish","type":"page","link":"https:\/\/wp.ufpel.edu.br\/engenhariageologica\/dafpo\/","title":{"rendered":"DAFPO"},"content":{"rendered":"<p><em>Para maiores informa\u00e7\u00f5es sobre o Diret\u00f3rio Acad\u00eamico &#8220;Francisco de Paula Oliveira&#8221; (DAFPO), visite:<a href=\"https:\/\/engeologica.wixsite.com\/dafpo\/\"> https:\/\/engeologica.wixsite.com\/dafpo\/<\/a><\/em><\/p>\n","protected":false},"excerpt":{"rendered":"<p>Para maiores informa\u00e7\u00f5es sobre o Diret\u00f3rio Acad\u00eamico &#8220;Francisco de Paula Oliveira&#8221; (DAFPO), visite: https:\/\/engeologica.wixsite.com\/dafpo\/<\/p>\n","protected":false},"author":588,"featured_media":0,"parent":0,"menu_order":0,"comment_status":"closed","ping_status":"closed","template":"","meta":{"footnotes":""},"class_list":["post-140","page","type-page","status-publish","hentry"],"_links":{"self":[{"href":"https:\/\/wp.ufpel.edu.br\/engenhariageologica\/wp-json\/wp\/v2\/pages\/140","targetHints":{"allow":["GET"]}}],"collection":[{"href":"https:\/\/wp.ufpel.edu.br\/engenhariageologica\/wp-json\/wp\/v2\/pages"}],"about":[{"href":"https:\/\/wp.ufpel.edu.br\/engenhariageologica\/wp-json\/wp\/v2\/types\/page"}],"author":[{"embeddable":true,"href":"https:\/\/wp.ufpel.edu.br\/engenhariageologica\/wp-json\/wp\/v2\/users\/588"}],"replies":[{"embeddable":true,"href":"https:\/\/wp.ufpel.edu.br\/engenhariageologica\/wp-json\/wp\/v2\/comments?post=140"}],"version-history":[{"count":4,"href":"https:\/\/wp.ufpel.edu.br\/engenhariageologica\/wp-json\/wp\/v2\/pages\/140\/revisions"}],"predecessor-version":[{"id":1087,"href":"https:\/\/wp.ufpel.edu.br\/engenhariageologica\/wp-json\/wp\/v2\/pages\/140\/revisions\/1087"}],"wp:attachment":[{"href":"https:\/\/wp.ufpel.edu.br\/engenhariageologica\/wp-json\/wp\/v2\/media?parent=140"}],"curies":[{"name":"wp","href":"https:\/\/api.w.org\/{rel}","templated":true}]}}