{"id":135,"date":"2017-09-30T11:42:34","date_gmt":"2017-09-30T14:42:34","guid":{"rendered":"https:\/\/wp.ufpel.edu.br\/engenhariageologica\/?page_id=135"},"modified":"2026-03-11T10:30:47","modified_gmt":"2026-03-11T13:30:47","slug":"formularios","status":"publish","type":"page","link":"https:\/\/wp.ufpel.edu.br\/engenhariageologica\/formularios\/","title":{"rendered":"Formul\u00e1rios"},"content":{"rendered":"<p><em><strong>Quebra de Pr\u00e9-requisito<\/strong><\/em><\/p>\n<ul>\n<li style=\"list-style-type: none;\">\n<ul>\n<li><a style=\"color: #333333;\" href=\"https:\/\/wp.ufpel.edu.br\/cra\/files\/2020\/07\/Requerimento-de-quebra-pre-requisito.pdf\">Formul\u00e1rio<\/a><\/li>\n<li>e-mail do colegiado da Engenharia Geol\u00f3gica:\n<div id=\"topline\" role=\"banner\" aria-labelledby=\"aria-label-topnav\">\n<div class=\"topright\"><span class=\"username\">engenhariageologica@ufpel.edu.br<\/span><\/div>\n<\/div>\n<\/li>\n<\/ul>\n<\/li>\n<\/ul>\n<p>&nbsp;<\/p>\n<p><em><strong>Aproveitamento de disciplina:<\/strong><\/em><\/p>\n<ul>\n<li><a href=\"https:\/\/wp.ufpel.edu.br\/cra\/aproveitamento-de-disciplina\/\">Informa\u00e7\u00f5es<\/a><\/li>\n<\/ul>\n<div><em><strong>Corre\u00e7\u00e3o de Matr\u00edcula<\/strong><\/em><\/div>\n<div>\n<ul>\n<li><a href=\"https:\/\/wp.ufpel.edu.br\/cra\/informacoes-academicas\/correcao-de-matricula\/\">Informa\u00e7\u00f5es<\/a><\/li>\n<\/ul>\n<\/div>\n<p>&nbsp;<\/p>\n<div><em><strong>Cancelamento de Matr\u00edcula<\/strong><\/em><\/div>\n<div>\n<ul>\n<li><a href=\"https:\/\/wp.ufpel.edu.br\/cra\/informacoes-academicas\/cancelamento-de-matricula\/\">Informa\u00e7\u00f5es<\/a><\/li>\n<\/ul>\n<p>&nbsp;<\/p>\n<p><em><strong>Trancamento de disciplina<\/strong><\/em><\/p>\n<\/div>\n<ul>\n<li style=\"list-style-type: none;\">\n<ul>\n<li><a href=\"https:\/\/wp.ufpel.edu.br\/cra\/informacoes-academicas\/trancamentos\/\">Informa\u00e7\u00f5es<\/a><\/li>\n<\/ul>\n<\/li>\n<\/ul>\n<p>&nbsp;<\/p>\n<p><em><strong>Trancamento geral de matr\u00edcula<\/strong><\/em><\/p>\n<ul>\n<li style=\"list-style-type: none;\">\n<ul>\n<li><a href=\"https:\/\/wp.ufpel.edu.br\/cra\/informacoes-academicas\/trancamentos\/\">Informa\u00e7\u00f5es<\/a><\/li>\n<\/ul>\n<\/li>\n<\/ul>\n<p>&nbsp;<\/p>\n<p><em><strong>Avalia\u00e7\u00e3o de segunda chamada<\/strong><\/em><\/p>\n<ul>\n<li><a href=\"https:\/\/wp.ufpel.edu.br\/cra\/informacoes-academicas\/avaliacao-segunda-chamada\/\">Informa\u00e7\u00f5es<\/a><\/li>\n<\/ul>\n<p>&nbsp;<\/p>\n<p><em><strong>Regime concentrado<\/strong><\/em><\/p>\n<ul>\n<li style=\"list-style-type: none;\">\n<ul>\n<li><a href=\"https:\/\/wp.ufpel.edu.br\/cra\/informacoes-academicas\/regime-concentrado\/\">Informa\u00e7\u00f5es<\/a><\/li>\n<\/ul>\n<\/li>\n<\/ul>\n<p>&nbsp;<\/p>\n<p><em><strong>Revis\u00e3o de desempenho acad\u00eamico<\/strong><\/em><\/p>\n<div>\n<ul>\n<li><a href=\"https:\/\/wp.ufpel.edu.br\/cra\/revisao-de-desempenho\/\">Informa\u00e7\u00f5es<\/a><\/li>\n<li><a href=\"https:\/\/wp.ufpel.edu.br\/cra\/files\/2016\/01\/SOLICITA%C3%87%C3%83O-DE-REVIS%C3%83O-DO-DESEMPNHO-ACAD%C3%8AMICO.pdf\">Formul\u00e1rio<\/a><\/li>\n<\/ul>\n<\/div>\n<p>&nbsp;<\/p>\n<p><em><strong>Monitoria Volunt\u00e1ria<\/strong><\/em><\/p>\n<div>\n<ul>\n<li>Converse com o Professor respons\u00e1vel pela disciplina.<\/li>\n<li><a href=\"https:\/\/wp.ufpel.edu.br\/cec\/monitoria\/monitoria-voluntaria\/\">Formul\u00e1rio<\/a><\/li>\n<\/ul>\n<\/div>\n<p>&nbsp;<\/p>\n<p><em><strong>Forma\u00e7\u00e3o Complementar<\/strong><\/em><\/p>\n<ul>\n<li><a href=\"https:\/\/wp.ufpel.edu.br\/engenhariageologica\/files\/2018\/07\/Formul\u00e1rio_horas_complementares.pdf\">Formul\u00e1rio<\/a><\/li>\n<\/ul>\n<p>&nbsp;<\/p>\n<p><em><strong>Forma\u00e7\u00e3o Livre<\/strong><\/em><\/p>\n<ul>\n<li><a href=\"https:\/\/wp.ufpel.edu.br\/engenhariageologica\/files\/2018\/07\/Formul\u00e1rio_horas_livres.pdf\">Formul\u00e1rio<\/a><\/li>\n<\/ul>\n","protected":false},"excerpt":{"rendered":"<p>Quebra de Pr\u00e9-requisito Formul\u00e1rio e-mail do colegiado da Engenharia Geol\u00f3gica: engenhariageologica@ufpel.edu.br &nbsp; Aproveitamento de disciplina: Informa\u00e7\u00f5es Corre\u00e7\u00e3o de Matr\u00edcula Informa\u00e7\u00f5es &nbsp; Cancelamento de Matr\u00edcula Informa\u00e7\u00f5es &nbsp; Trancamento de disciplina Informa\u00e7\u00f5es &nbsp; Trancamento geral de matr\u00edcula Informa\u00e7\u00f5es &nbsp; Avalia\u00e7\u00e3o de segunda chamada Informa\u00e7\u00f5es &nbsp; Regime concentrado Informa\u00e7\u00f5es &nbsp; Revis\u00e3o de desempenho acad\u00eamico Informa\u00e7\u00f5es Formul\u00e1rio &nbsp; Monitoria [&hellip;]<\/p>\n","protected":false},"author":588,"featured_media":0,"parent":0,"menu_order":0,"comment_status":"closed","ping_status":"closed","template":"","meta":{"footnotes":""},"class_list":["post-135","page","type-page","status-publish","hentry"],"_links":{"self":[{"href":"https:\/\/wp.ufpel.edu.br\/engenhariageologica\/wp-json\/wp\/v2\/pages\/135","targetHints":{"allow":["GET"]}}],"collection":[{"href":"https:\/\/wp.ufpel.edu.br\/engenhariageologica\/wp-json\/wp\/v2\/pages"}],"about":[{"href":"https:\/\/wp.ufpel.edu.br\/engenhariageologica\/wp-json\/wp\/v2\/types\/page"}],"author":[{"embeddable":true,"href":"https:\/\/wp.ufpel.edu.br\/engenhariageologica\/wp-json\/wp\/v2\/users\/588"}],"replies":[{"embeddable":true,"href":"https:\/\/wp.ufpel.edu.br\/engenhariageologica\/wp-json\/wp\/v2\/comments?post=135"}],"version-history":[{"count":3,"href":"https:\/\/wp.ufpel.edu.br\/engenhariageologica\/wp-json\/wp\/v2\/pages\/135\/revisions"}],"predecessor-version":[{"id":1242,"href":"https:\/\/wp.ufpel.edu.br\/engenhariageologica\/wp-json\/wp\/v2\/pages\/135\/revisions\/1242"}],"wp:attachment":[{"href":"https:\/\/wp.ufpel.edu.br\/engenhariageologica\/wp-json\/wp\/v2\/media?parent=135"}],"curies":[{"name":"wp","href":"https:\/\/api.w.org\/{rel}","templated":true}]}}